{"id":63055,"date":"2025-07-07T12:30:30","date_gmt":"2025-07-07T10:30:30","guid":{"rendered":"https:\/\/www.anika-net.de\/event\/mondo-2025te-cocuk-etkinligi\/"},"modified":"2025-07-07T12:30:32","modified_gmt":"2025-07-07T10:30:32","slug":"mondo-2025te-cocuk-etkinligi","status":"publish","type":"event","link":"https:\/\/www.anika-net.de\/tr\/event\/mondo-2025te-cocuk-etkinligi\/","title":{"rendered":"MONDO 2025\u2019te \u00c7ocuk Etkinli\u011fi"},"content":{"rendered":"\n<p><strong>Gelin Bizim\u00adle Boya\u00ady\u0131n! \u2014 Karls\u00adru\u00adhe \u015feh\u00adrin\u00adde\u00adki Favo\u00adri Mek\u00e2n\u00adla\u00adr\u0131\u00adn\u0131z <\/strong>  \ud83c\udff0<\/p>\n\n<h1 class=\"wp-block-heading\"><strong><span style=\"color: #076ae3;\" class=\"stk-highlight\">MONDO 2025\u2019te \u00c7ocuk Etkinli\u011fi<\/span><\/strong><\/h1>\n\n<p>Yara\u00adt\u0131\u00adc\u0131 olma\u00ady\u0131 sevi\u00adyor musu\u00adnuz? \u270f\ufe0f\ud83d\udd8d\ufe0f O zaman <strong>Ani\u00adKA<\/strong> stan\u00add\u0131n\u00adda\u00adki e\u011flen\u00adce\u00adli boya\u00adma etkin\u00adli\u00ad\u011fi\u00admi\u00adze kat\u0131l\u0131n!&nbsp;<\/p>\n\n<h2 class=\"wp-block-heading\"><strong><span style=\"color: #07937e;\" class=\"stk-highlight\">Karls\u00adru\u00adhe\u00ad\u2019\u00adde en sev\u00addi\u00ad\u011fi\u00adniz yeri&nbsp;\u00e7izin!<\/span><\/strong><\/h2>\n\n<p>Aile\u00adniz\u00adle, b\u00fcy\u00fc\u00adkan\u00adne ve b\u00fcy\u00fck\u00adba\u00adba\u00adn\u0131z\u00adla veya arka\u00adda\u015f\u00adla\u00adr\u0131\u00adn\u0131z\u00adla nere\u00adde vakit ge\u00e7ir\u00adme\u00adyi sevi\u00adyor\u00adsu\u00adnuz? Hay\u00adva\u00adnat bah\u00ad\u00e7e\u00adsi mi? Saray bah\u00ad\u00e7e\u00adle\u00adri mi? Ya da bel\u00adki k\u00f6\u015fe\u00adde\u00adki oyun par\u00adk\u0131? \u00c7izi\u00admi\u00adniz\u00adle bize en sev\u00addi\u00ad\u011fi\u00adniz yeri g\u00f6s\u00adte\u00adrin! \ud83c\udfde\ufe0f\ud83c\udfa1     <\/p>\n\n<p>\ud83d\udcee <strong>\u00d6zel bir&nbsp;\u015fey:<\/strong><\/p>\n\n<p>Be\u015f sanat ese\u00adri se\u00e7i\u00adlecek ve res\u00admi <strong>Ani\u00adKA kart\u00adpos\u00adta\u00adl\u0131\u00adn\u0131n<\/strong> arka\u00ads\u0131\u00adna bas\u0131lacak!&nbsp;\ud83d\ude0d\ud83c\udf89<\/p>\n\n<p>\u2728 K\u00fc\u00e7\u00fck bir hedi\u00adye sizi bekliyor!&nbsp;\ud83c\udf81<\/p>\n\n<p>\ud83d\udc49 T\u00fcm \u00e7ocuk\u00adlar kat\u0131\u00adla\u00adbi\u00adlir \u2014 d\u00fcn\u00adya\u00adn\u0131n her yerinden!&nbsp;\ud83c\udf0d\ud83e\udef6&nbsp;<\/p>\n\n<p>\ud83d\udcc5 Gelin MONDO 2025\u2019te bizi ziya\u00adret edin ve bizim\u00adle bir\u00adlik\u00adte boyay\u0131n!<\/p>\n\n<p><strong>12 Tem\u00admuz 2025, saat 14:00\u2019ten iti\u00adba\u00adren \u2014 Marktplatz<\/strong><\/p>\n\n<p>Sizi ve eser\u00adle\u00adri\u00adni\u00adzi g\u00f6r\u00admek i\u00e7in sab\u0131r\u00ads\u0131z\u00adla\u00adn\u0131\u00adyo\u00adruz! \ud83d\uddbc\ufe0f\u2764\ufe0f <\/p>\n","protected":false},"author":12,"featured_media":63027,"template":"","class_list":["post-63055","event","type-event","status-publish","has-post-thumbnail","hentry","event_category-bos-vakit"],"acf":{"event-recurring":false,"event-category":97,"event-is-language-course":false,"event-recurring-still-active":true,"event-display-details":true,"event-schedules-recurring":null,"event-schedules-calendar":[{"event-calendar-day":"20250712","event-calendar-time":"14:00 - 17:00","event-calendar-time-text":""}],"event-is-online":false,"event-online-url":"","event-location-building":"Markplatz ","event-location-street":"","event-location-zip":"76133","event-location-city":"Karlsruhe","event-location-contact-person":"","event-location-phone":"","event-location-phone-2":"","event-location-mail":"","event-location-mail-2":"","event-location-website":"https:\/\/www.anika-net.de\/","event-target-group":[{"target-group":"children"}],"event-target-group-comment":"","event-free":true,"event-organiser":[63013],"event-header-copyright-overlay":true,"event-copyright-note-description-end":false},"featured_image_urls_v2":{"full":["https:\/\/www.anika-net.de\/wp-content\/uploads\/2025\/07\/Mal-Aktion-Mondo-2025.png",869,869,false],"thumbnail":["https:\/\/www.anika-net.de\/wp-content\/uploads\/2025\/07\/Mal-Aktion-Mondo-2025-150x150.png",150,150,true],"medium":["https:\/\/www.anika-net.de\/wp-content\/uploads\/2025\/07\/Mal-Aktion-Mondo-2025-300x300.png",300,300,true],"medium_large":["https:\/\/www.anika-net.de\/wp-content\/uploads\/2025\/07\/Mal-Aktion-Mondo-2025-768x768.png",640,640,true],"large":["https:\/\/www.anika-net.de\/wp-content\/uploads\/2025\/07\/Mal-Aktion-Mondo-2025.png",640,640,false],"1536x1536":["https:\/\/www.anika-net.de\/wp-content\/uploads\/2025\/07\/Mal-Aktion-Mondo-2025.png",869,869,false],"2048x2048":["https:\/\/www.anika-net.de\/wp-content\/uploads\/2025\/07\/Mal-Aktion-Mondo-2025.png",869,869,false],"event-overview":["https:\/\/www.anika-net.de\/wp-content\/uploads\/2025\/07\/Mal-Aktion-Mondo-2025-869x640.png",869,640,true],"event-archive-thumb":["https:\/\/www.anika-net.de\/wp-content\/uploads\/2025\/07\/Mal-Aktion-Mondo-2025-480x480.png",480,480,true],"grid-item-thumbnail":["https:\/\/www.anika-net.de\/wp-content\/uploads\/2025\/07\/Mal-Aktion-Mondo-2025-360x200.png",360,200,true],"network-partner-icon":["https:\/\/www.anika-net.de\/wp-content\/uploads\/2025\/07\/Mal-Aktion-Mondo-2025-100x100.png",100,100,true],"organiser-icon":["https:\/\/www.anika-net.de\/wp-content\/uploads\/2025\/07\/Mal-Aktion-Mondo-2025-200x200.png",200,200,true],"gform-image-choice-sm":["https:\/\/www.anika-net.de\/wp-content\/uploads\/2025\/07\/Mal-Aktion-Mondo-2025.png",300,300,false],"gform-image-choice-md":["https:\/\/www.anika-net.de\/wp-content\/uploads\/2025\/07\/Mal-Aktion-Mondo-2025.png",400,400,false],"gform-image-choice-lg":["https:\/\/www.anika-net.de\/wp-content\/uploads\/2025\/07\/Mal-Aktion-Mondo-2025.png",600,600,false]},"post_excerpt_stackable_v2":"<p>Gelin Bizim\u00adle Boya\u00ady\u0131n! \u2014 Karls\u00adru\u00adhe \u015feh\u00adrin\u00adde\u00adki Favo\u00adri Mek\u00e2n\u00adla\u00adr\u0131\u00adn\u0131z \ud83c\udff0 MONDO 2025\u2019te \u00c7ocuk Etkin\u00adli\u00ad\u011fi Yara\u00adt\u0131\u00adc\u0131 olma\u00ady\u0131 sevi\u00adyor musu\u00adnuz? \u270f\ufe0f\ud83d\udd8d\ufe0f O zaman Ani\u00adKA stan\u00add\u0131n\u00adda\u00adki e\u011flen\u00adce\u00adli boya\u00adma etkin\u00adli\u00ad\u011fi\u00admi\u00adze kat\u0131\u00adl\u0131n!&nbsp; Karls\u00adru\u00adhe\u00ad\u2019\u00adde en sev\u00addi\u00ad\u011fi\u00adniz yeri&nbsp;\u00e7izin! Aile\u00adniz\u00adle, b\u00fcy\u00fc\u00adkan\u00adne ve b\u00fcy\u00fck\u00adba\u00adba\u00adn\u0131z\u00adla veya arka\u00adda\u015f\u00adla\u00adr\u0131\u00adn\u0131z\u00adla nere\u00adde vakit ge\u00e7ir\u00adme\u00adyi sevi\u00adyor\u00adsu\u00adnuz? Hay\u00adva\u00adnat bah\u00ad\u00e7e\u00adsi mi? Saray bah\u00ad\u00e7e\u00adle\u00adri mi? Ya da bel\u00adki k\u00f6\u015fe\u00adde\u00adki oyun par\u00adk\u0131? \u00c7izi\u00admi\u00adniz\u00adle bize en sev\u00addi\u00ad\u011fi\u00adniz yeri g\u00f6s\u00adte\u00adrin! \ud83c\udfde\ufe0f\ud83c\udfa1 \ud83d\udcee \u00d6zel bir&nbsp;\u015fey: Be\u015f sanat ese\u00adri se\u00e7i\u00adlecek ve res\u00admi Ani\u00adKA kart\u00adpos\u00adta\u00adl\u0131\u00adn\u0131n arka\u00ads\u0131\u00adna bas\u0131\u00adla\u00adcak!&nbsp;\ud83d\ude0d\ud83c\udf89 \u2728 K\u00fc\u00e7\u00fck bir hedi\u00adye sizi bek\u00adli\u00adyor!&nbsp;\ud83c\udf81 \ud83d\udc49 T\u00fcm \u00e7ocuk\u00adlar kat\u0131\u00adla\u00adbi\u00adlir \u2014 d\u00fcn\u00adya\u00adn\u0131n her yerin\u00adden!&nbsp;\ud83c\udf0d\ud83e\udef6&nbsp; \ud83d\udcc5 Gelin MONDO 2025\u2019te bizi ziya\u00adret edin ve bizim\u00adle bir\u00adlik\u00adte boya\u00ady\u0131n! 12 Tem\u00admuz&nbsp;2025,\u2026<\/p>\n","category_list_v2":"","author_info_v2":{"name":"Andrea Ramirez","url":"https:\/\/www.anika-net.de\/tr\/author\/andrea-ramirez\/"},"comments_num_v2":"0 comments","uagb_featured_image_src":{"full":["https:\/\/www.anika-net.de\/wp-content\/uploads\/2025\/07\/Mal-Aktion-Mondo-2025.png",869,869,false],"thumbnail":["https:\/\/www.anika-net.de\/wp-content\/uploads\/2025\/07\/Mal-Aktion-Mondo-2025-150x150.png",150,150,true],"medium":["https:\/\/www.anika-net.de\/wp-content\/uploads\/2025\/07\/Mal-Aktion-Mondo-2025-300x300.png",300,300,true],"medium_large":["https:\/\/www.anika-net.de\/wp-content\/uploads\/2025\/07\/Mal-Aktion-Mondo-2025-768x768.png",640,640,true],"large":["https:\/\/www.anika-net.de\/wp-content\/uploads\/2025\/07\/Mal-Aktion-Mondo-2025.png",640,640,false],"1536x1536":["https:\/\/www.anika-net.de\/wp-content\/uploads\/2025\/07\/Mal-Aktion-Mondo-2025.png",869,869,false],"2048x2048":["https:\/\/www.anika-net.de\/wp-content\/uploads\/2025\/07\/Mal-Aktion-Mondo-2025.png",869,869,false],"event-overview":["https:\/\/www.anika-net.de\/wp-content\/uploads\/2025\/07\/Mal-Aktion-Mondo-2025-869x640.png",869,640,true],"event-archive-thumb":["https:\/\/www.anika-net.de\/wp-content\/uploads\/2025\/07\/Mal-Aktion-Mondo-2025-480x480.png",480,480,true],"grid-item-thumbnail":["https:\/\/www.anika-net.de\/wp-content\/uploads\/2025\/07\/Mal-Aktion-Mondo-2025-360x200.png",360,200,true],"network-partner-icon":["https:\/\/www.anika-net.de\/wp-content\/uploads\/2025\/07\/Mal-Aktion-Mondo-2025-100x100.png",100,100,true],"organiser-icon":["https:\/\/www.anika-net.de\/wp-content\/uploads\/2025\/07\/Mal-Aktion-Mondo-2025-200x200.png",200,200,true],"gform-image-choice-sm":["https:\/\/www.anika-net.de\/wp-content\/uploads\/2025\/07\/Mal-Aktion-Mondo-2025.png",300,300,false],"gform-image-choice-md":["https:\/\/www.anika-net.de\/wp-content\/uploads\/2025\/07\/Mal-Aktion-Mondo-2025.png",400,400,false],"gform-image-choice-lg":["https:\/\/www.anika-net.de\/wp-content\/uploads\/2025\/07\/Mal-Aktion-Mondo-2025.png",600,600,false]},"uagb_author_info":{"display_name":"Andrea Ramirez","author_link":"https:\/\/www.anika-net.de\/tr\/author\/andrea-ramirez\/"},"uagb_comment_info":0,"uagb_excerpt":"Gelin Bizim\u00adle Boya\u00ady\u0131n! \u2014 Karls\u00adru\u00adhe \u015feh\u00adrin\u00adde\u00adki Favo\u00adri Mek\u00e2n\u00adla\u00adr\u0131\u00adn\u0131z \ud83c\udff0 MONDO 2025\u2019te \u00c7ocuk Etkinli\u011fi Yara\u00adt\u0131\u00adc\u0131 olma\u00ady\u0131 sevi\u00adyor musu\u00adnuz? \u270f\ufe0f\ud83d\udd8d\ufe0f O zaman Ani\u00adKA stan\u00add\u0131n\u00adda\u00adki e\u011flen\u00adce\u00adli boya\u00adma etkin\u00adli\u00ad\u011fi\u00admi\u00adze kat\u0131l\u0131n!&nbsp; Karls\u00adru\u00adhe\u00ad\u2019\u00adde en sev\u00addi\u00ad\u011fi\u00adniz yeri&nbsp;\u00e7izin!&nbsp;daha fazla okuyun","_links":{"self":[{"href":"https:\/\/www.anika-net.de\/tr\/wp-json\/wp\/v2\/event\/63055","targetHints":{"allow":["GET"]}}],"collection":[{"href":"https:\/\/www.anika-net.de\/tr\/wp-json\/wp\/v2\/event"}],"about":[{"href":"https:\/\/www.anika-net.de\/tr\/wp-json\/wp\/v2\/types\/event"}],"author":[{"embeddable":true,"href":"https:\/\/www.anika-net.de\/tr\/wp-json\/wp\/v2\/users\/12"}],"version-history":[{"count":1,"href":"https:\/\/www.anika-net.de\/tr\/wp-json\/wp\/v2\/event\/63055\/revisions"}],"predecessor-version":[{"id":63056,"href":"https:\/\/www.anika-net.de\/tr\/wp-json\/wp\/v2\/event\/63055\/revisions\/63056"}],"acf:post":[{"embeddable":true,"href":"https:\/\/www.anika-net.de\/tr\/wp-json\/wp\/v2\/organiser\/63013"}],"acf:term":[{"embeddable":true,"taxonomy":"event_category","href":"https:\/\/www.anika-net.de\/tr\/wp-json\/wp\/v2\/event_category\/97"}],"wp:featuredmedia":[{"embeddable":true,"href":"https:\/\/www.anika-net.de\/tr\/wp-json\/wp\/v2\/media\/63027"}],"wp:attachment":[{"href":"https:\/\/www.anika-net.de\/tr\/wp-json\/wp\/v2\/media?parent=63055"}],"curies":[{"name":"wp","href":"https:\/\/api.w.org\/{rel}","templated":true}]}}

MONDO 2025’te Çocuk Etkinliği

<p><strong>Gelin Bizim­le Boya­yın! — Karls­ru­he şeh­rin­de­ki Favo­ri Mekân­la­rı­nız </strong>  🏰</p>

<h1 class="wp-block-heading"><strong><span style="color: #076ae3;" class="stk-highlight">MONDO 2025’te Çocuk Etkinliği</span></strong></h1>

<p>Yara­tı­cı olma­yı sevi­yor musu­nuz? ✏️🖍️ O zaman <strong>Ani­KA</strong> stan­dın­da­ki eğlen­ce­li boya­ma etkin­li­ği­mi­ze katılın!&nbsp;</p>

<h2 class="wp-block-heading"><strong><span style="color: #07937e;" class="stk-highlight">Karls­ru­he­’­de en sev­di­ği­niz yeri&nbsp;çizin!</span></strong></h2>

<p>Aile­niz­le, büyü­kan­ne ve büyük­ba­ba­nız­la veya arka­daş­la­rı­nız­la nere­de vakit geçir­me­yi sevi­yor­su­nuz? Hay­va­nat bah­çe­si mi? Saray bah­çe­le­ri mi? Ya da bel­ki köşe­de­ki oyun par­kı? Çizi­mi­niz­le bize en sev­di­ği­niz yeri gös­te­rin! 🏞️🎡     </p>

<p>📮 <strong>Özel bir&nbsp;şey:</strong></p>

<p>Beş sanat ese­ri seçi­lecek ve res­mi <strong>Ani­KA kart­pos­ta­lı­nın</strong> arka­sı­na basılacak!&nbsp;😍🎉</p>

<p>✨ Küçük bir hedi­ye sizi bekliyor!&nbsp;🎁</p>

<p>👉 Tüm çocuk­lar katı­la­bi­lir — dün­ya­nın her yerinden!&nbsp;🌍🫶&nbsp;</p>

<p>📅 Gelin MONDO 2025’te bizi ziya­ret edin ve bizim­le bir­lik­te boyayın!</p>

<p><strong>12 Tem­muz 2025, saat 14:00’ten iti­ba­ren — Marktplatz</strong></p>

<p>Sizi ve eser­le­ri­ni­zi gör­mek için sabır­sız­la­nı­yo­ruz! 🖼️❤️ </p>

<p>Gelin Bizim­le Boya­yın! — Karls­ru­he şeh­rin­de­ki Favo­ri Mekân­la­rı­nız 🏰 MONDO 2025’te Çocuk Etkin­li­ği Yara­tı­cı olma­yı sevi­yor musu­nuz? ✏️🖍️ O zaman Ani­KA stan­dın­da­ki eğlen­ce­li boya­ma etkin­li­ği­mi­ze katı­lın!&nbsp; Karls­ru­he­’­de en sev­di­ği­niz yeri&nbsp;çizin! Aile­niz­le, büyü­kan­ne ve büyük­ba­ba­nız­la veya arka­daş­la­rı­nız­la nere­de vakit geçir­me­yi sevi­yor­su­nuz? Hay­va­nat bah­çe­si mi? Saray bah­çe­le­ri mi? Ya da bel­ki köşe­de­ki oyun par­kı? Çizi­mi­niz­le bize en sev­di­ği­niz yeri gös­te­rin! 🏞️🎡 📮 Özel bir&nbsp;şey: Beş sanat ese­ri seçi­lecek ve res­mi Ani­KA kart­pos­ta­lı­nın arka­sı­na bası­la­cak!&nbsp;😍🎉 ✨ Küçük bir hedi­ye sizi bek­li­yor!&nbsp;🎁 👉 Tüm çocuk­lar katı­la­bi­lir — dün­ya­nın her yerin­den!&nbsp;🌍🫶&nbsp; 📅 Gelin MONDO 2025’te bizi ziya­ret edin ve bizim­le bir­lik­te boya­yın! 12 Tem­muz&nbsp;2025,…</p>

Gelin Bizim­le Boya­yın! — Karls­ru­he şeh­rin­de­ki Favo­ri Mekân­la­rı­nız 🏰 MONDO 2025’te Çocuk Etkinliği Yara­tı­cı olma­yı sevi­yor musu­nuz? ✏️🖍️ O zaman Ani­KA stan­dın­da­ki eğlen­ce­li boya­ma etkin­li­ği­mi­ze katılın!&nbsp; Karls­ru­he­’­de en sev­di­ği­niz yeri&nbsp;çizin!&nbsp;daha fazla okuyun
