{"id":61986,"date":"2025-06-04T10:30:29","date_gmt":"2025-06-04T08:30:29","guid":{"rendered":"https:\/\/www.anika-net.de\/event\/canli-ritim\/"},"modified":"2025-06-04T10:30:29","modified_gmt":"2025-06-04T08:30:29","slug":"canli-ritim","status":"publish","type":"event","link":"https:\/\/www.anika-net.de\/tr\/event\/canli-ritim\/","title":{"rendered":"CANLI R\u0130T\u0130M"},"content":{"rendered":"<h3><span style=\"color: #666699;\">KOLA VERG\u0130&nbsp;TAMAM<\/span><\/h3>\n<h1><span style=\"color: #333399;\">LIVE BEAT MOOD <span style=\"color: #666699;\">VOL. 2<\/span><\/span><\/h1>\n<blockquote><p><strong><span style=\"color: #808080;\"><em>Bir ak\u015fam. Bir panel tar\u00adt\u0131\u015f\u00adma\u00ads\u0131. \u00dc\u00e7 DJ&nbsp;seti.&nbsp;<\/em><\/span><\/strong><\/p><\/blockquote>\n<p>Sizi hare\u00adket\u00adli m\u00fczik, ilham veri\u00adci de\u011fi\u00ad\u015fim ve yara\u00adt\u0131\u00adc\u0131 ener\u00adjiy\u00adle dolu bir ak\u015fam olan LIVE BEAT MOOD VOL. 2\u2019ye davet ediyoruz.&nbsp;<\/p>\n<p>LIVE BEAT MOOD m\u00fczik\u00adten daha faz\u00adla\u00ads\u0131\u00add\u0131r \u2014 bir kar\u00ad\u015f\u0131\u00adla\u015f\u00adma, de\u011fi\u00ad\u015fim ve g\u00fc\u00e7\u00adlen\u00adme ala\u00adn\u0131\u00add\u0131r. Bu ak\u015fam \u00e7o\u011ful kim\u00adlik\u00adler i\u00e7in bir sah\u00adne yara\u00adt\u0131\u00adyor ve ala\u00adn\u0131\u00adm\u0131\u00adz\u0131 bilin\u00e7\u00adli bir \u015fekil\u00adde g\u00f6\u00e7\u00admen son\u00adra\u00ads\u0131 \/ g\u00f6\u00e7\u00admen FLINTA* ses\u00adle\u00adri\u00adne ve pers\u00adpek\u00adtif\u00adle\u00adri\u00adne a\u00e7\u0131yoruz.&nbsp;<\/p>\n<p><strong>19:30 \u2014 20:45 \/ PANEL TARTI\u015eMASI<\/strong><br>\nKap\u00adsa\u00ady\u0131\u00adc\u0131 gece haya\u00adt\u0131 ger\u00ad\u00e7ek\u00adten ne anla\u00adma geliyor?<br>\nNas\u0131l i\u015fli\u00adyor \u2014 ve gece haya\u00adt\u0131 hak\u00adk\u0131 var&nbsp;m\u0131?<\/p>\n<p><strong>21:45 \u2014 00:45 \/ DJ-SETS<\/strong><br>\nDans edi\u00adle\u00adbi\u00adlir ses\u00adler ve kolek\u00adtif ifa\u00adde \u2014 y\u00fck\u00adsek ses\u00adle, cesur\u00adca, daya\u00adn\u0131\u015f\u00adma i\u00e7inde.<\/p>\n<p><strong>GER\u0130 ADIM&nbsp;ALANI<\/strong><br>\nSes\u00adsiz bir <strong>geri<\/strong> \u00e7ekil\u00adme \u2014 aksi\u00adyo\u00adna ba\u011f\u00adl\u0131, ancak bas\u00adk\u0131 olmadan.<\/p>\n<p>Gelin ve yara\u00adt\u0131\u00adc\u0131 bir\u00adlik\u00adte\u00adli\u00ad\u011fin \u00f6zg\u00fcr\u00adl\u00fc\u00ad\u011f\u00fc\u00adn\u00fc bizim\u00adle bir\u00adlik\u00adte kut\u00adla\u00ady\u0131n! Sizi g\u00f6r\u00admek i\u00e7in sab\u0131rs\u0131zlan\u0131yoruz!<\/p>\n<p><span style=\"color: #999999;\"><em>Bu etkin\u00adlik, \u015eehir-D\u00f6n\u00fc\u00ad\u015f\u00fcm \u2014 S\u00fcr\u00add\u00fc\u00adr\u00fc\u00adle\u00adbi\u00adlir \u015eehir \u0130\u00e7i ve Mer\u00adkez\u00adle\u00adri pro\u00adje\u00adsi ve \u00f6zel\u00adlik\u00adle de ken\u00addi\u00adni bu i\u015fe ada\u00adm\u0131\u015f insan\u00adla\u00adr\u0131n de\u011fer\u00adli g\u00f6n\u00fcl\u00adl\u00fc kat\u00adk\u0131\u00adla\u00adr\u0131y\u00adla m\u00fcm\u00adk\u00fcn olmu\u015ftur.<\/em><\/span><\/p>\n<p>&nbsp;<\/p>\n","protected":false},"author":12,"featured_media":61975,"template":"","class_list":["post-61986","event","type-event","status-publish","has-post-thumbnail","hentry","event_category-bos-vakit"],"acf":{"event-recurring":false,"event-category":97,"event-is-language-course":false,"event-recurring-still-active":true,"event-display-details":true,"event-schedules-recurring":null,"event-schedules-calendar":[{"event-calendar-day":"20250606","event-calendar-time":"19.30 - 01:00","event-calendar-time-text":""}],"event-is-online":false,"event-online-url":"","event-location-building":"COLA TAXI OKAY e.V.","event-location-street":"Kronenstr. 25 ","event-location-zip":"76133","event-location-city":"Karlsruhe","event-location-contact-person":"","event-location-phone":"","event-location-phone-2":"","event-location-mail":"hello@colataxiokay.com","event-location-mail-2":"","event-location-website":"https:\/\/colataxiokay.com\/gigs\/","event-target-group":[{"target-group":"all"}],"event-target-group-comment":"","event-free":true,"event-organiser":[15988],"event-header-copyright-overlay":true,"event-copyright-note-description-end":false},"featured_image_urls_v2":{"full":["https:\/\/www.anika-net.de\/wp-content\/uploads\/2025\/06\/LIVE-BEAT-MOOD-06.06.2025-scaled.png",2029,2560,false],"thumbnail":["https:\/\/www.anika-net.de\/wp-content\/uploads\/2025\/06\/LIVE-BEAT-MOOD-06.06.2025-150x150.png",150,150,true],"medium":["https:\/\/www.anika-net.de\/wp-content\/uploads\/2025\/06\/LIVE-BEAT-MOOD-06.06.2025-238x300.png",238,300,true],"medium_large":["https:\/\/www.anika-net.de\/wp-content\/uploads\/2025\/06\/LIVE-BEAT-MOOD-06.06.2025-768x969.png",640,808,true],"large":["https:\/\/www.anika-net.de\/wp-content\/uploads\/2025\/06\/LIVE-BEAT-MOOD-06.06.2025-812x1024.png",640,807,true],"1536x1536":["https:\/\/www.anika-net.de\/wp-content\/uploads\/2025\/06\/LIVE-BEAT-MOOD-06.06.2025-1218x1536.png",1218,1536,true],"2048x2048":["https:\/\/www.anika-net.de\/wp-content\/uploads\/2025\/06\/LIVE-BEAT-MOOD-06.06.2025-1624x2048.png",1624,2048,true],"event-overview":["https:\/\/www.anika-net.de\/wp-content\/uploads\/2025\/06\/LIVE-BEAT-MOOD-06.06.2025-960x640.png",960,640,true],"event-archive-thumb":["https:\/\/www.anika-net.de\/wp-content\/uploads\/2025\/06\/LIVE-BEAT-MOOD-06.06.2025-480x605.png",480,605,true],"grid-item-thumbnail":["https:\/\/www.anika-net.de\/wp-content\/uploads\/2025\/06\/LIVE-BEAT-MOOD-06.06.2025-360x200.png",360,200,true],"network-partner-icon":["https:\/\/www.anika-net.de\/wp-content\/uploads\/2025\/06\/LIVE-BEAT-MOOD-06.06.2025-100x100.png",100,100,true],"organiser-icon":["https:\/\/www.anika-net.de\/wp-content\/uploads\/2025\/06\/LIVE-BEAT-MOOD-06.06.2025-200x200.png",200,200,true],"gform-image-choice-sm":["https:\/\/www.anika-net.de\/wp-content\/uploads\/2025\/06\/LIVE-BEAT-MOOD-06.06.2025-scaled.png",238,300,false],"gform-image-choice-md":["https:\/\/www.anika-net.de\/wp-content\/uploads\/2025\/06\/LIVE-BEAT-MOOD-06.06.2025-scaled.png",317,400,false],"gform-image-choice-lg":["https:\/\/www.anika-net.de\/wp-content\/uploads\/2025\/06\/LIVE-BEAT-MOOD-06.06.2025-scaled.png",476,600,false]},"post_excerpt_stackable_v2":"<p>KOLA VERG\u0130&nbsp;TAMAM LIVE BEAT MOOD VOL. 2 Bir ak\u015fam. Bir panel tar\u00adt\u0131\u015f\u00adma\u00ads\u0131. \u00dc\u00e7 DJ&nbsp;seti.&nbsp; Sizi hare\u00adket\u00adli m\u00fczik, ilham veri\u00adci de\u011fi\u00ad\u015fim ve yara\u00adt\u0131\u00adc\u0131 ener\u00adjiy\u00adle dolu bir ak\u015fam olan LIVE BEAT MOOD VOL. 2\u2019ye davet edi\u00adyo\u00adruz.&nbsp; LIVE BEAT MOOD m\u00fczik\u00adten daha faz\u00adla\u00ads\u0131\u00add\u0131r \u2014 bir kar\u00ad\u015f\u0131\u00adla\u015f\u00adma, de\u011fi\u00ad\u015fim ve g\u00fc\u00e7\u00adlen\u00adme ala\u00adn\u0131\u00add\u0131r. Bu ak\u015fam \u00e7o\u011ful kim\u00adlik\u00adler i\u00e7in bir sah\u00adne yara\u00adt\u0131\u00adyor ve ala\u00adn\u0131\u00adm\u0131\u00adz\u0131 bilin\u00e7\u00adli bir \u015fekil\u00adde g\u00f6\u00e7\u00admen son\u00adra\u00ads\u0131 \/ g\u00f6\u00e7\u00admen FLINTA* ses\u00adle\u00adri\u00adne ve pers\u00adpek\u00adtif\u00adle\u00adri\u00adne a\u00e7\u0131\u00adyo\u00adruz.&nbsp; 19:30 \u2014 20:45 \/ PANEL TARTI\u015eMASI Kap\u00adsa\u00ady\u0131\u00adc\u0131 gece haya\u00adt\u0131 ger\u00ad\u00e7ek\u00adten ne anla\u00adma geli\u00adyor? Nas\u0131l i\u015fli\u00adyor \u2014 ve gece haya\u00adt\u0131 hak\u00adk\u0131 var&nbsp;m\u0131? 21:45 \u2014 00:45 \/ DJ-SETS Dans edi\u00adle\u00adbi\u00adlir ses\u00adler ve kolektif\u2026<\/p>\n","category_list_v2":"","author_info_v2":{"name":"Andrea Ramirez","url":"https:\/\/www.anika-net.de\/tr\/author\/andrea-ramirez\/"},"comments_num_v2":"0 comments","uagb_featured_image_src":{"full":["https:\/\/www.anika-net.de\/wp-content\/uploads\/2025\/06\/LIVE-BEAT-MOOD-06.06.2025-scaled.png",2029,2560,false],"thumbnail":["https:\/\/www.anika-net.de\/wp-content\/uploads\/2025\/06\/LIVE-BEAT-MOOD-06.06.2025-150x150.png",150,150,true],"medium":["https:\/\/www.anika-net.de\/wp-content\/uploads\/2025\/06\/LIVE-BEAT-MOOD-06.06.2025-238x300.png",238,300,true],"medium_large":["https:\/\/www.anika-net.de\/wp-content\/uploads\/2025\/06\/LIVE-BEAT-MOOD-06.06.2025-768x969.png",640,808,true],"large":["https:\/\/www.anika-net.de\/wp-content\/uploads\/2025\/06\/LIVE-BEAT-MOOD-06.06.2025-812x1024.png",640,807,true],"1536x1536":["https:\/\/www.anika-net.de\/wp-content\/uploads\/2025\/06\/LIVE-BEAT-MOOD-06.06.2025-1218x1536.png",1218,1536,true],"2048x2048":["https:\/\/www.anika-net.de\/wp-content\/uploads\/2025\/06\/LIVE-BEAT-MOOD-06.06.2025-1624x2048.png",1624,2048,true],"event-overview":["https:\/\/www.anika-net.de\/wp-content\/uploads\/2025\/06\/LIVE-BEAT-MOOD-06.06.2025-960x640.png",960,640,true],"event-archive-thumb":["https:\/\/www.anika-net.de\/wp-content\/uploads\/2025\/06\/LIVE-BEAT-MOOD-06.06.2025-480x605.png",480,605,true],"grid-item-thumbnail":["https:\/\/www.anika-net.de\/wp-content\/uploads\/2025\/06\/LIVE-BEAT-MOOD-06.06.2025-360x200.png",360,200,true],"network-partner-icon":["https:\/\/www.anika-net.de\/wp-content\/uploads\/2025\/06\/LIVE-BEAT-MOOD-06.06.2025-100x100.png",100,100,true],"organiser-icon":["https:\/\/www.anika-net.de\/wp-content\/uploads\/2025\/06\/LIVE-BEAT-MOOD-06.06.2025-200x200.png",200,200,true],"gform-image-choice-sm":["https:\/\/www.anika-net.de\/wp-content\/uploads\/2025\/06\/LIVE-BEAT-MOOD-06.06.2025-scaled.png",238,300,false],"gform-image-choice-md":["https:\/\/www.anika-net.de\/wp-content\/uploads\/2025\/06\/LIVE-BEAT-MOOD-06.06.2025-scaled.png",317,400,false],"gform-image-choice-lg":["https:\/\/www.anika-net.de\/wp-content\/uploads\/2025\/06\/LIVE-BEAT-MOOD-06.06.2025-scaled.png",476,600,false]},"uagb_author_info":{"display_name":"Andrea Ramirez","author_link":"https:\/\/www.anika-net.de\/tr\/author\/andrea-ramirez\/"},"uagb_comment_info":0,"uagb_excerpt":"KOLA VERG\u0130&nbsp;TAMAM LIVE BEAT MOOD VOL. 2 Bir ak\u015fam. Bir panel tar\u00adt\u0131\u015f\u00adma\u00ads\u0131. \u00dc\u00e7 DJ&nbsp;seti.&nbsp; Sizi hare\u00adket\u00adli m\u00fczik, ilham veri\u00adci de\u011fi\u00ad\u015fim ve yara\u00adt\u0131\u00adc\u0131 ener\u00adjiy\u00adle dolu bir ak\u015fam olan LIVE BEAT MOOD&nbsp;daha fazla okuyun","_links":{"self":[{"href":"https:\/\/www.anika-net.de\/tr\/wp-json\/wp\/v2\/event\/61986","targetHints":{"allow":["GET"]}}],"collection":[{"href":"https:\/\/www.anika-net.de\/tr\/wp-json\/wp\/v2\/event"}],"about":[{"href":"https:\/\/www.anika-net.de\/tr\/wp-json\/wp\/v2\/types\/event"}],"author":[{"embeddable":true,"href":"https:\/\/www.anika-net.de\/tr\/wp-json\/wp\/v2\/users\/12"}],"version-history":[{"count":0,"href":"https:\/\/www.anika-net.de\/tr\/wp-json\/wp\/v2\/event\/61986\/revisions"}],"acf:post":[{"embeddable":true,"href":"https:\/\/www.anika-net.de\/tr\/wp-json\/wp\/v2\/organiser\/15988"}],"acf:term":[{"embeddable":true,"taxonomy":"event_category","href":"https:\/\/www.anika-net.de\/tr\/wp-json\/wp\/v2\/event_category\/97"}],"wp:featuredmedia":[{"embeddable":true,"href":"https:\/\/www.anika-net.de\/tr\/wp-json\/wp\/v2\/media\/61975"}],"wp:attachment":[{"href":"https:\/\/www.anika-net.de\/tr\/wp-json\/wp\/v2\/media?parent=61986"}],"curies":[{"name":"wp","href":"https:\/\/api.w.org\/{rel}","templated":true}]}}

CANLI RİTİM

<h3><span style="color: #666699;">KOLA VERGİ&nbsp;TAMAM</span></h3>
<h1><span style="color: #333399;">LIVE BEAT MOOD <span style="color: #666699;">VOL. 2</span></span></h1>
<blockquote><p><strong><span style="color: #808080;"><em>Bir akşam. Bir panel tar­tış­ma­sı. Üç DJ&nbsp;seti.&nbsp;</em></span></strong></p></blockquote>
<p>Sizi hare­ket­li müzik, ilham veri­ci deği­şim ve yara­tı­cı ener­jiy­le dolu bir akşam olan LIVE BEAT MOOD VOL. 2’ye davet ediyoruz.&nbsp;</p>
<p>LIVE BEAT MOOD müzik­ten daha faz­la­sı­dır — bir kar­şı­laş­ma, deği­şim ve güç­len­me ala­nı­dır. Bu akşam çoğul kim­lik­ler için bir sah­ne yara­tı­yor ve ala­nı­mı­zı bilinç­li bir şekil­de göç­men son­ra­sı / göç­men FLINTA* ses­le­ri­ne ve pers­pek­tif­le­ri­ne açıyoruz.&nbsp;</p>
<p><strong>19:30 — 20:45 / PANEL TARTIŞMASI</strong><br>
Kap­sa­yı­cı gece haya­tı ger­çek­ten ne anla­ma geliyor?<br>
Nasıl işli­yor — ve gece haya­tı hak­kı var&nbsp;mı?</p>
<p><strong>21:45 — 00:45 / DJ-SETS</strong><br>
Dans edi­le­bi­lir ses­ler ve kolek­tif ifa­de — yük­sek ses­le, cesur­ca, daya­nış­ma içinde.</p>
<p><strong>GERİ ADIM&nbsp;ALANI</strong><br>
Ses­siz bir <strong>geri</strong> çekil­me — aksi­yo­na bağ­lı, ancak bas­kı olmadan.</p>
<p>Gelin ve yara­tı­cı bir­lik­te­li­ğin özgür­lü­ğü­nü bizim­le bir­lik­te kut­la­yın! Sizi gör­mek için sabırsızlanıyoruz!</p>
<p><span style="color: #999999;"><em>Bu etkin­lik, Şehir-Dönü­şüm — Sür­dü­rü­le­bi­lir Şehir İçi ve Mer­kez­le­ri pro­je­si ve özel­lik­le de ken­di­ni bu işe ada­mış insan­la­rın değer­li gönül­lü kat­kı­la­rıy­la müm­kün olmuştur.</em></span></p>
<p>&nbsp;</p>

<p>KOLA VERGİ&nbsp;TAMAM LIVE BEAT MOOD VOL. 2 Bir akşam. Bir panel tar­tış­ma­sı. Üç DJ&nbsp;seti.&nbsp; Sizi hare­ket­li müzik, ilham veri­ci deği­şim ve yara­tı­cı ener­jiy­le dolu bir akşam olan LIVE BEAT MOOD VOL. 2’ye davet edi­yo­ruz.&nbsp; LIVE BEAT MOOD müzik­ten daha faz­la­sı­dır — bir kar­şı­laş­ma, deği­şim ve güç­len­me ala­nı­dır. Bu akşam çoğul kim­lik­ler için bir sah­ne yara­tı­yor ve ala­nı­mı­zı bilinç­li bir şekil­de göç­men son­ra­sı / göç­men FLINTA* ses­le­ri­ne ve pers­pek­tif­le­ri­ne açı­yo­ruz.&nbsp; 19:30 — 20:45 / PANEL TARTIŞMASI Kap­sa­yı­cı gece haya­tı ger­çek­ten ne anla­ma geli­yor? Nasıl işli­yor — ve gece haya­tı hak­kı var&nbsp;mı? 21:45 — 00:45 / DJ-SETS Dans edi­le­bi­lir ses­ler ve kolektif…</p>

KOLA VERGİ&nbsp;TAMAM LIVE BEAT MOOD VOL. 2 Bir akşam. Bir panel tar­tış­ma­sı. Üç DJ&nbsp;seti.&nbsp; Sizi hare­ket­li müzik, ilham veri­ci deği­şim ve yara­tı­cı ener­jiy­le dolu bir akşam olan LIVE BEAT MOOD&nbsp;daha fazla okuyun
