{"id":61552,"date":"2025-05-20T14:10:42","date_gmt":"2025-05-20T12:10:42","guid":{"rendered":"https:\/\/www.anika-net.de\/event\/calistay-yarinin-kutuphanesinde-aileler\/"},"modified":"2025-05-20T14:10:42","modified_gmt":"2025-05-20T12:10:42","slug":"calistay-yarinin-kutuphanesinde-aileler","status":"publish","type":"event","link":"https:\/\/www.anika-net.de\/tr\/event\/calistay-yarinin-kutuphanesinde-aileler\/","title":{"rendered":"\u00c7al\u0131\u015f\u00adtay \u2014 Yar\u0131\u00adn\u0131n k\u00fct\u00fcp\u00adha\u00adne\u00adsin\u00adde aileler"},"content":{"rendered":"<h3><span style=\"color: #666699;\">Stadt\u00adbib\u00adli\u00adot\u00adhek Karlsruhe<\/span><\/h3>\n<h1><span style=\"color: #800080;\">Gelecek at\u00f6l\u00adye \u00e7al\u0131\u015f\u00adma\u00ads\u0131&nbsp;I:<\/span><br>\n<span style=\"color: #333399;\">\u201cSizin olsun: Yar\u0131\u00adn\u0131n k\u00fct\u00fcp\u00adha\u00adne\u00adsin\u00adde aileler<\/span><\/h1>\n<p><strong>\u00c7ocu\u00ad\u011fu\u00adnuz var&nbsp;m\u0131?<\/strong><br>\nSizi yar\u0131\u00adn\u0131n k\u00fct\u00fcp\u00adha\u00adne\u00adsi hak\u00adk\u0131n\u00adda d\u00fc\u015f\u00fc\u00adn\u00fcr\u00adken bize kat\u0131l\u00adma\u00adya davet ediyoruz.<br>\nT\u00fcm pers\u00adpek\u00adtif\u00adler\u00adden \u00f6zg\u00fcr al\u0131\u015f\u00adve\u00adri\u015f ve fikir\u00adler\u00adle ilgileniyoruz.<\/p>\n<h4><strong><span style=\"color: #008080;\">G\u00fcn\u00adl\u00fck prog\u00adram<\/span> <\/strong><\/h4>\n<p>\u00d6\u011fle\u00adden son\u00adra 3\u2019te: Tur ile&nbsp;var\u0131\u015f<br>\n15:30: At\u00f6l\u00adye \u00c7al\u0131\u015fmas\u0131<br>\nSaat 18:00: At\u0131\u015f\u00adt\u0131r\u00adma\u00adl\u0131k\u00adlar\u00adla de\u011fi\u015fim<\/p>\n<p>\u270d\ud83c\udffc <span style=\"color: #800080;\"><strong>Tele\u00adfon veya e\u2011posta ile kay\u0131t olun<\/strong> <\/span> <\/p>\n","protected":false},"author":12,"featured_media":61541,"template":"","class_list":["post-61552","event","type-event","status-publish","has-post-thumbnail","hentry","event_category-bos-vakit"],"acf":{"event-recurring":false,"event-category":97,"event-is-language-course":false,"event-recurring-still-active":true,"event-display-details":true,"event-schedules-recurring":null,"event-schedules-calendar":[{"event-calendar-day":"20250705","event-calendar-time":"15:00","event-calendar-time-text":""}],"event-is-online":false,"event-online-url":"","event-location-building":" Stadtbibliothek in the new St\u00e4ndehaus","event-location-street":" St\u00e4ndehausstra\u00dfe 2","event-location-zip":"76133","event-location-city":"Karlsruhe","event-location-contact-person":"Franziska Wagne","event-location-phone":"0721 133-1212","event-location-phone-2":"","event-location-mail":"bme@afsta.karlsruhe.de","event-location-mail-2":"bibliothekspaedagogik@kultur.karlsruhe.de","event-location-website":"https:\/\/kalender.karlsruhe.de\/db\/termine\/literatur\/workshop_zukunftsworkshop_i_make_it","event-target-group":[{"target-group":"parents"}],"event-target-group-comment":"","event-free":true,"event-organiser":[50537],"event-header-copyright-overlay":true,"event-copyright-note-description-end":false},"featured_image_urls_v2":{"full":["https:\/\/www.anika-net.de\/wp-content\/uploads\/2025\/05\/Bibliothek.png",786,519,false],"thumbnail":["https:\/\/www.anika-net.de\/wp-content\/uploads\/2025\/05\/Bibliothek-150x150.png",150,150,true],"medium":["https:\/\/www.anika-net.de\/wp-content\/uploads\/2025\/05\/Bibliothek-300x198.png",300,198,true],"medium_large":["https:\/\/www.anika-net.de\/wp-content\/uploads\/2025\/05\/Bibliothek-768x507.png",640,423,true],"large":["https:\/\/www.anika-net.de\/wp-content\/uploads\/2025\/05\/Bibliothek.png",640,423,false],"1536x1536":["https:\/\/www.anika-net.de\/wp-content\/uploads\/2025\/05\/Bibliothek.png",786,519,false],"2048x2048":["https:\/\/www.anika-net.de\/wp-content\/uploads\/2025\/05\/Bibliothek.png",786,519,false],"event-overview":["https:\/\/www.anika-net.de\/wp-content\/uploads\/2025\/05\/Bibliothek.png",786,519,false],"event-archive-thumb":["https:\/\/www.anika-net.de\/wp-content\/uploads\/2025\/05\/Bibliothek-480x317.png",480,317,true],"grid-item-thumbnail":["https:\/\/www.anika-net.de\/wp-content\/uploads\/2025\/05\/Bibliothek-360x200.png",360,200,true],"network-partner-icon":["https:\/\/www.anika-net.de\/wp-content\/uploads\/2025\/05\/Bibliothek-100x100.png",100,100,true],"organiser-icon":["https:\/\/www.anika-net.de\/wp-content\/uploads\/2025\/05\/Bibliothek-200x200.png",200,200,true],"gform-image-choice-sm":["https:\/\/www.anika-net.de\/wp-content\/uploads\/2025\/05\/Bibliothek.png",300,198,false],"gform-image-choice-md":["https:\/\/www.anika-net.de\/wp-content\/uploads\/2025\/05\/Bibliothek.png",400,264,false],"gform-image-choice-lg":["https:\/\/www.anika-net.de\/wp-content\/uploads\/2025\/05\/Bibliothek.png",600,396,false]},"post_excerpt_stackable_v2":"<p>Stadt\u00adbib\u00adli\u00adot\u00adhek Karls\u00adru\u00adhe Gelecek at\u00f6l\u00adye \u00e7al\u0131\u015f\u00adma\u00ads\u0131&nbsp;I: \u201cSizin olsun: Yar\u0131\u00adn\u0131n k\u00fct\u00fcp\u00adha\u00adne\u00adsin\u00adde aile\u00adler \u00c7ocu\u00ad\u011fu\u00adnuz var&nbsp;m\u0131? Sizi yar\u0131\u00adn\u0131n k\u00fct\u00fcp\u00adha\u00adne\u00adsi hak\u00adk\u0131n\u00adda d\u00fc\u015f\u00fc\u00adn\u00fcr\u00adken bize kat\u0131l\u00adma\u00adya davet edi\u00adyo\u00adruz. T\u00fcm pers\u00adpek\u00adtif\u00adler\u00adden \u00f6zg\u00fcr al\u0131\u015f\u00adve\u00adri\u015f ve fikir\u00adler\u00adle ilgi\u00adle\u00adni\u00adyo\u00adruz. G\u00fcn\u00adl\u00fck prog\u00adram \u00d6\u011fle\u00adden son\u00adra 3\u2019te: Tur ile&nbsp;var\u0131\u015f 15:30: At\u00f6l\u00adye \u00c7al\u0131\u015f\u00adma\u00ads\u0131 Saat 18:00: At\u0131\u015f\u00adt\u0131r\u00adma\u00adl\u0131k\u00adlar\u00adla de\u011fi\u00ad\u015fim \u270d\ud83c\udffc Tele\u00adfon veya e\u2011posta ile kay\u0131t&nbsp;olun<\/p>\n","category_list_v2":"","author_info_v2":{"name":"Andrea Ramirez","url":"https:\/\/www.anika-net.de\/tr\/author\/andrea-ramirez\/"},"comments_num_v2":"0 comments","uagb_featured_image_src":{"full":["https:\/\/www.anika-net.de\/wp-content\/uploads\/2025\/05\/Bibliothek.png",786,519,false],"thumbnail":["https:\/\/www.anika-net.de\/wp-content\/uploads\/2025\/05\/Bibliothek-150x150.png",150,150,true],"medium":["https:\/\/www.anika-net.de\/wp-content\/uploads\/2025\/05\/Bibliothek-300x198.png",300,198,true],"medium_large":["https:\/\/www.anika-net.de\/wp-content\/uploads\/2025\/05\/Bibliothek-768x507.png",640,423,true],"large":["https:\/\/www.anika-net.de\/wp-content\/uploads\/2025\/05\/Bibliothek.png",640,423,false],"1536x1536":["https:\/\/www.anika-net.de\/wp-content\/uploads\/2025\/05\/Bibliothek.png",786,519,false],"2048x2048":["https:\/\/www.anika-net.de\/wp-content\/uploads\/2025\/05\/Bibliothek.png",786,519,false],"event-overview":["https:\/\/www.anika-net.de\/wp-content\/uploads\/2025\/05\/Bibliothek.png",786,519,false],"event-archive-thumb":["https:\/\/www.anika-net.de\/wp-content\/uploads\/2025\/05\/Bibliothek-480x317.png",480,317,true],"grid-item-thumbnail":["https:\/\/www.anika-net.de\/wp-content\/uploads\/2025\/05\/Bibliothek-360x200.png",360,200,true],"network-partner-icon":["https:\/\/www.anika-net.de\/wp-content\/uploads\/2025\/05\/Bibliothek-100x100.png",100,100,true],"organiser-icon":["https:\/\/www.anika-net.de\/wp-content\/uploads\/2025\/05\/Bibliothek-200x200.png",200,200,true],"gform-image-choice-sm":["https:\/\/www.anika-net.de\/wp-content\/uploads\/2025\/05\/Bibliothek.png",300,198,false],"gform-image-choice-md":["https:\/\/www.anika-net.de\/wp-content\/uploads\/2025\/05\/Bibliothek.png",400,264,false],"gform-image-choice-lg":["https:\/\/www.anika-net.de\/wp-content\/uploads\/2025\/05\/Bibliothek.png",600,396,false]},"uagb_author_info":{"display_name":"Andrea Ramirez","author_link":"https:\/\/www.anika-net.de\/tr\/author\/andrea-ramirez\/"},"uagb_comment_info":0,"uagb_excerpt":"Stadt\u00adbib\u00adli\u00adot\u00adhek Karlsruhe Gelecek at\u00f6l\u00adye \u00e7al\u0131\u015f\u00adma\u00ads\u0131&nbsp;I: \u201cSizin olsun: Yar\u0131\u00adn\u0131n k\u00fct\u00fcp\u00adha\u00adne\u00adsin\u00adde aileler \u00c7ocu\u00ad\u011fu\u00adnuz var&nbsp;m\u0131? Sizi yar\u0131\u00adn\u0131n k\u00fct\u00fcp\u00adha\u00adne\u00adsi hak\u00adk\u0131n\u00adda d\u00fc\u015f\u00fc\u00adn\u00fcr\u00adken bize kat\u0131l\u00adma\u00adya davet ediyoruz. T\u00fcm pers\u00adpek\u00adtif\u00adler\u00adden \u00f6zg\u00fcr al\u0131\u015f\u00adve\u00adri\u015f ve fikir\u00adler\u00adle ilgileniyoruz. G\u00fcn\u00adl\u00fck prog\u00adram&nbsp;daha fazla okuyun","_links":{"self":[{"href":"https:\/\/www.anika-net.de\/tr\/wp-json\/wp\/v2\/event\/61552","targetHints":{"allow":["GET"]}}],"collection":[{"href":"https:\/\/www.anika-net.de\/tr\/wp-json\/wp\/v2\/event"}],"about":[{"href":"https:\/\/www.anika-net.de\/tr\/wp-json\/wp\/v2\/types\/event"}],"author":[{"embeddable":true,"href":"https:\/\/www.anika-net.de\/tr\/wp-json\/wp\/v2\/users\/12"}],"version-history":[{"count":0,"href":"https:\/\/www.anika-net.de\/tr\/wp-json\/wp\/v2\/event\/61552\/revisions"}],"acf:post":[{"embeddable":true,"href":"https:\/\/www.anika-net.de\/tr\/wp-json\/wp\/v2\/organiser\/50537"}],"acf:term":[{"embeddable":true,"taxonomy":"event_category","href":"https:\/\/www.anika-net.de\/tr\/wp-json\/wp\/v2\/event_category\/97"}],"wp:featuredmedia":[{"embeddable":true,"href":"https:\/\/www.anika-net.de\/tr\/wp-json\/wp\/v2\/media\/61541"}],"wp:attachment":[{"href":"https:\/\/www.anika-net.de\/tr\/wp-json\/wp\/v2\/media?parent=61552"}],"curies":[{"name":"wp","href":"https:\/\/api.w.org\/{rel}","templated":true}]}}

Çalış­tay — Yarı­nın kütüp­ha­ne­sin­de aileler

<h3><span style="color: #666699;">Stadt­bib­li­ot­hek Karlsruhe</span></h3>
<h1><span style="color: #800080;">Gelecek atöl­ye çalış­ma­sı&nbsp;I:</span><br>
<span style="color: #333399;">“Sizin olsun: Yarı­nın kütüp­ha­ne­sin­de aileler</span></h1>
<p><strong>Çocu­ğu­nuz var&nbsp;mı?</strong><br>
Sizi yarı­nın kütüp­ha­ne­si hak­kın­da düşü­nür­ken bize katıl­ma­ya davet ediyoruz.<br>
Tüm pers­pek­tif­ler­den özgür alış­ve­riş ve fikir­ler­le ilgileniyoruz.</p>
<h4><strong><span style="color: #008080;">Gün­lük prog­ram</span> </strong></h4>
<p>Öğle­den son­ra 3’te: Tur ile&nbsp;varış<br>
15:30: Atöl­ye Çalışması<br>
Saat 18:00: Atış­tır­ma­lık­lar­la değişim</p>
<p>✍🏼 <span style="color: #800080;"><strong>Tele­fon veya e‑posta ile kayıt olun</strong> </span> </p>

Stadtbibliothek in the new Ständehaus

Ständehausstraße 2

<p>Stadt­bib­li­ot­hek Karls­ru­he Gelecek atöl­ye çalış­ma­sı&nbsp;I: “Sizin olsun: Yarı­nın kütüp­ha­ne­sin­de aile­ler Çocu­ğu­nuz var&nbsp;mı? Sizi yarı­nın kütüp­ha­ne­si hak­kın­da düşü­nür­ken bize katıl­ma­ya davet edi­yo­ruz. Tüm pers­pek­tif­ler­den özgür alış­ve­riş ve fikir­ler­le ilgi­le­ni­yo­ruz. Gün­lük prog­ram Öğle­den son­ra 3’te: Tur ile&nbsp;varış 15:30: Atöl­ye Çalış­ma­sı Saat 18:00: Atış­tır­ma­lık­lar­la deği­şim ✍🏼 Tele­fon veya e‑posta ile kayıt&nbsp;olun</p>

Stadt­bib­li­ot­hek Karlsruhe Gelecek atöl­ye çalış­ma­sı&nbsp;I: “Sizin olsun: Yarı­nın kütüp­ha­ne­sin­de aileler Çocu­ğu­nuz var&nbsp;mı? Sizi yarı­nın kütüp­ha­ne­si hak­kın­da düşü­nür­ken bize katıl­ma­ya davet ediyoruz. Tüm pers­pek­tif­ler­den özgür alış­ve­riş ve fikir­ler­le ilgileniyoruz. Gün­lük prog­ram&nbsp;daha fazla okuyun
