{"id":61379,"date":"2025-05-19T10:48:04","date_gmt":"2025-05-19T08:48:04","guid":{"rendered":"https:\/\/www.anika-net.de\/event\/gelin-ve-birlikte-peru-yemekleri-pisirelim\/"},"modified":"2026-02-12T11:53:30","modified_gmt":"2026-02-12T10:53:30","slug":"gelin-ve-birlikte-peru-yemekleri-pisirelim","status":"publish","type":"event","link":"https:\/\/www.anika-net.de\/tr\/event\/gelin-ve-birlikte-peru-yemekleri-pisirelim\/","title":{"rendered":"Hay\u00addi Yemek Yapa\u00adl\u0131m! Veje\u00adtar\u00adyen pot\u00adluck b\u00fcfesi"},"content":{"rendered":"<h3><span style=\"color: #666699;\">\u00dcber den Tel\u00adler\u00adrand Karlsruhe<\/span><\/h3>\n<h1><span style=\"color: #333399;\">Hay\u00addi Yemek Yapa\u00adl\u0131m! Veje\u00adtar\u00adyen pot\u00adluck b\u00fcfesi&nbsp;<\/span><\/h1>\n<div>\n<div>\n<div class=\"elementToProof\">Bu sefer <b>bir\u00adlik\u00adte<\/b> veje\u00adtar\u00adyen bir pot\u00adluck b\u00fcfe\u00adsi yap\u00admak istiyoruz!<\/div>\n<div class=\"elementToProof\"> <\/div>\n<div class=\"elementToProof\">Siz veje\u00adtar\u00adyen bir tarif bulun, mal\u00adze\u00adme\u00adle\u00adri geti\u00adrin, biz de yerin\u00adde bir\u00adlik\u00adte pi\u015firelim.&nbsp;<\/div>\n<div class=\"elementToProof\"> <\/div>\n<div class=\"elementToProof\">Bu kez <b>7 Mart 2026 tari\u00adhin\u00adde saat 16:00 <\/b>\u2018da Hagenstr. adre\u00adsin\u00adde\u00adki Evan\u00adge\u00adli\u00adcal Lukas Kili\u00adse\u00adsi\u00ad\u2019\u00adnin top\u00adlum mer\u00adke\u00adzin\u00adde bulu\u00ad\u015fa\u00adca\u00ad\u011f\u0131z. 7, Karls\u00adru\u00adhe-Bat\u0131. O tarih\u00adte M\u00fcs\u00adl\u00fc\u00adman\u00adla\u00adr\u0131n oru\u00e7 ay\u0131 olan Rama\u00adza\u00adn\u00ad\u2019\u00adda ola\u00adca\u00ad\u011f\u0131z ve yeme\u00ad\u011fi\u00admi\u00adzi saat 18:20\u2019de yiyece\u011fiz.&nbsp;<\/div>\n<\/div>\n<\/div>\n\n<p><strong>L\u00fct\u00adfen 4 Mar\u00adt\u00ad\u2019a kadar kay\u0131t yap\u00adt\u0131\u00adr\u0131n<\/strong>. <strong>Plan\u00adla\u00adma i\u00e7in ne kadar erken o kadar iyi!<\/strong> E\u2011posta ile ve\/veya bu say\u00adfa\u00adya kat\u0131\u00adla\u00adrak kay\u0131t ola\u00adbi\u00adlir\u00adsi\u00adniz <strong><a href=\"https:\/\/chat.whatsapp.com\/CwrvlDUK6scJ6D4P44eYYL?mode=gi_t\" rel=\"noopener\">What\u00adsApp&nbsp;grubu<\/a><\/strong><\/p>\n\n<p><strong>\ud83c\udf74 <\/strong>Yemek isra\u00adf\u0131\u00adn\u0131 veya her\u00adke\u00adse yetecek kadar yemek olma\u00adma\u00ads\u0131\u00adn\u0131 \u00f6nle\u00admek isti\u00adyo\u00adruz.<strong><br>Gele\u00adme\u00adyecek olur\u00adsa\u00adn\u0131z l\u00fct\u00adfen bize haber verin<\/strong>.<\/p>\n\n<h4 class=\"wp-block-heading\">Sizi g\u00f6r\u00admek i\u00e7in sab\u0131rs\u0131zlan\u0131yoruz!<\/h4>\n\n<p><em><span style=\"color: #6c6b6b;\" class=\"stk-highlight\">\u00dcber den Tel\u00adler\u00adran\u00add\u00ad\u2019\u00adda, fark\u00adl\u0131 ge\u00e7\u00admi\u015f\u00adle\u00adre sahip insan\u00adla\u00adr\u0131n e\u015fit ko\u015ful\u00adlar\u00adda ba\u011f\u00adlan\u00adt\u0131 kura\u00adbi\u00adle\u00adce\u00ad\u011fi ve dost\u00adluk\u00adlar kura\u00adbi\u00adle\u00adce\u00ad\u011fi alan\u00adlar yara\u00adt\u0131\u00adyo\u00adruz. Ama\u00adc\u0131\u00adm\u0131z, bir\u00adlik\u00adte yemek pi\u015fir\u00adme ve yeme yoluy\u00adla k\u00fcl\u00adt\u00fcr\u00adler ara\u00ads\u0131n\u00adda k\u00f6p\u00adr\u00fc\u00adler kurmakt\u0131r.&nbsp;<\/span><\/em><\/p>\n","protected":false},"author":12,"featured_media":119206,"template":"","class_list":["post-61379","event","type-event","status-publish","has-post-thumbnail","hentry","event_category-bos-vakit"],"acf":{"event-recurring":false,"event-category":97,"event-is-language-course":false,"event-recurring-still-active":true,"event-display-details":true,"event-schedules-recurring":null,"event-schedules-calendar":[{"event-calendar-day":"20260307","event-calendar-time":"16:00","event-calendar-time-text":"Son Kay\u0131t Tarihi"}],"event-is-online":false,"event-online-url":"","event-location-building":"Gemeindezentrum der evangelischen Lukas-Gemeinde","event-location-street":"Hagenstr. 7","event-location-zip":"76185","event-location-city":"Karlsruhe ","event-location-contact-person":"","event-location-phone":"","event-location-phone-2":"","event-location-mail":"karlsruhe@ueberdentellerrand.org","event-location-mail-2":"","event-location-website":"https:\/\/ueberdentellerrand.org\/satelliten\/karlsruhe\/","event-target-group":[{"target-group":"all"}],"event-target-group-comment":"","event-free":true,"event-organiser":[16595],"event-header-copyright-overlay":true,"event-copyright-note-description-end":false},"featured_image_urls_v2":{"full":["https:\/\/www.anika-net.de\/wp-content\/uploads\/2025\/05\/vegetarische-Buffet-scaled-e1770892651213.jpg",2560,1707,false],"thumbnail":["https:\/\/www.anika-net.de\/wp-content\/uploads\/2025\/05\/vegetarische-Buffet-150x150.jpg",150,150,true],"medium":["https:\/\/www.anika-net.de\/wp-content\/uploads\/2025\/05\/vegetarische-Buffet-300x200.jpg",300,200,true],"medium_large":["https:\/\/www.anika-net.de\/wp-content\/uploads\/2025\/05\/vegetarische-Buffet-768x512.jpg",640,427,true],"large":["https:\/\/www.anika-net.de\/wp-content\/uploads\/2025\/05\/vegetarische-Buffet-1024x683.jpg",640,427,true],"1536x1536":["https:\/\/www.anika-net.de\/wp-content\/uploads\/2025\/05\/vegetarische-Buffet-1536x1024.jpg",1536,1024,true],"2048x2048":["https:\/\/www.anika-net.de\/wp-content\/uploads\/2025\/05\/vegetarische-Buffet-2048x1365.jpg",2048,1365,true],"event-overview":["https:\/\/www.anika-net.de\/wp-content\/uploads\/2025\/05\/vegetarische-Buffet-960x640.jpg",960,640,true],"event-archive-thumb":["https:\/\/www.anika-net.de\/wp-content\/uploads\/2025\/05\/vegetarische-Buffet-480x320.jpg",480,320,true],"grid-item-thumbnail":["https:\/\/www.anika-net.de\/wp-content\/uploads\/2025\/05\/vegetarische-Buffet-360x200.jpg",360,200,true],"network-partner-icon":["https:\/\/www.anika-net.de\/wp-content\/uploads\/2025\/05\/vegetarische-Buffet-100x100.jpg",100,100,true],"organiser-icon":["https:\/\/www.anika-net.de\/wp-content\/uploads\/2025\/05\/vegetarische-Buffet-200x200.jpg",200,200,true],"gform-image-choice-sm":["https:\/\/www.anika-net.de\/wp-content\/uploads\/2025\/05\/vegetarische-Buffet-scaled-e1770892651213.jpg",300,200,false],"gform-image-choice-md":["https:\/\/www.anika-net.de\/wp-content\/uploads\/2025\/05\/vegetarische-Buffet-scaled-e1770892651213.jpg",400,267,false],"gform-image-choice-lg":["https:\/\/www.anika-net.de\/wp-content\/uploads\/2025\/05\/vegetarische-Buffet-scaled-e1770892651213.jpg",600,400,false]},"post_excerpt_stackable_v2":"<p>\u00dcber den Tel\u00adler\u00adrand Karls\u00adru\u00adhe Hay\u00addi Yemek Yapa\u00adl\u0131m! Veje\u00adtar\u00adyen pot\u00adluck b\u00fcfe\u00adsi&nbsp; Bu sefer bir\u00adlik\u00adte veje\u00adtar\u00adyen bir pot\u00adluck b\u00fcfe\u00adsi yap\u00admak isti\u00adyo\u00adruz! Siz veje\u00adtar\u00adyen bir tarif bulun, mal\u00adze\u00adme\u00adle\u00adri geti\u00adrin, biz de yerin\u00adde bir\u00adlik\u00adte pi\u015fi\u00adre\u00adlim.&nbsp; Bu kez 7 Mart 2026 tari\u00adhin\u00adde saat 16:00 \u2018da Hagenstr. adre\u00adsin\u00adde\u00adki Evan\u00adge\u00adli\u00adcal Lukas Kili\u00adse\u00adsi\u00ad\u2019\u00adnin top\u00adlum mer\u00adke\u00adzin\u00adde bulu\u00ad\u015fa\u00adca\u00ad\u011f\u0131z. 7, Karl\u00ads\u00ad\u00ad\u00adru\u00ad\u00ad\u00adhe-Bat\u0131. O tarih\u00adte M\u00fcs\u00adl\u00fc\u00adman\u00adla\u00adr\u0131n oru\u00e7 ay\u0131 olan Rama\u00adza\u00adn\u00ad\u2019\u00adda ola\u00adca\u00ad\u011f\u0131z ve yeme\u00ad\u011fi\u00admi\u00adzi saat 18:20\u2019de yiye\u00adce\u00ad\u011fiz.&nbsp; L\u00fct\u00adfen 4 Mar\u00adt\u00ad\u2019a kadar kay\u0131t yap\u00adt\u0131\u00adr\u0131n. Plan\u00adla\u00adma i\u00e7in ne kadar erken o kadar iyi! E\u2011posta ile ve\/veya bu say\u00adfa\u00adya kat\u0131\u00adla\u00adrak kay\u0131t ola\u00adbi\u00adlir\u00adsi\u00adniz What\u00adsApp&nbsp;gru\u00adbu \ud83c\udf74 Yemek isra\u00adf\u0131\u00adn\u0131 veya her\u00adke\u00adse yetecek kadar yemek olma\u00adma\u00ads\u0131\u00adn\u0131 \u00f6nle\u00admek isti\u00adyo\u00adruz.Gele\u00adme\u00adyecek olur\u00adsa\u00adn\u0131z l\u00fct\u00adfen&nbsp;bize\u2026<\/p>\n","category_list_v2":"","author_info_v2":{"name":"Andrea Ramirez","url":"https:\/\/www.anika-net.de\/tr\/author\/andrea-ramirez\/"},"comments_num_v2":"0 comments","uagb_featured_image_src":{"full":["https:\/\/www.anika-net.de\/wp-content\/uploads\/2025\/05\/vegetarische-Buffet-scaled-e1770892651213.jpg",2560,1707,false],"thumbnail":["https:\/\/www.anika-net.de\/wp-content\/uploads\/2025\/05\/vegetarische-Buffet-150x150.jpg",150,150,true],"medium":["https:\/\/www.anika-net.de\/wp-content\/uploads\/2025\/05\/vegetarische-Buffet-300x200.jpg",300,200,true],"medium_large":["https:\/\/www.anika-net.de\/wp-content\/uploads\/2025\/05\/vegetarische-Buffet-768x512.jpg",640,427,true],"large":["https:\/\/www.anika-net.de\/wp-content\/uploads\/2025\/05\/vegetarische-Buffet-1024x683.jpg",640,427,true],"1536x1536":["https:\/\/www.anika-net.de\/wp-content\/uploads\/2025\/05\/vegetarische-Buffet-1536x1024.jpg",1536,1024,true],"2048x2048":["https:\/\/www.anika-net.de\/wp-content\/uploads\/2025\/05\/vegetarische-Buffet-2048x1365.jpg",2048,1365,true],"event-overview":["https:\/\/www.anika-net.de\/wp-content\/uploads\/2025\/05\/vegetarische-Buffet-960x640.jpg",960,640,true],"event-archive-thumb":["https:\/\/www.anika-net.de\/wp-content\/uploads\/2025\/05\/vegetarische-Buffet-480x320.jpg",480,320,true],"grid-item-thumbnail":["https:\/\/www.anika-net.de\/wp-content\/uploads\/2025\/05\/vegetarische-Buffet-360x200.jpg",360,200,true],"network-partner-icon":["https:\/\/www.anika-net.de\/wp-content\/uploads\/2025\/05\/vegetarische-Buffet-100x100.jpg",100,100,true],"organiser-icon":["https:\/\/www.anika-net.de\/wp-content\/uploads\/2025\/05\/vegetarische-Buffet-200x200.jpg",200,200,true],"gform-image-choice-sm":["https:\/\/www.anika-net.de\/wp-content\/uploads\/2025\/05\/vegetarische-Buffet-scaled-e1770892651213.jpg",300,200,false],"gform-image-choice-md":["https:\/\/www.anika-net.de\/wp-content\/uploads\/2025\/05\/vegetarische-Buffet-scaled-e1770892651213.jpg",400,267,false],"gform-image-choice-lg":["https:\/\/www.anika-net.de\/wp-content\/uploads\/2025\/05\/vegetarische-Buffet-scaled-e1770892651213.jpg",600,400,false]},"uagb_author_info":{"display_name":"Andrea Ramirez","author_link":"https:\/\/www.anika-net.de\/tr\/author\/andrea-ramirez\/"},"uagb_comment_info":0,"uagb_excerpt":"\u00dcber den Tel\u00adler\u00adrand Karlsruhe Hay\u00addi Yemek Yapa\u00adl\u0131m! Veje\u00adtar\u00adyen pot\u00adluck b\u00fcfesi&nbsp; Bu sefer bir\u00adlik\u00adte veje\u00adtar\u00adyen bir pot\u00adluck b\u00fcfe\u00adsi yap\u00admak istiyoruz! Siz veje\u00adtar\u00adyen bir tarif bulun, mal\u00adze\u00adme\u00adle\u00adri geti\u00adrin, biz de yerin\u00adde bir\u00adlik\u00adte&nbsp;daha fazla okuyun","_links":{"self":[{"href":"https:\/\/www.anika-net.de\/tr\/wp-json\/wp\/v2\/event\/61379","targetHints":{"allow":["GET"]}}],"collection":[{"href":"https:\/\/www.anika-net.de\/tr\/wp-json\/wp\/v2\/event"}],"about":[{"href":"https:\/\/www.anika-net.de\/tr\/wp-json\/wp\/v2\/types\/event"}],"author":[{"embeddable":true,"href":"https:\/\/www.anika-net.de\/tr\/wp-json\/wp\/v2\/users\/12"}],"version-history":[{"count":5,"href":"https:\/\/www.anika-net.de\/tr\/wp-json\/wp\/v2\/event\/61379\/revisions"}],"predecessor-version":[{"id":119233,"href":"https:\/\/www.anika-net.de\/tr\/wp-json\/wp\/v2\/event\/61379\/revisions\/119233"}],"acf:post":[{"embeddable":true,"href":"https:\/\/www.anika-net.de\/tr\/wp-json\/wp\/v2\/organiser\/16595"}],"acf:term":[{"embeddable":true,"taxonomy":"event_category","href":"https:\/\/www.anika-net.de\/tr\/wp-json\/wp\/v2\/event_category\/97"}],"wp:featuredmedia":[{"embeddable":true,"href":"https:\/\/www.anika-net.de\/tr\/wp-json\/wp\/v2\/media\/119206"}],"wp:attachment":[{"href":"https:\/\/www.anika-net.de\/tr\/wp-json\/wp\/v2\/media?parent=61379"}],"curies":[{"name":"wp","href":"https:\/\/api.w.org\/{rel}","templated":true}]}}

Hay­di Yemek Yapa­lım! Veje­tar­yen pot­luck büfesi

<h3><span style="color: #666699;">Über den Tel­ler­rand Karlsruhe</span></h3>
<h1><span style="color: #333399;">Hay­di Yemek Yapa­lım! Veje­tar­yen pot­luck büfesi&nbsp;</span></h1>
<div>
<div>
<div class="elementToProof">Bu sefer <b>bir­lik­te</b> veje­tar­yen bir pot­luck büfe­si yap­mak istiyoruz!</div>
<div class="elementToProof"> </div>
<div class="elementToProof">Siz veje­tar­yen bir tarif bulun, mal­ze­me­le­ri geti­rin, biz de yerin­de bir­lik­te pişirelim.&nbsp;</div>
<div class="elementToProof"> </div>
<div class="elementToProof">Bu kez <b>7 Mart 2026 tari­hin­de saat 16:00 </b>‘da Hagenstr. adre­sin­de­ki Evan­ge­li­cal Lukas Kili­se­si­’­nin top­lum mer­ke­zin­de bulu­şa­ca­ğız. 7, Karls­ru­he-Batı. O tarih­te Müs­lü­man­la­rın oruç ayı olan Rama­za­n­’­da ola­ca­ğız ve yeme­ği­mi­zi saat 18:20’de yiyeceğiz.&nbsp;</div>
</div>
</div>

<p><strong>Lüt­fen 4 Mar­t­’a kadar kayıt yap­tı­rın</strong>. <strong>Plan­la­ma için ne kadar erken o kadar iyi!</strong> E‑posta ile ve/veya bu say­fa­ya katı­la­rak kayıt ola­bi­lir­si­niz <strong><a href="https://chat.whatsapp.com/CwrvlDUK6scJ6D4P44eYYL?mode=gi_t" rel="noopener">What­sApp&nbsp;grubu</a></strong></p>

<p><strong>🍴 </strong>Yemek isra­fı­nı veya her­ke­se yetecek kadar yemek olma­ma­sı­nı önle­mek isti­yo­ruz.<strong><br>Gele­me­yecek olur­sa­nız lüt­fen bize haber verin</strong>.</p>

<h4 class="wp-block-heading">Sizi gör­mek için sabırsızlanıyoruz!</h4>

<p><em><span style="color: #6c6b6b;" class="stk-highlight">Über den Tel­ler­ran­d­’­da, fark­lı geç­miş­le­re sahip insan­la­rın eşit koşul­lar­da bağ­lan­tı kura­bi­le­ce­ği ve dost­luk­lar kura­bi­le­ce­ği alan­lar yara­tı­yo­ruz. Ama­cı­mız, bir­lik­te yemek pişir­me ve yeme yoluy­la kül­tür­ler ara­sın­da köp­rü­ler kurmaktır.&nbsp;</span></em></p>

Son Kayıt Tarihi

<p>Über den Tel­ler­rand Karls­ru­he Hay­di Yemek Yapa­lım! Veje­tar­yen pot­luck büfe­si&nbsp; Bu sefer bir­lik­te veje­tar­yen bir pot­luck büfe­si yap­mak isti­yo­ruz! Siz veje­tar­yen bir tarif bulun, mal­ze­me­le­ri geti­rin, biz de yerin­de bir­lik­te pişi­re­lim.&nbsp; Bu kez 7 Mart 2026 tari­hin­de saat 16:00 ‘da Hagenstr. adre­sin­de­ki Evan­ge­li­cal Lukas Kili­se­si­’­nin top­lum mer­ke­zin­de bulu­şa­ca­ğız. 7, Karl­s­­­ru­­­he-Batı. O tarih­te Müs­lü­man­la­rın oruç ayı olan Rama­za­n­’­da ola­ca­ğız ve yeme­ği­mi­zi saat 18:20’de yiye­ce­ğiz.&nbsp; Lüt­fen 4 Mar­t­’a kadar kayıt yap­tı­rın. Plan­la­ma için ne kadar erken o kadar iyi! E‑posta ile ve/veya bu say­fa­ya katı­la­rak kayıt ola­bi­lir­si­niz What­sApp&nbsp;gru­bu 🍴 Yemek isra­fı­nı veya her­ke­se yetecek kadar yemek olma­ma­sı­nı önle­mek isti­yo­ruz.Gele­me­yecek olur­sa­nız lüt­fen&nbsp;bize…</p>

Über den Tel­ler­rand Karlsruhe Hay­di Yemek Yapa­lım! Veje­tar­yen pot­luck büfesi&nbsp; Bu sefer bir­lik­te veje­tar­yen bir pot­luck büfe­si yap­mak istiyoruz! Siz veje­tar­yen bir tarif bulun, mal­ze­me­le­ri geti­rin, biz de yerin­de bir­lik­te&nbsp;daha fazla okuyun
