{"id":61083,"date":"2025-05-12T12:18:03","date_gmt":"2025-05-12T10:18:03","guid":{"rendered":"https:\/\/www.anika-net.de\/event\/tztz-talk-loud-eglenceli-konusma\/"},"modified":"2025-05-12T12:18:03","modified_gmt":"2025-05-12T10:18:03","slug":"tztz-talk-loud-eglenceli-konusma","status":"publish","type":"event","link":"https:\/\/www.anika-net.de\/tr\/event\/tztz-talk-loud-eglenceli-konusma\/","title":{"rendered":"TZTZ TALK LOUD \u2014 E\u011flen\u00adce\u00adli konu\u015fma"},"content":{"rendered":"<h3><span style=\"color: #666699;\">Spi\u00adele\u00adrisch Sprec\u00adhen (E\u011flen\u00adce\u00adli konu\u015fma)<\/span><\/h3>\n<h1><span style=\"color: #ff9900;\">\ud83d\udde3\ufe0f TZTZ Y\u00dcKSEK SESLE&nbsp;KONU\u015e&nbsp;<\/span><\/h1>\n<p>TZTZ TALK LOUD \u2014 e\u011flen\u00adce\u00adli konu\u015f\u00adma, fark\u00adl\u0131 dil bece\u00adri\u00adle\u00adri\u00adne ve konu\u015f\u00adma bi\u00e7im\u00adle\u00adri\u00adne sahip insan\u00adla\u00adr\u0131 bir ara\u00adya geti\u00adrir. \u00c7\u00fcn\u00adk\u00fc her\u00adkes fark\u00adl\u0131 konu\u00ad\u015fur \u2014 bazen h\u0131z\u00adl\u0131, bazen yava\u015f, bazen ses\u00adsiz, bazen y\u00fck\u00adsek ses\u00adle. Bunun da ken\u00addi\u00adne g\u00f6re neden\u00adle\u00adri vard\u0131r.&nbsp;<\/p>\n<p>Konu\u00ad\u015fur\u00adken \u00f6zg\u00fc\u00adve\u00adni g\u00fc\u00e7\u00adlen\u00addir\u00admek ve arti\u00adk\u00fc\u00adlas\u00adyon, ifa\u00adde ve var\u00adl\u0131\u00ad\u011f\u0131 te\u015f\u00advik etmek i\u00e7in e\u011flen\u00adce\u00adli egzer\u00adsiz\u00adler kul\u00adla\u00adn\u0131\u00adyo\u00adruz. G\u00f6\u00e7 ve ka\u00e7\u0131\u015f ge\u00e7\u00admi\u00ad\u015fi olan insan\u00adlar dil bece\u00adri\u00adle\u00adri\u00adni geli\u015f\u00adti\u00adre\u00adbi\u00adlir, ana\u00addi\u00adli Alman\u00adca olan\u00adlar dil\u00adle\u00adri\u00adni yeni ve yara\u00adt\u0131\u00adc\u0131 bir \u015fekil\u00adde deneyimleyebilirler.&nbsp;<\/p>\n<p>Prog\u00adram, dil sevi\u00adye\u00adsi\u00adne bak\u0131l\u00admak\u00ads\u0131\u00adz\u0131n her\u00adke\u00adse a\u00e7\u0131k\u00adt\u0131r. \u0130ns\u00adanl\u00adar\u0131 fikir al\u0131\u015f\u00adve\u00adri\u00ad\u015fin\u00adde bulun\u00adma\u00adya, dene\u00adme\u00adler yap\u00adma\u00adya ve ken\u00addi ses\u00adle\u00adri\u00adni daha iyi tan\u0131\u00adma\u00adya davet&nbsp;eder.&nbsp;<\/p>\n<p>\ud83e\udd2b Utan\u00adga\u00e7\u00adl\u0131k nor\u00admal\u00addir \u2014 <strong>konu\u015f\u00adtu\u00ad\u011fu\u00adnuz\u00adda cesa\u00adre\u00adti\u00adniz artar<\/strong> <strong> \ud83d\udcaa\ud83c\udffd<\/strong><\/p>\n<p><strong>Gelin ve deneyin!<\/strong><\/p>\n<p><em><span style=\"color: #808080;\">Bu tek\u00adlif, \u015eehir-D\u00f6n\u00fc\u00ad\u015f\u00fcm \u2014 S\u00fcr\u00add\u00fc\u00adr\u00fc\u00adle\u00adbi\u00adlir \u015fehir i\u00e7i ve mer\u00adkez\u00adler pro\u00adje\u00adsi ve g\u00f6n\u00fcl\u00adl\u00fc taah\u00adh\u00fct\u00adler tara\u00adf\u0131n\u00addan desteklenmektedir.<\/span><\/em><\/p>\n","protected":false},"author":12,"featured_media":61065,"template":"","class_list":["post-61083","event","type-event","status-publish","has-post-thumbnail","hentry","event_category-egitim"],"acf":{"event-recurring":false,"event-category":94,"event-is-language-course":false,"event-recurring-still-active":true,"event-display-details":true,"event-schedules-recurring":null,"event-schedules-calendar":[{"event-calendar-day":"20250520","event-calendar-time":"18:30 - 20:30","event-calendar-time-text":""},{"event-calendar-day":"20250605","event-calendar-time":"18:30 - 20:30","event-calendar-time-text":""},{"event-calendar-day":"20250617","event-calendar-time":"18:30 - 20:30","event-calendar-time-text":""},{"event-calendar-day":"20250703","event-calendar-time":"18:30 - 20:30","event-calendar-time-text":""},{"event-calendar-day":"20250712","event-calendar-time":"11:00 - 16:00","event-calendar-time-text":""}],"event-is-online":false,"event-online-url":"","event-location-building":"COLA TAXI OKAY e.V.","event-location-street":"Kronenstr. 25","event-location-zip":"76133","event-location-city":"Karlsruhe","event-location-contact-person":"","event-location-phone":"","event-location-phone-2":"","event-location-mail":"hello@colataxiokay.com","event-location-mail-2":"","event-location-website":"https:\/\/colataxiokay.com\/","event-target-group":[{"target-group":"all"}],"event-target-group-comment":"","event-free":true,"event-organiser":[15988],"event-header-copyright-overlay":true,"event-copyright-note-description-end":false},"featured_image_urls_v2":{"full":["https:\/\/www.anika-net.de\/wp-content\/uploads\/2025\/05\/2025_TZTZ-TALK-LOUD_SHAREPIC.png",1997,2500,false],"thumbnail":["https:\/\/www.anika-net.de\/wp-content\/uploads\/2025\/05\/2025_TZTZ-TALK-LOUD_SHAREPIC-150x150.png",150,150,true],"medium":["https:\/\/www.anika-net.de\/wp-content\/uploads\/2025\/05\/2025_TZTZ-TALK-LOUD_SHAREPIC-240x300.png",240,300,true],"medium_large":["https:\/\/www.anika-net.de\/wp-content\/uploads\/2025\/05\/2025_TZTZ-TALK-LOUD_SHAREPIC-768x961.png",640,801,true],"large":["https:\/\/www.anika-net.de\/wp-content\/uploads\/2025\/05\/2025_TZTZ-TALK-LOUD_SHAREPIC-818x1024.png",640,801,true],"1536x1536":["https:\/\/www.anika-net.de\/wp-content\/uploads\/2025\/05\/2025_TZTZ-TALK-LOUD_SHAREPIC-1227x1536.png",1227,1536,true],"2048x2048":["https:\/\/www.anika-net.de\/wp-content\/uploads\/2025\/05\/2025_TZTZ-TALK-LOUD_SHAREPIC-1636x2048.png",1636,2048,true],"event-overview":["https:\/\/www.anika-net.de\/wp-content\/uploads\/2025\/05\/2025_TZTZ-TALK-LOUD_SHAREPIC-960x640.png",960,640,true],"event-archive-thumb":["https:\/\/www.anika-net.de\/wp-content\/uploads\/2025\/05\/2025_TZTZ-TALK-LOUD_SHAREPIC-480x601.png",480,601,true],"grid-item-thumbnail":["https:\/\/www.anika-net.de\/wp-content\/uploads\/2025\/05\/2025_TZTZ-TALK-LOUD_SHAREPIC-360x200.png",360,200,true],"network-partner-icon":["https:\/\/www.anika-net.de\/wp-content\/uploads\/2025\/05\/2025_TZTZ-TALK-LOUD_SHAREPIC-100x100.png",100,100,true],"organiser-icon":["https:\/\/www.anika-net.de\/wp-content\/uploads\/2025\/05\/2025_TZTZ-TALK-LOUD_SHAREPIC-200x200.png",200,200,true],"gform-image-choice-sm":["https:\/\/www.anika-net.de\/wp-content\/uploads\/2025\/05\/2025_TZTZ-TALK-LOUD_SHAREPIC.png",240,300,false],"gform-image-choice-md":["https:\/\/www.anika-net.de\/wp-content\/uploads\/2025\/05\/2025_TZTZ-TALK-LOUD_SHAREPIC.png",320,400,false],"gform-image-choice-lg":["https:\/\/www.anika-net.de\/wp-content\/uploads\/2025\/05\/2025_TZTZ-TALK-LOUD_SHAREPIC.png",479,600,false]},"post_excerpt_stackable_v2":"<p>Spi\u00adele\u00adrisch Sprec\u00adhen (E\u011flen\u00adce\u00adli konu\u015f\u00adma) \ud83d\udde3\ufe0f TZTZ Y\u00dcKSEK SESLE&nbsp;KONU\u015e&nbsp; TZTZ TALK LOUD \u2014 e\u011flen\u00adce\u00adli konu\u015f\u00adma, fark\u00adl\u0131 dil bece\u00adri\u00adle\u00adri\u00adne ve konu\u015f\u00adma bi\u00e7im\u00adle\u00adri\u00adne sahip insan\u00adla\u00adr\u0131 bir ara\u00adya geti\u00adrir. \u00c7\u00fcn\u00adk\u00fc her\u00adkes fark\u00adl\u0131 konu\u00ad\u015fur \u2014 bazen h\u0131z\u00adl\u0131, bazen yava\u015f, bazen ses\u00adsiz, bazen y\u00fck\u00adsek ses\u00adle. Bunun da ken\u00addi\u00adne g\u00f6re neden\u00adle\u00adri var\u00add\u0131r.&nbsp; Konu\u00ad\u015fur\u00adken \u00f6zg\u00fc\u00adve\u00adni g\u00fc\u00e7\u00adlen\u00addir\u00admek ve arti\u00adk\u00fc\u00adlas\u00adyon, ifa\u00adde ve var\u00adl\u0131\u00ad\u011f\u0131 te\u015f\u00advik etmek i\u00e7in e\u011flen\u00adce\u00adli egzer\u00adsiz\u00adler kul\u00adla\u00adn\u0131\u00adyo\u00adruz. G\u00f6\u00e7 ve ka\u00e7\u0131\u015f ge\u00e7\u00admi\u00ad\u015fi olan insan\u00adlar dil bece\u00adri\u00adle\u00adri\u00adni geli\u015f\u00adti\u00adre\u00adbi\u00adlir, ana\u00addi\u00adli Alman\u00adca olan\u00adlar dil\u00adle\u00adri\u00adni yeni ve yara\u00adt\u0131\u00adc\u0131 bir \u015fekil\u00adde dene\u00adyim\u00adle\u00adye\u00adbi\u00adlir\u00adler.&nbsp; Prog\u00adram, dil sevi\u00adye\u00adsi\u00adne bak\u0131l\u00admak\u00ads\u0131\u00adz\u0131n her\u00adke\u00adse a\u00e7\u0131k\u00adt\u0131r. \u0130ns\u00adanl\u00adar\u0131 fikir al\u0131\u015f\u00adve\u00adri\u00ad\u015fin\u00adde bulun\u00adma\u00adya, dene\u00adme\u00adler yap\u00adma\u00adya ve ken\u00addi ses\u00adle\u00adri\u00adni daha iyi tan\u0131\u00adma\u00adya davet&nbsp;eder.&nbsp; \ud83e\udd2b Utan\u00adga\u00e7\u00adl\u0131k normaldir\u2026<\/p>\n","category_list_v2":"","author_info_v2":{"name":"Andrea Ramirez","url":"https:\/\/www.anika-net.de\/tr\/author\/andrea-ramirez\/"},"comments_num_v2":"0 comments","uagb_featured_image_src":{"full":["https:\/\/www.anika-net.de\/wp-content\/uploads\/2025\/05\/2025_TZTZ-TALK-LOUD_SHAREPIC.png",1997,2500,false],"thumbnail":["https:\/\/www.anika-net.de\/wp-content\/uploads\/2025\/05\/2025_TZTZ-TALK-LOUD_SHAREPIC-150x150.png",150,150,true],"medium":["https:\/\/www.anika-net.de\/wp-content\/uploads\/2025\/05\/2025_TZTZ-TALK-LOUD_SHAREPIC-240x300.png",240,300,true],"medium_large":["https:\/\/www.anika-net.de\/wp-content\/uploads\/2025\/05\/2025_TZTZ-TALK-LOUD_SHAREPIC-768x961.png",640,801,true],"large":["https:\/\/www.anika-net.de\/wp-content\/uploads\/2025\/05\/2025_TZTZ-TALK-LOUD_SHAREPIC-818x1024.png",640,801,true],"1536x1536":["https:\/\/www.anika-net.de\/wp-content\/uploads\/2025\/05\/2025_TZTZ-TALK-LOUD_SHAREPIC-1227x1536.png",1227,1536,true],"2048x2048":["https:\/\/www.anika-net.de\/wp-content\/uploads\/2025\/05\/2025_TZTZ-TALK-LOUD_SHAREPIC-1636x2048.png",1636,2048,true],"event-overview":["https:\/\/www.anika-net.de\/wp-content\/uploads\/2025\/05\/2025_TZTZ-TALK-LOUD_SHAREPIC-960x640.png",960,640,true],"event-archive-thumb":["https:\/\/www.anika-net.de\/wp-content\/uploads\/2025\/05\/2025_TZTZ-TALK-LOUD_SHAREPIC-480x601.png",480,601,true],"grid-item-thumbnail":["https:\/\/www.anika-net.de\/wp-content\/uploads\/2025\/05\/2025_TZTZ-TALK-LOUD_SHAREPIC-360x200.png",360,200,true],"network-partner-icon":["https:\/\/www.anika-net.de\/wp-content\/uploads\/2025\/05\/2025_TZTZ-TALK-LOUD_SHAREPIC-100x100.png",100,100,true],"organiser-icon":["https:\/\/www.anika-net.de\/wp-content\/uploads\/2025\/05\/2025_TZTZ-TALK-LOUD_SHAREPIC-200x200.png",200,200,true],"gform-image-choice-sm":["https:\/\/www.anika-net.de\/wp-content\/uploads\/2025\/05\/2025_TZTZ-TALK-LOUD_SHAREPIC.png",240,300,false],"gform-image-choice-md":["https:\/\/www.anika-net.de\/wp-content\/uploads\/2025\/05\/2025_TZTZ-TALK-LOUD_SHAREPIC.png",320,400,false],"gform-image-choice-lg":["https:\/\/www.anika-net.de\/wp-content\/uploads\/2025\/05\/2025_TZTZ-TALK-LOUD_SHAREPIC.png",479,600,false]},"uagb_author_info":{"display_name":"Andrea Ramirez","author_link":"https:\/\/www.anika-net.de\/tr\/author\/andrea-ramirez\/"},"uagb_comment_info":0,"uagb_excerpt":"Spi\u00adele\u00adrisch Sprec\u00adhen (E\u011flen\u00adce\u00adli konu\u015fma) \ud83d\udde3\ufe0f TZTZ Y\u00dcKSEK SESLE&nbsp;KONU\u015e&nbsp; TZTZ TALK LOUD \u2014 e\u011flen\u00adce\u00adli konu\u015f\u00adma, fark\u00adl\u0131 dil bece\u00adri\u00adle\u00adri\u00adne ve konu\u015f\u00adma bi\u00e7im\u00adle\u00adri\u00adne sahip insan\u00adla\u00adr\u0131 bir ara\u00adya geti\u00adrir. \u00c7\u00fcn\u00adk\u00fc her\u00adkes fark\u00adl\u0131 konu\u00ad\u015fur \u2014&nbsp;daha fazla okuyun","_links":{"self":[{"href":"https:\/\/www.anika-net.de\/tr\/wp-json\/wp\/v2\/event\/61083","targetHints":{"allow":["GET"]}}],"collection":[{"href":"https:\/\/www.anika-net.de\/tr\/wp-json\/wp\/v2\/event"}],"about":[{"href":"https:\/\/www.anika-net.de\/tr\/wp-json\/wp\/v2\/types\/event"}],"author":[{"embeddable":true,"href":"https:\/\/www.anika-net.de\/tr\/wp-json\/wp\/v2\/users\/12"}],"version-history":[{"count":0,"href":"https:\/\/www.anika-net.de\/tr\/wp-json\/wp\/v2\/event\/61083\/revisions"}],"acf:post":[{"embeddable":true,"href":"https:\/\/www.anika-net.de\/tr\/wp-json\/wp\/v2\/organiser\/15988"}],"acf:term":[{"embeddable":true,"taxonomy":"event_category","href":"https:\/\/www.anika-net.de\/tr\/wp-json\/wp\/v2\/event_category\/94"}],"wp:featuredmedia":[{"embeddable":true,"href":"https:\/\/www.anika-net.de\/tr\/wp-json\/wp\/v2\/media\/61065"}],"wp:attachment":[{"href":"https:\/\/www.anika-net.de\/tr\/wp-json\/wp\/v2\/media?parent=61083"}],"curies":[{"name":"wp","href":"https:\/\/api.w.org\/{rel}","templated":true}]}}

TZTZ TALK LOUD — Eğlen­ce­li konuşma

<h3><span style="color: #666699;">Spi­ele­risch Sprec­hen (Eğlen­ce­li konuşma)</span></h3>
<h1><span style="color: #ff9900;">🗣️ TZTZ YÜKSEK SESLE&nbsp;KONUŞ&nbsp;</span></h1>
<p>TZTZ TALK LOUD — eğlen­ce­li konuş­ma, fark­lı dil bece­ri­le­ri­ne ve konuş­ma biçim­le­ri­ne sahip insan­la­rı bir ara­ya geti­rir. Çün­kü her­kes fark­lı konu­şur — bazen hız­lı, bazen yavaş, bazen ses­siz, bazen yük­sek ses­le. Bunun da ken­di­ne göre neden­le­ri vardır.&nbsp;</p>
<p>Konu­şur­ken özgü­ve­ni güç­len­dir­mek ve arti­kü­las­yon, ifa­de ve var­lı­ğı teş­vik etmek için eğlen­ce­li egzer­siz­ler kul­la­nı­yo­ruz. Göç ve kaçış geç­mi­şi olan insan­lar dil bece­ri­le­ri­ni geliş­ti­re­bi­lir, ana­di­li Alman­ca olan­lar dil­le­ri­ni yeni ve yara­tı­cı bir şekil­de deneyimleyebilirler.&nbsp;</p>
<p>Prog­ram, dil sevi­ye­si­ne bakıl­mak­sı­zın her­ke­se açık­tır. İns­anl­arı fikir alış­ve­ri­şin­de bulun­ma­ya, dene­me­ler yap­ma­ya ve ken­di ses­le­ri­ni daha iyi tanı­ma­ya davet&nbsp;eder.&nbsp;</p>
<p>🤫 Utan­gaç­lık nor­mal­dir — <strong>konuş­tu­ğu­nuz­da cesa­re­ti­niz artar</strong> <strong> 💪🏽</strong></p>
<p><strong>Gelin ve deneyin!</strong></p>
<p><em><span style="color: #808080;">Bu tek­lif, Şehir-Dönü­şüm — Sür­dü­rü­le­bi­lir şehir içi ve mer­kez­ler pro­je­si ve gönül­lü taah­hüt­ler tara­fın­dan desteklenmektedir.</span></em></p>

<p>Spi­ele­risch Sprec­hen (Eğlen­ce­li konuş­ma) 🗣️ TZTZ YÜKSEK SESLE&nbsp;KONUŞ&nbsp; TZTZ TALK LOUD — eğlen­ce­li konuş­ma, fark­lı dil bece­ri­le­ri­ne ve konuş­ma biçim­le­ri­ne sahip insan­la­rı bir ara­ya geti­rir. Çün­kü her­kes fark­lı konu­şur — bazen hız­lı, bazen yavaş, bazen ses­siz, bazen yük­sek ses­le. Bunun da ken­di­ne göre neden­le­ri var­dır.&nbsp; Konu­şur­ken özgü­ve­ni güç­len­dir­mek ve arti­kü­las­yon, ifa­de ve var­lı­ğı teş­vik etmek için eğlen­ce­li egzer­siz­ler kul­la­nı­yo­ruz. Göç ve kaçış geç­mi­şi olan insan­lar dil bece­ri­le­ri­ni geliş­ti­re­bi­lir, ana­di­li Alman­ca olan­lar dil­le­ri­ni yeni ve yara­tı­cı bir şekil­de dene­yim­le­ye­bi­lir­ler.&nbsp; Prog­ram, dil sevi­ye­si­ne bakıl­mak­sı­zın her­ke­se açık­tır. İns­anl­arı fikir alış­ve­ri­şin­de bulun­ma­ya, dene­me­ler yap­ma­ya ve ken­di ses­le­ri­ni daha iyi tanı­ma­ya davet&nbsp;eder.&nbsp; 🤫 Utan­gaç­lık normaldir…</p>

Spi­ele­risch Sprec­hen (Eğlen­ce­li konuşma) 🗣️ TZTZ YÜKSEK SESLE&nbsp;KONUŞ&nbsp; TZTZ TALK LOUD — eğlen­ce­li konuş­ma, fark­lı dil bece­ri­le­ri­ne ve konuş­ma biçim­le­ri­ne sahip insan­la­rı bir ara­ya geti­rir. Çün­kü her­kes fark­lı konu­şur —&nbsp;daha fazla okuyun
