{"id":59645,"date":"2025-03-09T12:37:38","date_gmt":"2025-03-09T11:37:38","guid":{"rendered":"https:\/\/www.anika-net.de\/event\/karlsruhe-sehri-kadinlari-icin-mini-fuar\/"},"modified":"2025-03-09T12:37:38","modified_gmt":"2025-03-09T11:37:38","slug":"karlsruhe-sehri-kadinlari-icin-mini-fuar","status":"publish","type":"event","link":"https:\/\/www.anika-net.de\/tr\/event\/karlsruhe-sehri-kadinlari-icin-mini-fuar\/","title":{"rendered":"Karls\u00adru\u00adhe \u015eeh\u00adri Kad\u0131n\u00adla\u00adr\u0131 i\u00e7in Mini&nbsp;Fuar"},"content":{"rendered":"<h1><span style=\"color: #008080;\">Mini Fuar <\/span><span style=\"color: #008080; font-size: 16px;\">Karls\u00adru\u00adhe \u015eeh\u00adri Kad\u0131n\u00adla\u00adr\u0131&nbsp;i\u00e7in<\/span><\/h1>\n<p><strong data-start=\"0\" data-end=\"19\" data-is-only-node>Ne Bek\u00adle\u00adme\u00adli\u00adyiz?<\/strong><\/p>\n<p>Ki\u015fi\u00adsel Dan\u0131\u015f\u00adma ve Bilgilendirme<\/p>\n<p>\u2713 Aile ve Kari\u00adye\u00adrin Den\u00adge\u00adlen\u00adme\u00adsi<br data-start=\"29\" data-end=\"32\">\u2713 Yeni\u00adden Giri\u015f ve Alter\u00adna\u00adtif\u00adler<br data-start=\"59\" data-end=\"62\">\u2713 Kari\u00adyer Se\u00e7im\u00adle\u00adri ve F\u0131r\u00adsat\u00adla\u00adr\u0131<br data-start=\"96\" data-end=\"99\">\u2713 Ba\u015fa\u00adr\u0131\u00adl\u0131 \u0130\u015f Ba\u015f\u00advu\u00adru\u00adla\u00adr\u0131<br data-start=\"128\" data-end=\"131\">\u2713 Aile\u00adler i\u00e7in Des\u00adtek Hizmetleri<\/p>\n<p data-start=\"0\" data-end=\"15\"><strong data-start=\"0\" data-end=\"13\">Ders\u00adler:<\/strong><\/p>\n<p data-start=\"17\" data-end=\"207\" data-is-last-node data-is-only-node>\ud83d\udd58 <strong data-start=\"20\" data-end=\"32\">09:15 AM<\/strong> \u2014 E\u011fi\u00adtim ve Kat\u0131\u00adl\u0131m \u2014 Uygu\u00adla\u00adma\u00adda<br data-start=\"76\" data-end=\"79\">\ud83d\udd59 <strong data-start=\"82\" data-end=\"94\">10:00 AM<\/strong> \u2014 \u0130\u015f Piya\u00adsa\u00ads\u0131n\u00adda Kad\u0131n\u00adlar i\u00e7in F\u0131r\u00adsat\u00adlar<br data-start=\"138\" data-end=\"141\">\ud83d\udd5a <strong data-start=\"144\" data-end=\"156\">11:00 AM<\/strong> \u2014 Ba\u015f\u00advu\u00adru\u00adlar ve \u0130\u015f G\u00f6r\u00fc\u015f\u00adme\u00adle\u00adri Hak\u00adk\u0131n\u00adda Her&nbsp;\u015eey<\/p>\n<p data-start=\"0\" data-end=\"23\"><strong data-start=\"0\" data-end=\"21\">Ba\u015f\u00advu\u00adru Kontrol\u00fc<\/strong><\/p>\n<p data-start=\"25\" data-end=\"150\" data-is-last-node data-is-only-node>Ba\u015f\u00advu\u00adru Bel\u00adge\u00adle\u00adri\u00adni\u00adzin \u0130nc\u00adel\u00adenm\u00adesi ve Dan\u0131\u00ad\u015f\u0131l\u00adma\u00ads\u0131<br data-start=\"78\" data-end=\"81\">\ud83d\udcc4 L\u00fct\u00adfen g\u00fcn\u00adcel ba\u015f\u00advu\u00adru bel\u00adge\u00adle\u00adri\u00adni\u00adzi (ka\u011f\u0131t for\u00adma\u00adt\u0131n\u00adda) getiriniz.<\/p>\n<p data-start=\"25\" data-end=\"150\" data-is-last-node data-is-only-node><a href=\"https:\/\/www.anika-net.de\/wp-content\/uploads\/2025\/03\/25041_Minimesse_Frauen_Stadt_KA.pdf\"><span style=\"color: #666699;\">El ila\u00adn\u0131<\/span><\/a><\/p>\n<p data-start=\"25\" data-end=\"150\" data-is-last-node data-is-only-node><strong data-start=\"0\" data-end=\"49\" data-is-only-node>Kay\u0131t Gerek\u00admi\u00adyor \u2014 \u00dccret\u00adsiz Kat\u0131\u00adl\u0131m<\/strong><br data-start=\"49\" data-end=\"52\">Sizi g\u00f6r\u00admek i\u00e7in sab\u0131rs\u0131zlan\u0131yoruz!&nbsp;\ud83d\ude0a<\/p>\n","protected":false},"author":14,"featured_media":59629,"template":"","class_list":["post-59645","event","type-event","status-publish","has-post-thumbnail","hentry","event_category-is"],"acf":{"event-recurring":false,"event-category":96,"event-is-language-course":false,"event-recurring-still-active":true,"event-display-details":true,"event-schedules-recurring":null,"event-schedules-calendar":[{"event-calendar-day":"20250411","event-calendar-time":"9:00 - 12:00","event-calendar-time-text":"12:00"}],"event-is-online":false,"event-online-url":"","event-location-building":"BerufsInformationsZentrum","event-location-street":"Brauerstra\u00dfe 10","event-location-zip":"76135","event-location-city":" Karlsruhe","event-location-contact-person":"","event-location-phone":"","event-location-phone-2":"","event-location-mail":"","event-location-mail-2":"","event-location-website":"","event-target-group":[{"target-group":"women"}],"event-target-group-comment":"","event-free":true,"event-organiser":[15941],"event-header-copyright-overlay":true,"event-copyright-note-description-end":false},"featured_image_urls_v2":{"full":["https:\/\/www.anika-net.de\/wp-content\/uploads\/2025\/03\/35256461_8294927.jpg",2000,2000,false],"thumbnail":["https:\/\/www.anika-net.de\/wp-content\/uploads\/2025\/03\/35256461_8294927-150x150.jpg",150,150,true],"medium":["https:\/\/www.anika-net.de\/wp-content\/uploads\/2025\/03\/35256461_8294927-300x300.jpg",300,300,true],"medium_large":["https:\/\/www.anika-net.de\/wp-content\/uploads\/2025\/03\/35256461_8294927-768x768.jpg",640,640,true],"large":["https:\/\/www.anika-net.de\/wp-content\/uploads\/2025\/03\/35256461_8294927-1024x1024.jpg",640,640,true],"1536x1536":["https:\/\/www.anika-net.de\/wp-content\/uploads\/2025\/03\/35256461_8294927-1536x1536.jpg",1536,1536,true],"2048x2048":["https:\/\/www.anika-net.de\/wp-content\/uploads\/2025\/03\/35256461_8294927.jpg",2000,2000,false],"event-overview":["https:\/\/www.anika-net.de\/wp-content\/uploads\/2025\/03\/35256461_8294927-960x640.jpg",960,640,true],"event-archive-thumb":["https:\/\/www.anika-net.de\/wp-content\/uploads\/2025\/03\/35256461_8294927-480x480.jpg",480,480,true],"grid-item-thumbnail":["https:\/\/www.anika-net.de\/wp-content\/uploads\/2025\/03\/35256461_8294927-360x200.jpg",360,200,true],"network-partner-icon":["https:\/\/www.anika-net.de\/wp-content\/uploads\/2025\/03\/35256461_8294927-100x100.jpg",100,100,true],"organiser-icon":["https:\/\/www.anika-net.de\/wp-content\/uploads\/2025\/03\/35256461_8294927-200x200.jpg",200,200,true],"gform-image-choice-sm":["https:\/\/www.anika-net.de\/wp-content\/uploads\/2025\/03\/35256461_8294927.jpg",300,300,false],"gform-image-choice-md":["https:\/\/www.anika-net.de\/wp-content\/uploads\/2025\/03\/35256461_8294927.jpg",400,400,false],"gform-image-choice-lg":["https:\/\/www.anika-net.de\/wp-content\/uploads\/2025\/03\/35256461_8294927.jpg",600,600,false]},"post_excerpt_stackable_v2":"<p>Mini Fuar Karls\u00adru\u00adhe \u015eeh\u00adri Kad\u0131n\u00adla\u00adr\u0131&nbsp;i\u00e7in Ne Bek\u00adle\u00adme\u00adli\u00adyiz? Ki\u015fi\u00adsel Dan\u0131\u015f\u00adma ve Bil\u00adgi\u00adlen\u00addir\u00adme \u2713 Aile ve Kari\u00adye\u00adrin Den\u00adge\u00adlen\u00adme\u00adsi\u2713 Yeni\u00adden Giri\u015f ve Alter\u00adna\u00adtif\u00adler\u2713 Kari\u00adyer Se\u00e7im\u00adle\u00adri ve F\u0131r\u00adsat\u00adla\u00adr\u0131\u2713 Ba\u015fa\u00adr\u0131\u00adl\u0131 \u0130\u015f Ba\u015f\u00advu\u00adru\u00adla\u00adr\u0131\u2713 Aile\u00adler i\u00e7in Des\u00adtek Hiz\u00admet\u00adle\u00adri Ders\u00adler: \ud83d\udd58 09:15 AM \u2014 E\u011fi\u00adtim ve Kat\u0131\u00adl\u0131m \u2014 Uygu\u00adla\u00adma\u00adda\ud83d\udd59 10:00 AM \u2014 \u0130\u015f Piya\u00adsa\u00ads\u0131n\u00adda Kad\u0131n\u00adlar i\u00e7in F\u0131r\u00adsat\u00adlar\ud83d\udd5a 11:00 AM \u2014 Ba\u015f\u00advu\u00adru\u00adlar ve \u0130\u015f G\u00f6r\u00fc\u015f\u00adme\u00adle\u00adri Hak\u00adk\u0131n\u00adda Her&nbsp;\u015eey Ba\u015f\u00advu\u00adru Kont\u00adro\u00adl\u00fc Ba\u015f\u00advu\u00adru Bel\u00adge\u00adle\u00adri\u00adni\u00adzin \u0130nc\u00adel\u00adenm\u00adesi ve Dan\u0131\u00ad\u015f\u0131l\u00adma\u00ads\u0131\ud83d\udcc4 L\u00fct\u00adfen g\u00fcn\u00adcel ba\u015f\u00advu\u00adru bel\u00adge\u00adle\u00adri\u00adni\u00adzi (ka\u011f\u0131t for\u00adma\u00adt\u0131n\u00adda) geti\u00adri\u00adniz. El ila\u00adn\u0131 Kay\u0131t Gerek\u00admi\u00adyor \u2014 \u00dccret\u00adsiz Kat\u0131\u00adl\u0131mSizi g\u00f6r\u00admek i\u00e7in sab\u0131rs\u0131zlan\u0131yoruz!&nbsp;\ud83d\ude0a<\/p>\n","category_list_v2":"","author_info_v2":{"name":"Aida Aayani","url":"https:\/\/www.anika-net.de\/tr\/author\/aida_aayani\/"},"comments_num_v2":"0 comments","uagb_featured_image_src":{"full":["https:\/\/www.anika-net.de\/wp-content\/uploads\/2025\/03\/35256461_8294927.jpg",2000,2000,false],"thumbnail":["https:\/\/www.anika-net.de\/wp-content\/uploads\/2025\/03\/35256461_8294927-150x150.jpg",150,150,true],"medium":["https:\/\/www.anika-net.de\/wp-content\/uploads\/2025\/03\/35256461_8294927-300x300.jpg",300,300,true],"medium_large":["https:\/\/www.anika-net.de\/wp-content\/uploads\/2025\/03\/35256461_8294927-768x768.jpg",640,640,true],"large":["https:\/\/www.anika-net.de\/wp-content\/uploads\/2025\/03\/35256461_8294927-1024x1024.jpg",640,640,true],"1536x1536":["https:\/\/www.anika-net.de\/wp-content\/uploads\/2025\/03\/35256461_8294927-1536x1536.jpg",1536,1536,true],"2048x2048":["https:\/\/www.anika-net.de\/wp-content\/uploads\/2025\/03\/35256461_8294927.jpg",2000,2000,false],"event-overview":["https:\/\/www.anika-net.de\/wp-content\/uploads\/2025\/03\/35256461_8294927-960x640.jpg",960,640,true],"event-archive-thumb":["https:\/\/www.anika-net.de\/wp-content\/uploads\/2025\/03\/35256461_8294927-480x480.jpg",480,480,true],"grid-item-thumbnail":["https:\/\/www.anika-net.de\/wp-content\/uploads\/2025\/03\/35256461_8294927-360x200.jpg",360,200,true],"network-partner-icon":["https:\/\/www.anika-net.de\/wp-content\/uploads\/2025\/03\/35256461_8294927-100x100.jpg",100,100,true],"organiser-icon":["https:\/\/www.anika-net.de\/wp-content\/uploads\/2025\/03\/35256461_8294927-200x200.jpg",200,200,true],"gform-image-choice-sm":["https:\/\/www.anika-net.de\/wp-content\/uploads\/2025\/03\/35256461_8294927.jpg",300,300,false],"gform-image-choice-md":["https:\/\/www.anika-net.de\/wp-content\/uploads\/2025\/03\/35256461_8294927.jpg",400,400,false],"gform-image-choice-lg":["https:\/\/www.anika-net.de\/wp-content\/uploads\/2025\/03\/35256461_8294927.jpg",600,600,false]},"uagb_author_info":{"display_name":"Aida Aayani","author_link":"https:\/\/www.anika-net.de\/tr\/author\/aida_aayani\/"},"uagb_comment_info":0,"uagb_excerpt":"Mini Fuar Karls\u00adru\u00adhe \u015eeh\u00adri Kad\u0131n\u00adla\u00adr\u0131&nbsp;i\u00e7in Ne Bek\u00adle\u00adme\u00adli\u00adyiz? Ki\u015fi\u00adsel Dan\u0131\u015f\u00adma ve Bilgilendirme \u2713 Aile ve Kari\u00adye\u00adrin Den\u00adge\u00adlen\u00adme\u00adsi\u2713 Yeni\u00adden Giri\u015f ve Alter\u00adna\u00adtif\u00adler\u2713 Kari\u00adyer Se\u00e7im\u00adle\u00adri ve F\u0131r\u00adsat\u00adla\u00adr\u0131\u2713 Ba\u015fa\u00adr\u0131\u00adl\u0131 \u0130\u015f Ba\u015f\u00advu\u00adru\u00adla\u00adr\u0131\u2713 Aile\u00adler i\u00e7in Des\u00adtek&nbsp;daha fazla okuyun","_links":{"self":[{"href":"https:\/\/www.anika-net.de\/tr\/wp-json\/wp\/v2\/event\/59645","targetHints":{"allow":["GET"]}}],"collection":[{"href":"https:\/\/www.anika-net.de\/tr\/wp-json\/wp\/v2\/event"}],"about":[{"href":"https:\/\/www.anika-net.de\/tr\/wp-json\/wp\/v2\/types\/event"}],"author":[{"embeddable":true,"href":"https:\/\/www.anika-net.de\/tr\/wp-json\/wp\/v2\/users\/14"}],"version-history":[{"count":0,"href":"https:\/\/www.anika-net.de\/tr\/wp-json\/wp\/v2\/event\/59645\/revisions"}],"acf:post":[{"embeddable":true,"href":"https:\/\/www.anika-net.de\/tr\/wp-json\/wp\/v2\/organiser\/15941"}],"acf:term":[{"embeddable":true,"taxonomy":"event_category","href":"https:\/\/www.anika-net.de\/tr\/wp-json\/wp\/v2\/event_category\/96"}],"wp:featuredmedia":[{"embeddable":true,"href":"https:\/\/www.anika-net.de\/tr\/wp-json\/wp\/v2\/media\/59629"}],"wp:attachment":[{"href":"https:\/\/www.anika-net.de\/tr\/wp-json\/wp\/v2\/media?parent=59645"}],"curies":[{"name":"wp","href":"https:\/\/api.w.org\/{rel}","templated":true}]}}

Karls­ru­he Şeh­ri Kadın­la­rı için Mini&nbsp;Fuar

<h1><span style="color: #008080;">Mini Fuar </span><span style="color: #008080; font-size: 16px;">Karls­ru­he Şeh­ri Kadın­la­rı&nbsp;için</span></h1>
<p><strong data-start="0" data-end="19" data-is-only-node>Ne Bek­le­me­li­yiz?</strong></p>
<p>Kişi­sel Danış­ma ve Bilgilendirme</p>
<p>✓ Aile ve Kari­ye­rin Den­ge­len­me­si<br data-start="29" data-end="32">✓ Yeni­den Giriş ve Alter­na­tif­ler<br data-start="59" data-end="62">✓ Kari­yer Seçim­le­ri ve Fır­sat­la­rı<br data-start="96" data-end="99">✓ Başa­rı­lı İş Baş­vu­ru­la­rı<br data-start="128" data-end="131">✓ Aile­ler için Des­tek Hizmetleri</p>
<p data-start="0" data-end="15"><strong data-start="0" data-end="13">Ders­ler:</strong></p>
<p data-start="17" data-end="207" data-is-last-node data-is-only-node>🕘 <strong data-start="20" data-end="32">09:15 AM</strong> — Eği­tim ve Katı­lım — Uygu­la­ma­da<br data-start="76" data-end="79">🕙 <strong data-start="82" data-end="94">10:00 AM</strong> — İş Piya­sa­sın­da Kadın­lar için Fır­sat­lar<br data-start="138" data-end="141">🕚 <strong data-start="144" data-end="156">11:00 AM</strong> — Baş­vu­ru­lar ve İş Görüş­me­le­ri Hak­kın­da Her&nbsp;Şey</p>
<p data-start="0" data-end="23"><strong data-start="0" data-end="21">Baş­vu­ru Kontrolü</strong></p>
<p data-start="25" data-end="150" data-is-last-node data-is-only-node>Baş­vu­ru Bel­ge­le­ri­ni­zin İnc­el­enm­esi ve Danı­şıl­ma­sı<br data-start="78" data-end="81">📄 Lüt­fen gün­cel baş­vu­ru bel­ge­le­ri­ni­zi (kağıt for­ma­tın­da) getiriniz.</p>
<p data-start="25" data-end="150" data-is-last-node data-is-only-node><a href="https://www.anika-net.de/wp-content/uploads/2025/03/25041_Minimesse_Frauen_Stadt_KA.pdf"><span style="color: #666699;">El ila­nı</span></a></p>
<p data-start="25" data-end="150" data-is-last-node data-is-only-node><strong data-start="0" data-end="49" data-is-only-node>Kayıt Gerek­mi­yor — Ücret­siz Katı­lım</strong><br data-start="49" data-end="52">Sizi gör­mek için sabırsızlanıyoruz!&nbsp;😊</p>

Brauerstraße 10

<p>Mini Fuar Karls­ru­he Şeh­ri Kadın­la­rı&nbsp;için Ne Bek­le­me­li­yiz? Kişi­sel Danış­ma ve Bil­gi­len­dir­me ✓ Aile ve Kari­ye­rin Den­ge­len­me­si✓ Yeni­den Giriş ve Alter­na­tif­ler✓ Kari­yer Seçim­le­ri ve Fır­sat­la­rı✓ Başa­rı­lı İş Baş­vu­ru­la­rı✓ Aile­ler için Des­tek Hiz­met­le­ri Ders­ler: 🕘 09:15 AM — Eği­tim ve Katı­lım — Uygu­la­ma­da🕙 10:00 AM — İş Piya­sa­sın­da Kadın­lar için Fır­sat­lar🕚 11:00 AM — Baş­vu­ru­lar ve İş Görüş­me­le­ri Hak­kın­da Her&nbsp;Şey Baş­vu­ru Kont­ro­lü Baş­vu­ru Bel­ge­le­ri­ni­zin İnc­el­enm­esi ve Danı­şıl­ma­sı📄 Lüt­fen gün­cel baş­vu­ru bel­ge­le­ri­ni­zi (kağıt for­ma­tın­da) geti­ri­niz. El ila­nı Kayıt Gerek­mi­yor — Ücret­siz Katı­lımSizi gör­mek için sabırsızlanıyoruz!&nbsp;😊</p>

Mini Fuar Karls­ru­he Şeh­ri Kadın­la­rı&nbsp;için Ne Bek­le­me­li­yiz? Kişi­sel Danış­ma ve Bilgilendirme ✓ Aile ve Kari­ye­rin Den­ge­len­me­si✓ Yeni­den Giriş ve Alter­na­tif­ler✓ Kari­yer Seçim­le­ri ve Fır­sat­la­rı✓ Başa­rı­lı İş Baş­vu­ru­la­rı✓ Aile­ler için Des­tek&nbsp;daha fazla okuyun
