{"id":57995,"date":"2025-02-03T12:53:47","date_gmt":"2025-02-03T11:53:47","guid":{"rendered":"https:\/\/www.anika-net.de\/event\/is-icin-almanca-kursu-b1\/"},"modified":"2025-02-03T12:53:47","modified_gmt":"2025-02-03T11:53:47","slug":"is-icin-almanca-kursu-b1","status":"publish","type":"event","link":"https:\/\/www.anika-net.de\/tr\/event\/is-icin-almanca-kursu-b1\/","title":{"rendered":"\u0130\u015f i\u00e7in Alman\u00adca kur\u00adsu&nbsp;B1"},"content":{"rendered":"<h1><span style=\"color: #ff9900;\">\u0130\u015f i\u00e7in Alman\u00adca kur\u00adsu&nbsp;B1<\/span><\/h1>\n<blockquote><p><em>Alman ida\u00adri d\u00fczen\u00adle\u00adme\u00adsi\u00adne (VwV) g\u00f6re, 400 ders&nbsp;ile<\/em><\/p><\/blockquote>\n<h3><span style=\"color: #008080;\">\u00d6n Ko\u015ful  <\/span><\/h3>\n<ul>\n<li>A2 sevi\u00adye\u00adsi ve art\u0131k tek\u00adrar der\u00adsi kalmad\u0131<\/li>\n<li>Sevi\u00adye tes\u00adti (vhs\u00ad\u2019\u00adde, Kaise\u00adral\u00adlee&nbsp;12e)<\/li>\n<li>Karls\u00adru\u00adhe-Stad\u00adt\u00ad\u2019\u00adde\u00adki Rezidans<\/li>\n<\/ul>\n<h3><span style=\"color: #008080;\">Avan\u00adtaj\u00adla\u00adr\u0131\u00adn\u0131z<\/span><\/h3>\n<ul>\n<li>\u00dccret\u00adsiz kurs kat\u0131l\u0131m\u0131<\/li>\n<li>Kurs sonun\u00adda DTZ s\u0131nav\u0131<\/li>\n<li>Keyif\u00adli \u00f6\u011fren\u00adme atmos\u00adfe\u00adri ve dene\u00adyim\u00adli kurs liderleri<\/li>\n<\/ul>\n<p>\ud83d\udc49\ud83c\udffc <strong>Tatil\u00adler\u00adde ders&nbsp;yok<\/strong><\/p>\n","protected":false},"author":12,"featured_media":57984,"template":"","class_list":["post-57995","event","type-event","status-publish","has-post-thumbnail","hentry","event_category-egitim"],"acf":{"event-recurring":false,"event-category":94,"event-is-language-course":true,"event-recurring-still-active":true,"event-display-details":true,"event-schedules-recurring":null,"event-schedules-calendar":[{"event-calendar-day":"20250915","event-calendar-time":"","event-calendar-time-text":"VHS'de seviye yerle\u015ftirme tarihleri"},{"event-calendar-day":"20260203","event-calendar-time":"","event-calendar-time-text":"VHS'de seviye yerle\u015ftirme tarihleri"}],"event-is-online":false,"event-online-url":"","event-location-building":"Kimmelmannschule","event-location-street":"Graf-Rhena-Str. 18","event-location-zip":"76137","event-location-city":"Karlsruhe","event-location-contact-person":"","event-location-phone":"0721 985 75 0","event-location-phone-2":"","event-location-mail":"daf@vhs-karlsruhe.de","event-location-mail-2":"info@vhs-karlsruhe.de","event-location-website":"https:\/\/www.vhs-karlsruhe.de\/","event-target-group":[{"target-group":"all"}],"event-target-group-comment":"","event-free":true,"event-organiser":[16646,16500,54167],"event-header-copyright-overlay":true,"event-copyright-note-description-end":false},"featured_image_urls_v2":{"full":["https:\/\/www.anika-net.de\/wp-content\/uploads\/2025\/02\/Deutschkurs.jpg",1280,619,false],"thumbnail":["https:\/\/www.anika-net.de\/wp-content\/uploads\/2025\/02\/Deutschkurs-150x150.jpg",150,150,true],"medium":["https:\/\/www.anika-net.de\/wp-content\/uploads\/2025\/02\/Deutschkurs-300x145.jpg",300,145,true],"medium_large":["https:\/\/www.anika-net.de\/wp-content\/uploads\/2025\/02\/Deutschkurs-768x371.jpg",640,309,true],"large":["https:\/\/www.anika-net.de\/wp-content\/uploads\/2025\/02\/Deutschkurs-1024x495.jpg",640,309,true],"1536x1536":["https:\/\/www.anika-net.de\/wp-content\/uploads\/2025\/02\/Deutschkurs.jpg",1280,619,false],"2048x2048":["https:\/\/www.anika-net.de\/wp-content\/uploads\/2025\/02\/Deutschkurs.jpg",1280,619,false],"event-overview":["https:\/\/www.anika-net.de\/wp-content\/uploads\/2025\/02\/Deutschkurs-960x619.jpg",960,619,true],"event-archive-thumb":["https:\/\/www.anika-net.de\/wp-content\/uploads\/2025\/02\/Deutschkurs-480x232.jpg",480,232,true],"grid-item-thumbnail":["https:\/\/www.anika-net.de\/wp-content\/uploads\/2025\/02\/Deutschkurs-360x200.jpg",360,200,true],"network-partner-icon":["https:\/\/www.anika-net.de\/wp-content\/uploads\/2025\/02\/Deutschkurs-100x100.jpg",100,100,true],"organiser-icon":["https:\/\/www.anika-net.de\/wp-content\/uploads\/2025\/02\/Deutschkurs-200x200.jpg",200,200,true],"gform-image-choice-sm":["https:\/\/www.anika-net.de\/wp-content\/uploads\/2025\/02\/Deutschkurs-300x300.jpg",300,300,true],"gform-image-choice-md":["https:\/\/www.anika-net.de\/wp-content\/uploads\/2025\/02\/Deutschkurs-400x400.jpg",400,400,true],"gform-image-choice-lg":["https:\/\/www.anika-net.de\/wp-content\/uploads\/2025\/02\/Deutschkurs-600x600.jpg",600,600,true]},"post_excerpt_stackable_v2":"<p>\u0130\u015f i\u00e7in Alman\u00adca kur\u00adsu&nbsp;B1 Alman ida\u00adri d\u00fczen\u00adle\u00adme\u00adsi\u00adne (VwV) g\u00f6re, 400 ders&nbsp;ile \u00d6n Ko\u015ful A2 sevi\u00adye\u00adsi ve art\u0131k tek\u00adrar der\u00adsi kal\u00adma\u00add\u0131 Sevi\u00adye tes\u00adti (vhs\u00ad\u2019\u00adde, Kaise\u00adral\u00adlee&nbsp;12e) Karls\u00adru\u00adhe-Stad\u00adt\u00ad\u2019\u00adde\u00adki Rezi\u00addans Avan\u00adtaj\u00adla\u00adr\u0131\u00adn\u0131z \u00dccret\u00adsiz kurs kat\u0131\u00adl\u0131\u00adm\u0131 Kurs sonun\u00adda DTZ s\u0131na\u00adv\u0131 Keyif\u00adli \u00f6\u011fren\u00adme atmos\u00adfe\u00adri ve dene\u00adyim\u00adli kurs lider\u00adle\u00adri \ud83d\udc49\ud83c\udffc Tatil\u00adler\u00adde ders&nbsp;yok<\/p>\n","category_list_v2":"","author_info_v2":{"name":"Andrea Ramirez","url":"https:\/\/www.anika-net.de\/tr\/author\/andrea-ramirez\/"},"comments_num_v2":"0 comments","uagb_featured_image_src":{"full":["https:\/\/www.anika-net.de\/wp-content\/uploads\/2025\/02\/Deutschkurs.jpg",1280,619,false],"thumbnail":["https:\/\/www.anika-net.de\/wp-content\/uploads\/2025\/02\/Deutschkurs-150x150.jpg",150,150,true],"medium":["https:\/\/www.anika-net.de\/wp-content\/uploads\/2025\/02\/Deutschkurs-300x145.jpg",300,145,true],"medium_large":["https:\/\/www.anika-net.de\/wp-content\/uploads\/2025\/02\/Deutschkurs-768x371.jpg",640,309,true],"large":["https:\/\/www.anika-net.de\/wp-content\/uploads\/2025\/02\/Deutschkurs-1024x495.jpg",640,309,true],"1536x1536":["https:\/\/www.anika-net.de\/wp-content\/uploads\/2025\/02\/Deutschkurs.jpg",1280,619,false],"2048x2048":["https:\/\/www.anika-net.de\/wp-content\/uploads\/2025\/02\/Deutschkurs.jpg",1280,619,false],"event-overview":["https:\/\/www.anika-net.de\/wp-content\/uploads\/2025\/02\/Deutschkurs-960x619.jpg",960,619,true],"event-archive-thumb":["https:\/\/www.anika-net.de\/wp-content\/uploads\/2025\/02\/Deutschkurs-480x232.jpg",480,232,true],"grid-item-thumbnail":["https:\/\/www.anika-net.de\/wp-content\/uploads\/2025\/02\/Deutschkurs-360x200.jpg",360,200,true],"network-partner-icon":["https:\/\/www.anika-net.de\/wp-content\/uploads\/2025\/02\/Deutschkurs-100x100.jpg",100,100,true],"organiser-icon":["https:\/\/www.anika-net.de\/wp-content\/uploads\/2025\/02\/Deutschkurs-200x200.jpg",200,200,true],"gform-image-choice-sm":["https:\/\/www.anika-net.de\/wp-content\/uploads\/2025\/02\/Deutschkurs-300x300.jpg",300,300,true],"gform-image-choice-md":["https:\/\/www.anika-net.de\/wp-content\/uploads\/2025\/02\/Deutschkurs-400x400.jpg",400,400,true],"gform-image-choice-lg":["https:\/\/www.anika-net.de\/wp-content\/uploads\/2025\/02\/Deutschkurs-600x600.jpg",600,600,true]},"uagb_author_info":{"display_name":"Andrea Ramirez","author_link":"https:\/\/www.anika-net.de\/tr\/author\/andrea-ramirez\/"},"uagb_comment_info":0,"uagb_excerpt":"\u0130\u015f i\u00e7in Alman\u00adca kur\u00adsu&nbsp;B1 Alman ida\u00adri d\u00fczen\u00adle\u00adme\u00adsi\u00adne (VwV) g\u00f6re, 400 ders&nbsp;ile \u00d6n Ko\u015ful A2 sevi\u00adye\u00adsi ve art\u0131k tek\u00adrar der\u00adsi kalmad\u0131 Sevi\u00adye tes\u00adti (vhs\u00ad\u2019\u00adde, Kaise\u00adral\u00adlee&nbsp;12e) Karls\u00adru\u00adhe-Stad\u00adt\u00ad\u2019\u00adde\u00adki Rezidans Avan\u00adtaj\u00adla\u00adr\u0131\u00adn\u0131z \u00dccret\u00adsiz kurs kat\u0131l\u0131m\u0131&nbsp;daha fazla okuyun","_links":{"self":[{"href":"https:\/\/www.anika-net.de\/tr\/wp-json\/wp\/v2\/event\/57995","targetHints":{"allow":["GET"]}}],"collection":[{"href":"https:\/\/www.anika-net.de\/tr\/wp-json\/wp\/v2\/event"}],"about":[{"href":"https:\/\/www.anika-net.de\/tr\/wp-json\/wp\/v2\/types\/event"}],"author":[{"embeddable":true,"href":"https:\/\/www.anika-net.de\/tr\/wp-json\/wp\/v2\/users\/12"}],"version-history":[{"count":0,"href":"https:\/\/www.anika-net.de\/tr\/wp-json\/wp\/v2\/event\/57995\/revisions"}],"acf:post":[{"embeddable":true,"href":"https:\/\/www.anika-net.de\/tr\/wp-json\/wp\/v2\/organiser\/54167"},{"embeddable":true,"href":"https:\/\/www.anika-net.de\/tr\/wp-json\/wp\/v2\/organiser\/16500"},{"embeddable":true,"href":"https:\/\/www.anika-net.de\/tr\/wp-json\/wp\/v2\/organiser\/16646"}],"acf:term":[{"embeddable":true,"taxonomy":"event_category","href":"https:\/\/www.anika-net.de\/tr\/wp-json\/wp\/v2\/event_category\/94"}],"wp:featuredmedia":[{"embeddable":true,"href":"https:\/\/www.anika-net.de\/tr\/wp-json\/wp\/v2\/media\/57984"}],"wp:attachment":[{"href":"https:\/\/www.anika-net.de\/tr\/wp-json\/wp\/v2\/media?parent=57995"}],"curies":[{"name":"wp","href":"https:\/\/api.w.org\/{rel}","templated":true}]}}

İş için Alman­ca kur­su&nbsp;B1

<h1><span style="color: #ff9900;">İş için Alman­ca kur­su&nbsp;B1</span></h1>
<blockquote><p><em>Alman ida­ri düzen­le­me­si­ne (VwV) göre, 400 ders&nbsp;ile</em></p></blockquote>
<h3><span style="color: #008080;">Ön Koşul  </span></h3>
<ul>
<li>A2 sevi­ye­si ve artık tek­rar der­si kalmadı</li>
<li>Sevi­ye tes­ti (vhs­’­de, Kaise­ral­lee&nbsp;12e)</li>
<li>Karls­ru­he-Stad­t­’­de­ki Rezidans</li>
</ul>
<h3><span style="color: #008080;">Avan­taj­la­rı­nız</span></h3>
<ul>
<li>Ücret­siz kurs katılımı</li>
<li>Kurs sonun­da DTZ sınavı</li>
<li>Keyif­li öğren­me atmos­fe­ri ve dene­yim­li kurs liderleri</li>
</ul>
<p>👉🏼 <strong>Tatil­ler­de ders&nbsp;yok</strong></p>

VHS'de seviye yerleştirme tarihleri

<p>İş için Alman­ca kur­su&nbsp;B1 Alman ida­ri düzen­le­me­si­ne (VwV) göre, 400 ders&nbsp;ile Ön Koşul A2 sevi­ye­si ve artık tek­rar der­si kal­ma­dı Sevi­ye tes­ti (vhs­’­de, Kaise­ral­lee&nbsp;12e) Karls­ru­he-Stad­t­’­de­ki Rezi­dans Avan­taj­la­rı­nız Ücret­siz kurs katı­lı­mı Kurs sonun­da DTZ sına­vı Keyif­li öğren­me atmos­fe­ri ve dene­yim­li kurs lider­le­ri 👉🏼 Tatil­ler­de ders&nbsp;yok</p>

İş için Alman­ca kur­su&nbsp;B1 Alman ida­ri düzen­le­me­si­ne (VwV) göre, 400 ders&nbsp;ile Ön Koşul A2 sevi­ye­si ve artık tek­rar der­si kalmadı Sevi­ye tes­ti (vhs­’­de, Kaise­ral­lee&nbsp;12e) Karls­ru­he-Stad­t­’­de­ki Rezidans Avan­taj­la­rı­nız Ücret­siz kurs katılımı&nbsp;daha fazla okuyun
