{"id":50309,"date":"2024-06-17T11:11:29","date_gmt":"2024-06-17T09:11:29","guid":{"rendered":"https:\/\/www.anika-net.de\/event\/is-fuarina-hazirlanmak-icin-ucretsiz-seminerler\/"},"modified":"2024-06-17T11:40:30","modified_gmt":"2024-06-17T09:40:30","slug":"is-fuarina-hazirlanmak-icin-ucretsiz-seminerler","status":"publish","type":"event","link":"https:\/\/www.anika-net.de\/tr\/event\/is-fuarina-hazirlanmak-icin-ucretsiz-seminerler\/","title":{"rendered":"\u0130\u015f fuar\u0131\u00adna haz\u0131r\u00adlan\u00admak i\u00e7in \u00fccret\u00adsiz seminerler"},"content":{"rendered":"<h1><span style=\"color: #008080;\">\u00dccret\u00adsiz semi\u00adner\u00adler\u00adle i\u015f fuar\u0131\u00adna haz\u0131r&nbsp;olun!<\/span><\/h1>\n<p>Karls\u00adru\u00adhe B\u00f6l\u00adge Ofi\u00adsi\u00ad\u2019\u00adnin B\u00f6l\u00adge Enteg\u00adras\u00adyon Ofi\u00adsi, g\u00f6\u00e7\u00admen kad\u0131n\u00adla\u00adra i\u015f fuar\u0131\u00adna haz\u0131r\u00adlan\u00adma\u00adla\u00adr\u0131 i\u00e7in 3 \u00fccret\u00adsiz semi\u00adner sunuyor.<br>\n\ud83d\udccc <strong><br>\n  <a href=\"https:\/\/mint4deutschland.com\/vorbereitung-auf-jobmesse\" rel=\"noopener\">Kay\u0131t<\/a><br>\n<\/strong> <strong>son ba\u015f\u00advu\u00adru tari\u00adhi 23 A\u011fus\u00adtos<\/strong>\u2019tur.<\/p>\n<p>Bruch\u00adsa\u00adl\u00ad\u2019\u00adda 28 Eki\u00adm\u00ad\u2019\u00adde d\u00fczen\u00adle\u00adnecek i\u015f fuar\u0131n\u00adda g\u00f6\u00e7\u00admen kad\u0131n\u00adlar potan\u00adsi\u00adyel i\u015fve\u00adren\u00adler\u00adle tan\u0131\u015f\u00adma ve onlar\u00adla a\u011f kur\u00adma f\u0131r\u00adsa\u00adt\u0131 bulacak.<\/p>\n<p><span style=\"color: #008080;\"><strong>Prog\u00adram<\/strong><\/span><br>\n<strong>09.09.2024 <span style=\"color: #808080;\">\/ 12:00 \u2014 14:00 saat\u00adle\u00adri aras\u0131nda<\/span><\/strong><br>\nMod\u00fcl 1: \u0130\u015f fuar\u0131 i\u00e7in pro\u00adfes\u00adyo\u00adnel bir CV olu\u015fturma<\/p>\n<p><strong>16.09.2024 <span style=\"color: #808080;\">\/ 12:00 \u2014 14:00<\/span> saat\u00adle\u00adri aras\u0131nda<\/strong><br>\nMod\u00fcl 2: Fuar\u00adda kad\u0131n\u00adla\u00adra y\u00f6ne\u00adlik sunum i\u00e7in haz\u0131rl\u0131k<\/p>\n<p><strong>23.09.2024 <span style=\"color: #808080;\">\/ 12:00 \u2014 14:00<\/span> saat\u00adle\u00adri aras\u0131nda<\/strong><br>\nMod\u00fcl 3: Fuar\u00adda kad\u0131n\u00adla\u00adra y\u00f6ne\u00adlik m\u00fcla\u00adkat tek\u00adnik\u00adle\u00adri e\u011fitimi<\/p>\n","protected":false},"author":12,"featured_media":50251,"template":"","class_list":["post-50309","event","type-event","status-publish","has-post-thumbnail","hentry","event_category-is"],"acf":{"event-recurring":false,"event-category":96,"event-is-language-course":false,"event-recurring-still-active":true,"event-display-details":true,"event-schedules-recurring":null,"event-schedules-calendar":[{"event-calendar-day":"20240823","event-calendar-time":"","event-calendar-time-text":"Son kay\u0131t tarihi"},{"event-calendar-day":"20240909","event-calendar-time":"12:00 bis 14:00 Uhr","event-calendar-time-text":"Mod\u00fcl 1"},{"event-calendar-day":"20240916","event-calendar-time":"","event-calendar-time-text":"Mod\u00fcl 2"},{"event-calendar-day":"20240923","event-calendar-time":"","event-calendar-time-text":"Mod\u00fcl 3"}],"event-is-online":true,"event-online-url":"","event-location-building":"","event-location-street":"","event-location-zip":"","event-location-city":"","event-location-contact-person":"Carmen G\u00f6rl","event-location-phone":"0721 936 77850","event-location-phone-2":"","event-location-mail":"amt33.arbeitsmarktintegration@landratsamt-karlsruhe.de","event-location-mail-2":"","event-location-website":"https:\/\/mint4deutschland.com\/vorbereitung-auf-jobmesse","event-target-group":[{"target-group":"women"}],"event-target-group-comment":"g\u00f6\u00e7men kad\u0131nlar","event-free":true,"event-organiser":[50302],"event-header-copyright-overlay":true,"event-copyright-note-description-end":false},"featured_image_urls_v2":{"full":["https:\/\/www.anika-net.de\/wp-content\/uploads\/2024\/06\/LRA-KA_4C_P_L.Kreisintegrationsstelle_CMYK-Dezernat-III_Logo_print.png",1113,629,false],"thumbnail":["https:\/\/www.anika-net.de\/wp-content\/uploads\/2024\/06\/LRA-KA_4C_P_L.Kreisintegrationsstelle_CMYK-Dezernat-III_Logo_print-150x150.png",150,150,true],"medium":["https:\/\/www.anika-net.de\/wp-content\/uploads\/2024\/06\/LRA-KA_4C_P_L.Kreisintegrationsstelle_CMYK-Dezernat-III_Logo_print-300x170.png",300,170,true],"medium_large":["https:\/\/www.anika-net.de\/wp-content\/uploads\/2024\/06\/LRA-KA_4C_P_L.Kreisintegrationsstelle_CMYK-Dezernat-III_Logo_print-768x434.png",640,362,true],"large":["https:\/\/www.anika-net.de\/wp-content\/uploads\/2024\/06\/LRA-KA_4C_P_L.Kreisintegrationsstelle_CMYK-Dezernat-III_Logo_print-1024x579.png",640,362,true],"1536x1536":["https:\/\/www.anika-net.de\/wp-content\/uploads\/2024\/06\/LRA-KA_4C_P_L.Kreisintegrationsstelle_CMYK-Dezernat-III_Logo_print.png",1113,629,false],"2048x2048":["https:\/\/www.anika-net.de\/wp-content\/uploads\/2024\/06\/LRA-KA_4C_P_L.Kreisintegrationsstelle_CMYK-Dezernat-III_Logo_print.png",1113,629,false],"event-overview":["https:\/\/www.anika-net.de\/wp-content\/uploads\/2024\/06\/LRA-KA_4C_P_L.Kreisintegrationsstelle_CMYK-Dezernat-III_Logo_print-960x629.png",960,629,true],"event-archive-thumb":["https:\/\/www.anika-net.de\/wp-content\/uploads\/2024\/06\/LRA-KA_4C_P_L.Kreisintegrationsstelle_CMYK-Dezernat-III_Logo_print-480x271.png",480,271,true],"grid-item-thumbnail":["https:\/\/www.anika-net.de\/wp-content\/uploads\/2024\/06\/LRA-KA_4C_P_L.Kreisintegrationsstelle_CMYK-Dezernat-III_Logo_print-360x200.png",360,200,true],"network-partner-icon":["https:\/\/www.anika-net.de\/wp-content\/uploads\/2024\/06\/LRA-KA_4C_P_L.Kreisintegrationsstelle_CMYK-Dezernat-III_Logo_print-100x100.png",100,100,true],"organiser-icon":["https:\/\/www.anika-net.de\/wp-content\/uploads\/2024\/06\/LRA-KA_4C_P_L.Kreisintegrationsstelle_CMYK-Dezernat-III_Logo_print-200x200.png",200,200,true],"gform-image-choice-sm":["https:\/\/www.anika-net.de\/wp-content\/uploads\/2024\/06\/LRA-KA_4C_P_L.Kreisintegrationsstelle_CMYK-Dezernat-III_Logo_print.png",300,170,false],"gform-image-choice-md":["https:\/\/www.anika-net.de\/wp-content\/uploads\/2024\/06\/LRA-KA_4C_P_L.Kreisintegrationsstelle_CMYK-Dezernat-III_Logo_print.png",400,226,false],"gform-image-choice-lg":["https:\/\/www.anika-net.de\/wp-content\/uploads\/2024\/06\/LRA-KA_4C_P_L.Kreisintegrationsstelle_CMYK-Dezernat-III_Logo_print.png",600,339,false]},"post_excerpt_stackable_v2":"<p>\u00dccret\u00adsiz semi\u00adner\u00adler\u00adle i\u015f fuar\u0131\u00adna haz\u0131r&nbsp;olun! Karls\u00adru\u00adhe B\u00f6l\u00adge Ofi\u00adsi\u00ad\u2019\u00adnin B\u00f6l\u00adge Enteg\u00adras\u00adyon Ofi\u00adsi, g\u00f6\u00e7\u00admen kad\u0131n\u00adla\u00adra i\u015f fuar\u0131\u00adna haz\u0131r\u00adlan\u00adma\u00adla\u00adr\u0131 i\u00e7in 3 \u00fccret\u00adsiz semi\u00adner sunu\u00adyor. \ud83d\udccc Kay\u0131t son ba\u015f\u00advu\u00adru tari\u00adhi 23 A\u011fus\u00adtos\u2019tur. Bruch\u00adsa\u00adl\u00ad\u2019\u00adda 28 Eki\u00adm\u00ad\u2019\u00adde d\u00fczen\u00adle\u00adnecek i\u015f fuar\u0131n\u00adda g\u00f6\u00e7\u00admen kad\u0131n\u00adlar potan\u00adsi\u00adyel i\u015fve\u00adren\u00adler\u00adle tan\u0131\u015f\u00adma ve onlar\u00adla a\u011f kur\u00adma f\u0131r\u00adsa\u00adt\u0131 bula\u00adcak. Prog\u00adram 09.09.2024 \/ 12:00 \u2014 14:00 saat\u00adle\u00adri ara\u00ads\u0131n\u00adda Mod\u00fcl 1: \u0130\u015f fuar\u0131 i\u00e7in pro\u00adfes\u00adyo\u00adnel bir CV olu\u015f\u00adtur\u00adma 16.09.2024 \/ 12:00 \u2014 14:00 saat\u00adle\u00adri ara\u00ads\u0131n\u00adda Mod\u00fcl 2: Fuar\u00adda kad\u0131n\u00adla\u00adra y\u00f6ne\u00adlik sunum i\u00e7in haz\u0131r\u00adl\u0131k 23.09.2024 \/ 12:00 \u2014 14:00 saat\u00adle\u00adri ara\u00ads\u0131n\u00adda Mod\u00fcl 3: Fuar\u00adda kad\u0131n\u00adla\u00adra y\u00f6ne\u00adlik m\u00fcla\u00adkat tek\u00adnik\u00adle\u00adri e\u011fitimi<\/p>\n","category_list_v2":"","author_info_v2":{"name":"Andrea Ramirez","url":"https:\/\/www.anika-net.de\/tr\/author\/andrea-ramirez\/"},"comments_num_v2":"0 comments","uagb_featured_image_src":{"full":["https:\/\/www.anika-net.de\/wp-content\/uploads\/2024\/06\/LRA-KA_4C_P_L.Kreisintegrationsstelle_CMYK-Dezernat-III_Logo_print.png",1113,629,false],"thumbnail":["https:\/\/www.anika-net.de\/wp-content\/uploads\/2024\/06\/LRA-KA_4C_P_L.Kreisintegrationsstelle_CMYK-Dezernat-III_Logo_print-150x150.png",150,150,true],"medium":["https:\/\/www.anika-net.de\/wp-content\/uploads\/2024\/06\/LRA-KA_4C_P_L.Kreisintegrationsstelle_CMYK-Dezernat-III_Logo_print-300x170.png",300,170,true],"medium_large":["https:\/\/www.anika-net.de\/wp-content\/uploads\/2024\/06\/LRA-KA_4C_P_L.Kreisintegrationsstelle_CMYK-Dezernat-III_Logo_print-768x434.png",640,362,true],"large":["https:\/\/www.anika-net.de\/wp-content\/uploads\/2024\/06\/LRA-KA_4C_P_L.Kreisintegrationsstelle_CMYK-Dezernat-III_Logo_print-1024x579.png",640,362,true],"1536x1536":["https:\/\/www.anika-net.de\/wp-content\/uploads\/2024\/06\/LRA-KA_4C_P_L.Kreisintegrationsstelle_CMYK-Dezernat-III_Logo_print.png",1113,629,false],"2048x2048":["https:\/\/www.anika-net.de\/wp-content\/uploads\/2024\/06\/LRA-KA_4C_P_L.Kreisintegrationsstelle_CMYK-Dezernat-III_Logo_print.png",1113,629,false],"event-overview":["https:\/\/www.anika-net.de\/wp-content\/uploads\/2024\/06\/LRA-KA_4C_P_L.Kreisintegrationsstelle_CMYK-Dezernat-III_Logo_print-960x629.png",960,629,true],"event-archive-thumb":["https:\/\/www.anika-net.de\/wp-content\/uploads\/2024\/06\/LRA-KA_4C_P_L.Kreisintegrationsstelle_CMYK-Dezernat-III_Logo_print-480x271.png",480,271,true],"grid-item-thumbnail":["https:\/\/www.anika-net.de\/wp-content\/uploads\/2024\/06\/LRA-KA_4C_P_L.Kreisintegrationsstelle_CMYK-Dezernat-III_Logo_print-360x200.png",360,200,true],"network-partner-icon":["https:\/\/www.anika-net.de\/wp-content\/uploads\/2024\/06\/LRA-KA_4C_P_L.Kreisintegrationsstelle_CMYK-Dezernat-III_Logo_print-100x100.png",100,100,true],"organiser-icon":["https:\/\/www.anika-net.de\/wp-content\/uploads\/2024\/06\/LRA-KA_4C_P_L.Kreisintegrationsstelle_CMYK-Dezernat-III_Logo_print-200x200.png",200,200,true],"gform-image-choice-sm":["https:\/\/www.anika-net.de\/wp-content\/uploads\/2024\/06\/LRA-KA_4C_P_L.Kreisintegrationsstelle_CMYK-Dezernat-III_Logo_print.png",300,170,false],"gform-image-choice-md":["https:\/\/www.anika-net.de\/wp-content\/uploads\/2024\/06\/LRA-KA_4C_P_L.Kreisintegrationsstelle_CMYK-Dezernat-III_Logo_print.png",400,226,false],"gform-image-choice-lg":["https:\/\/www.anika-net.de\/wp-content\/uploads\/2024\/06\/LRA-KA_4C_P_L.Kreisintegrationsstelle_CMYK-Dezernat-III_Logo_print.png",600,339,false]},"uagb_author_info":{"display_name":"Andrea Ramirez","author_link":"https:\/\/www.anika-net.de\/tr\/author\/andrea-ramirez\/"},"uagb_comment_info":0,"uagb_excerpt":"\u00dccret\u00adsiz semi\u00adner\u00adler\u00adle i\u015f fuar\u0131\u00adna haz\u0131r&nbsp;olun! Karls\u00adru\u00adhe B\u00f6l\u00adge Ofi\u00adsi\u00ad\u2019\u00adnin B\u00f6l\u00adge Enteg\u00adras\u00adyon Ofi\u00adsi, g\u00f6\u00e7\u00admen kad\u0131n\u00adla\u00adra i\u015f fuar\u0131\u00adna haz\u0131r\u00adlan\u00adma\u00adla\u00adr\u0131 i\u00e7in 3 \u00fccret\u00adsiz semi\u00adner sunuyor. \ud83d\udccc Kay\u0131t son ba\u015f\u00advu\u00adru tari\u00adhi 23 A\u011fus\u00adtos\u2019tur. Bruch\u00adsa\u00adl\u00ad\u2019\u00adda 28&nbsp;daha fazla okuyun","_links":{"self":[{"href":"https:\/\/www.anika-net.de\/tr\/wp-json\/wp\/v2\/event\/50309","targetHints":{"allow":["GET"]}}],"collection":[{"href":"https:\/\/www.anika-net.de\/tr\/wp-json\/wp\/v2\/event"}],"about":[{"href":"https:\/\/www.anika-net.de\/tr\/wp-json\/wp\/v2\/types\/event"}],"author":[{"embeddable":true,"href":"https:\/\/www.anika-net.de\/tr\/wp-json\/wp\/v2\/users\/12"}],"version-history":[{"count":0,"href":"https:\/\/www.anika-net.de\/tr\/wp-json\/wp\/v2\/event\/50309\/revisions"}],"acf:post":[{"embeddable":true,"href":"https:\/\/www.anika-net.de\/tr\/wp-json\/wp\/v2\/organiser\/50302"}],"acf:term":[{"embeddable":true,"taxonomy":"event_category","href":"https:\/\/www.anika-net.de\/tr\/wp-json\/wp\/v2\/event_category\/96"}],"wp:featuredmedia":[{"embeddable":true,"href":"https:\/\/www.anika-net.de\/tr\/wp-json\/wp\/v2\/media\/50251"}],"wp:attachment":[{"href":"https:\/\/www.anika-net.de\/tr\/wp-json\/wp\/v2\/media?parent=50309"}],"curies":[{"name":"wp","href":"https:\/\/api.w.org\/{rel}","templated":true}]}}

İş fuarı­na hazır­lan­mak için ücret­siz seminerler

<h1><span style="color: #008080;">Ücret­siz semi­ner­ler­le iş fuarı­na hazır&nbsp;olun!</span></h1>
<p>Karls­ru­he Böl­ge Ofi­si­’­nin Böl­ge Enteg­ras­yon Ofi­si, göç­men kadın­la­ra iş fuarı­na hazır­lan­ma­la­rı için 3 ücret­siz semi­ner sunuyor.<br>
📌 <strong><br>
  <a href="https://mint4deutschland.com/vorbereitung-auf-jobmesse" rel="noopener">Kayıt</a><br>
</strong> <strong>son baş­vu­ru tari­hi 23 Ağus­tos</strong>’tur.</p>
<p>Bruch­sa­l­’­da 28 Eki­m­’­de düzen­le­necek iş fuarın­da göç­men kadın­lar potan­si­yel işve­ren­ler­le tanış­ma ve onlar­la ağ kur­ma fır­sa­tı bulacak.</p>
<p><span style="color: #008080;"><strong>Prog­ram</strong></span><br>
<strong>09.09.2024 <span style="color: #808080;">/ 12:00 — 14:00 saat­le­ri arasında</span></strong><br>
Modül 1: İş fuarı için pro­fes­yo­nel bir CV oluşturma</p>
<p><strong>16.09.2024 <span style="color: #808080;">/ 12:00 — 14:00</span> saat­le­ri arasında</strong><br>
Modül 2: Fuar­da kadın­la­ra yöne­lik sunum için hazırlık</p>
<p><strong>23.09.2024 <span style="color: #808080;">/ 12:00 — 14:00</span> saat­le­ri arasında</strong><br>
Modül 3: Fuar­da kadın­la­ra yöne­lik müla­kat tek­nik­le­ri eğitimi</p>

Son kayıt tarihi

Modül 1

Modül 2

Modül 3

Carmen Görl

göçmen kadınlar

<p>Ücret­siz semi­ner­ler­le iş fuarı­na hazır&nbsp;olun! Karls­ru­he Böl­ge Ofi­si­’­nin Böl­ge Enteg­ras­yon Ofi­si, göç­men kadın­la­ra iş fuarı­na hazır­lan­ma­la­rı için 3 ücret­siz semi­ner sunu­yor. 📌 Kayıt son baş­vu­ru tari­hi 23 Ağus­tos’tur. Bruch­sa­l­’­da 28 Eki­m­’­de düzen­le­necek iş fuarın­da göç­men kadın­lar potan­si­yel işve­ren­ler­le tanış­ma ve onlar­la ağ kur­ma fır­sa­tı bula­cak. Prog­ram 09.09.2024 / 12:00 — 14:00 saat­le­ri ara­sın­da Modül 1: İş fuarı için pro­fes­yo­nel bir CV oluş­tur­ma 16.09.2024 / 12:00 — 14:00 saat­le­ri ara­sın­da Modül 2: Fuar­da kadın­la­ra yöne­lik sunum için hazır­lık 23.09.2024 / 12:00 — 14:00 saat­le­ri ara­sın­da Modül 3: Fuar­da kadın­la­ra yöne­lik müla­kat tek­nik­le­ri eğitimi</p>

Ücret­siz semi­ner­ler­le iş fuarı­na hazır&nbsp;olun! Karls­ru­he Böl­ge Ofi­si­’­nin Böl­ge Enteg­ras­yon Ofi­si, göç­men kadın­la­ra iş fuarı­na hazır­lan­ma­la­rı için 3 ücret­siz semi­ner sunuyor. 📌 Kayıt son baş­vu­ru tari­hi 23 Ağus­tos’tur. Bruch­sa­l­’­da 28&nbsp;daha fazla okuyun
