{"id":49618,"date":"2024-05-23T10:21:50","date_gmt":"2024-05-23T08:21:50","guid":{"rendered":"https:\/\/www.anika-net.de\/event\/dil-arabuluculari-icin-temel-yeterlilik\/"},"modified":"2024-05-23T10:21:50","modified_gmt":"2024-05-23T08:21:50","slug":"dil-arabuluculari-icin-temel-yeterlilik","status":"publish","type":"event","link":"https:\/\/www.anika-net.de\/tr\/event\/dil-arabuluculari-icin-temel-yeterlilik\/","title":{"rendered":"Dil ara\u00adbu\u00adlu\u00adcu\u00adla\u00adr\u0131 i\u00e7in temel yeterlilik"},"content":{"rendered":"<blockquote>\n<h2><span style=\"color: #ffcc00;\">Alman\u00adca ve ba\u015f\u00adka bir dil bili\u00adyor musunuz?<\/span><br>\n<span style=\"color: #ffcc00;\">Karls\u00adru\u00adhe b\u00f6l\u00adge\u00adsin\u00adde dil ara\u00adbu\u00adlu\u00adcu\u00adsu ola\u00adrak \u00e7al\u0131\u015f\u00admak ister misiniz?<\/span><\/h2>\n<\/blockquote>\n<p>Ard\u0131n\u00addan yeter\u00adli\u00adlik kur\u00adsu\u00admu\u00adza kat\u0131l\u0131n.<\/p>\n<p>Bu dil\u00adle\u00adri ar\u0131\u00adyo\u00adruz: T\u00fcrk\u00ad\u00e7e, Tig\u00adrin\u00adja (Erit\u00adre), \u00c7in\u00adce, Macar\u00adca, Rus\u00ad\u00e7a, Ukray\u00adna\u00adca ve di\u011fer diller.<\/p>\n<p>\u00d6nko\u00ad\u015ful\u00adlar: B1\/B2 Alman\u00adca s\u00f6z\u00adl\u00fc (ser\u00adti\u00adfi\u00adka\u00ads\u0131z)<\/p>\n<p>Kay\u0131t: sprachmittler@landratsamt-karlsruhe.de<\/p>\n<p>\ud83d\udca1<a href=\"https:\/\/www.anika-net.de\/wp-content\/uploads\/2024\/05\/Flyer_SpraMi-Schulung_Oktober_24.pdf\"> <strong>EL \u0130LANI<\/strong><\/a><\/p>\n","protected":false},"author":12,"featured_media":49606,"template":"","class_list":["post-49618","event","type-event","status-publish","has-post-thumbnail","hentry","event_category-yardim-olanaklari"],"acf":{"event-recurring":false,"event-category":95,"event-is-language-course":false,"event-recurring-still-active":true,"event-display-details":true,"event-schedules-recurring":null,"event-schedules-calendar":[{"event-calendar-day":"20241018","event-calendar-time":"","event-calendar-time-text":"16:00 - 19:00 (tesis i\u00e7inde)"},{"event-calendar-day":"20241019","event-calendar-time":"","event-calendar-time-text":"Sabah 9'dan ak\u015fam 4'e kadar (\u00e7evrimi\u00e7i)"}],"event-is-online":false,"event-online-url":"","event-location-building":"","event-location-street":"","event-location-zip":"","event-location-city":"","event-location-contact-person":"","event-location-phone":"","event-location-phone-2":"","event-location-mail":"sprachmittler@landratsamt-karlsruhe.de","event-location-mail-2":"","event-location-website":"","event-target-group":null,"event-target-group-comment":"G\u00f6n\u00fcll\u00fc dil arabulucular\u0131","event-free":true,"event-organiser":[16325],"event-header-copyright-overlay":true,"event-copyright-note-description-end":false},"featured_image_urls_v2":{"full":["https:\/\/www.anika-net.de\/wp-content\/uploads\/2024\/05\/different-language-speech-bubble-hello-concept1-scaled.jpg",2560,1654,false],"thumbnail":["https:\/\/www.anika-net.de\/wp-content\/uploads\/2024\/05\/different-language-speech-bubble-hello-concept1-150x150.jpg",150,150,true],"medium":["https:\/\/www.anika-net.de\/wp-content\/uploads\/2024\/05\/different-language-speech-bubble-hello-concept1-300x194.jpg",300,194,true],"medium_large":["https:\/\/www.anika-net.de\/wp-content\/uploads\/2024\/05\/different-language-speech-bubble-hello-concept1-768x496.jpg",640,413,true],"large":["https:\/\/www.anika-net.de\/wp-content\/uploads\/2024\/05\/different-language-speech-bubble-hello-concept1-1024x661.jpg",640,413,true],"1536x1536":["https:\/\/www.anika-net.de\/wp-content\/uploads\/2024\/05\/different-language-speech-bubble-hello-concept1-1536x992.jpg",1536,992,true],"2048x2048":["https:\/\/www.anika-net.de\/wp-content\/uploads\/2024\/05\/different-language-speech-bubble-hello-concept1-2048x1323.jpg",2048,1323,true],"event-overview":["https:\/\/www.anika-net.de\/wp-content\/uploads\/2024\/05\/different-language-speech-bubble-hello-concept1-960x640.jpg",960,640,true],"event-archive-thumb":["https:\/\/www.anika-net.de\/wp-content\/uploads\/2024\/05\/different-language-speech-bubble-hello-concept1-480x310.jpg",480,310,true],"grid-item-thumbnail":["https:\/\/www.anika-net.de\/wp-content\/uploads\/2024\/05\/different-language-speech-bubble-hello-concept1-360x200.jpg",360,200,true],"network-partner-icon":["https:\/\/www.anika-net.de\/wp-content\/uploads\/2024\/05\/different-language-speech-bubble-hello-concept1-100x100.jpg",100,100,true],"organiser-icon":["https:\/\/www.anika-net.de\/wp-content\/uploads\/2024\/05\/different-language-speech-bubble-hello-concept1-200x200.jpg",200,200,true],"gform-image-choice-sm":["https:\/\/www.anika-net.de\/wp-content\/uploads\/2024\/05\/different-language-speech-bubble-hello-concept1-scaled.jpg",300,194,false],"gform-image-choice-md":["https:\/\/www.anika-net.de\/wp-content\/uploads\/2024\/05\/different-language-speech-bubble-hello-concept1-scaled.jpg",400,258,false],"gform-image-choice-lg":["https:\/\/www.anika-net.de\/wp-content\/uploads\/2024\/05\/different-language-speech-bubble-hello-concept1-scaled.jpg",600,388,false]},"post_excerpt_stackable_v2":"<p>Alman\u00adca ve ba\u015f\u00adka bir dil bili\u00adyor musu\u00adnuz? Karls\u00adru\u00adhe b\u00f6l\u00adge\u00adsin\u00adde dil ara\u00adbu\u00adlu\u00adcu\u00adsu ola\u00adrak \u00e7al\u0131\u015f\u00admak ister misi\u00adniz? Ard\u0131n\u00addan yeter\u00adli\u00adlik kur\u00adsu\u00admu\u00adza kat\u0131\u00adl\u0131n. Bu dil\u00adle\u00adri ar\u0131\u00adyo\u00adruz: T\u00fcrk\u00ad\u00e7e, Tig\u00adrin\u00adja (Erit\u00adre), \u00c7in\u00adce, Macar\u00adca, Rus\u00ad\u00e7a, Ukray\u00adna\u00adca ve di\u011fer dil\u00adler. \u00d6nko\u00ad\u015ful\u00adlar: B1\/B2 Alman\u00adca s\u00f6z\u00adl\u00fc (ser\u00adti\u00adfi\u00adka\u00ads\u0131z) Kay\u0131t: sprachmittler@landratsamt-karlsruhe.de \ud83d\udca1 EL&nbsp;\u0130LANI<\/p>\n","category_list_v2":"","author_info_v2":{"name":"Andrea Ramirez","url":"https:\/\/www.anika-net.de\/tr\/author\/andrea-ramirez\/"},"comments_num_v2":"0 comments","uagb_featured_image_src":{"full":["https:\/\/www.anika-net.de\/wp-content\/uploads\/2024\/05\/different-language-speech-bubble-hello-concept1-scaled.jpg",2560,1654,false],"thumbnail":["https:\/\/www.anika-net.de\/wp-content\/uploads\/2024\/05\/different-language-speech-bubble-hello-concept1-150x150.jpg",150,150,true],"medium":["https:\/\/www.anika-net.de\/wp-content\/uploads\/2024\/05\/different-language-speech-bubble-hello-concept1-300x194.jpg",300,194,true],"medium_large":["https:\/\/www.anika-net.de\/wp-content\/uploads\/2024\/05\/different-language-speech-bubble-hello-concept1-768x496.jpg",640,413,true],"large":["https:\/\/www.anika-net.de\/wp-content\/uploads\/2024\/05\/different-language-speech-bubble-hello-concept1-1024x661.jpg",640,413,true],"1536x1536":["https:\/\/www.anika-net.de\/wp-content\/uploads\/2024\/05\/different-language-speech-bubble-hello-concept1-1536x992.jpg",1536,992,true],"2048x2048":["https:\/\/www.anika-net.de\/wp-content\/uploads\/2024\/05\/different-language-speech-bubble-hello-concept1-2048x1323.jpg",2048,1323,true],"event-overview":["https:\/\/www.anika-net.de\/wp-content\/uploads\/2024\/05\/different-language-speech-bubble-hello-concept1-960x640.jpg",960,640,true],"event-archive-thumb":["https:\/\/www.anika-net.de\/wp-content\/uploads\/2024\/05\/different-language-speech-bubble-hello-concept1-480x310.jpg",480,310,true],"grid-item-thumbnail":["https:\/\/www.anika-net.de\/wp-content\/uploads\/2024\/05\/different-language-speech-bubble-hello-concept1-360x200.jpg",360,200,true],"network-partner-icon":["https:\/\/www.anika-net.de\/wp-content\/uploads\/2024\/05\/different-language-speech-bubble-hello-concept1-100x100.jpg",100,100,true],"organiser-icon":["https:\/\/www.anika-net.de\/wp-content\/uploads\/2024\/05\/different-language-speech-bubble-hello-concept1-200x200.jpg",200,200,true],"gform-image-choice-sm":["https:\/\/www.anika-net.de\/wp-content\/uploads\/2024\/05\/different-language-speech-bubble-hello-concept1-scaled.jpg",300,194,false],"gform-image-choice-md":["https:\/\/www.anika-net.de\/wp-content\/uploads\/2024\/05\/different-language-speech-bubble-hello-concept1-scaled.jpg",400,258,false],"gform-image-choice-lg":["https:\/\/www.anika-net.de\/wp-content\/uploads\/2024\/05\/different-language-speech-bubble-hello-concept1-scaled.jpg",600,388,false]},"uagb_author_info":{"display_name":"Andrea Ramirez","author_link":"https:\/\/www.anika-net.de\/tr\/author\/andrea-ramirez\/"},"uagb_comment_info":0,"uagb_excerpt":"Alman\u00adca ve ba\u015f\u00adka bir dil bili\u00adyor musunuz? Karls\u00adru\u00adhe b\u00f6l\u00adge\u00adsin\u00adde dil ara\u00adbu\u00adlu\u00adcu\u00adsu ola\u00adrak \u00e7al\u0131\u015f\u00admak ister misiniz? Ard\u0131n\u00addan yeter\u00adli\u00adlik kur\u00adsu\u00admu\u00adza kat\u0131l\u0131n. Bu dil\u00adle\u00adri ar\u0131\u00adyo\u00adruz: T\u00fcrk\u00ad\u00e7e, Tig\u00adrin\u00adja (Erit\u00adre), \u00c7in\u00adce, Macar\u00adca, Rus\u00ad\u00e7a, Ukray\u00adna\u00adca ve&nbsp;daha fazla okuyun","_links":{"self":[{"href":"https:\/\/www.anika-net.de\/tr\/wp-json\/wp\/v2\/event\/49618","targetHints":{"allow":["GET"]}}],"collection":[{"href":"https:\/\/www.anika-net.de\/tr\/wp-json\/wp\/v2\/event"}],"about":[{"href":"https:\/\/www.anika-net.de\/tr\/wp-json\/wp\/v2\/types\/event"}],"author":[{"embeddable":true,"href":"https:\/\/www.anika-net.de\/tr\/wp-json\/wp\/v2\/users\/12"}],"version-history":[{"count":0,"href":"https:\/\/www.anika-net.de\/tr\/wp-json\/wp\/v2\/event\/49618\/revisions"}],"acf:post":[{"embeddable":true,"href":"https:\/\/www.anika-net.de\/tr\/wp-json\/wp\/v2\/organiser\/16325"}],"acf:term":[{"embeddable":true,"taxonomy":"event_category","href":"https:\/\/www.anika-net.de\/tr\/wp-json\/wp\/v2\/event_category\/95"}],"wp:featuredmedia":[{"embeddable":true,"href":"https:\/\/www.anika-net.de\/tr\/wp-json\/wp\/v2\/media\/49606"}],"wp:attachment":[{"href":"https:\/\/www.anika-net.de\/tr\/wp-json\/wp\/v2\/media?parent=49618"}],"curies":[{"name":"wp","href":"https:\/\/api.w.org\/{rel}","templated":true}]}}

Dil ara­bu­lu­cu­la­rı için temel yeterlilik

<blockquote>
<h2><span style="color: #ffcc00;">Alman­ca ve baş­ka bir dil bili­yor musunuz?</span><br>
<span style="color: #ffcc00;">Karls­ru­he böl­ge­sin­de dil ara­bu­lu­cu­su ola­rak çalış­mak ister misiniz?</span></h2>
</blockquote>
<p>Ardın­dan yeter­li­lik kur­su­mu­za katılın.</p>
<p>Bu dil­le­ri arı­yo­ruz: Türk­çe, Tig­rin­ja (Erit­re), Çin­ce, Macar­ca, Rus­ça, Ukray­na­ca ve diğer diller.</p>
<p>Önko­şul­lar: B1/B2 Alman­ca söz­lü (ser­ti­fi­ka­sız)</p>
<p>Kayıt: sprachmittler@landratsamt-karlsruhe.de</p>
<p>💡<a href="https://www.anika-net.de/wp-content/uploads/2024/05/Flyer_SpraMi-Schulung_Oktober_24.pdf"> <strong>EL İLANI</strong></a></p>

16:00 - 19:00 (tesis içinde)

Sabah 9'dan akşam 4'e kadar (çevrimiçi)

Gönüllü dil arabulucuları

<p>Alman­ca ve baş­ka bir dil bili­yor musu­nuz? Karls­ru­he böl­ge­sin­de dil ara­bu­lu­cu­su ola­rak çalış­mak ister misi­niz? Ardın­dan yeter­li­lik kur­su­mu­za katı­lın. Bu dil­le­ri arı­yo­ruz: Türk­çe, Tig­rin­ja (Erit­re), Çin­ce, Macar­ca, Rus­ça, Ukray­na­ca ve diğer dil­ler. Önko­şul­lar: B1/B2 Alman­ca söz­lü (ser­ti­fi­ka­sız) Kayıt: sprachmittler@landratsamt-karlsruhe.de 💡 EL&nbsp;İLANI</p>

Alman­ca ve baş­ka bir dil bili­yor musunuz? Karls­ru­he böl­ge­sin­de dil ara­bu­lu­cu­su ola­rak çalış­mak ister misiniz? Ardın­dan yeter­li­lik kur­su­mu­za katılın. Bu dil­le­ri arı­yo­ruz: Türk­çe, Tig­rin­ja (Erit­re), Çin­ce, Macar­ca, Rus­ça, Ukray­na­ca ve&nbsp;daha fazla okuyun
