{"id":48658,"date":"2024-04-24T11:55:52","date_gmt":"2024-04-24T09:55:52","guid":{"rendered":"https:\/\/www.anika-net.de\/event\/bulut-sergi-acilisi\/"},"modified":"2024-04-24T11:55:52","modified_gmt":"2024-04-24T09:55:52","slug":"bulut-sergi-acilisi","status":"publish","type":"event","link":"https:\/\/www.anika-net.de\/tr\/event\/bulut-sergi-acilisi\/","title":{"rendered":"Bulut \u2014 Ser\u00adgi a\u00e7\u0131l\u0131\u015f\u0131"},"content":{"rendered":"<h1><span style=\"color: #800080;\">Bulut \u2014 Ser\u00adgi a\u00e7\u0131l\u0131\u015f\u0131<\/span><\/h1>\n<p>Lana Aro\u00adur\u00ad\u2019un \u00e7al\u0131\u015f\u00adma\u00adla\u00adr\u0131n\u00adda genel\u00adlik\u00adle arka plan\u00adda ya da res\u00admin \u00fcst k\u0131s\u00adm\u0131n\u00adda yer alan \u015fey, orta\u00adya ve \u00f6n pla\u00adna ta\u015f\u0131\u00adn\u0131\u00adyor: bulut\u00adlar. Pas\u00adtel ton\u00adlar\u00adda narin ens\u00adtan\u00adta\u00adne\u00adler\u00addir. Port\u00adre\u00adle\u00adrin yan\u0131 s\u0131ra, gen\u00e7 res\u00adsa\u00adm\u0131n ana moti\u00adfi\u00addir\u00adler. \u0130bz\u00ad\u2019\u00adde bulut man\u00adza\u00adra\u00adla\u00adr\u0131n\u00addan bir se\u00e7\u00adki sergiliyor.<\/p>\n<p>Ser\u00adgi s\u00fcre\u00adsi <strong>01 A\u011fus\u00adtos 2024 tari\u00adhi\u00adne&nbsp;kadar<\/strong><br>\n\u00c7al\u0131\u015f\u00adma saat\u00adle\u00adri: 0721 89333710 adre\u00adsin\u00adden \u00f6nce\u00adden ran\u00adde\u00advu al\u0131narak<\/p>\n","protected":false},"author":12,"featured_media":48629,"template":"","class_list":["post-48658","event","type-event","status-publish","has-post-thumbnail","hentry","event_category-bos-vakit"],"acf":{"event-recurring":false,"event-category":97,"event-is-language-course":false,"event-recurring-still-active":true,"event-display-details":true,"event-schedules-recurring":null,"event-schedules-calendar":[{"event-calendar-day":"20240607","event-calendar-time":"19:00","event-calendar-time-text":""},{"event-calendar-day":"20240801","event-calendar-time":"","event-calendar-time-text":""}],"event-is-online":false,"event-online-url":"","event-location-building":"ibz, EG, Gro\u00dfer Saal","event-location-street":"Kaiserallee 12d","event-location-zip":"76133","event-location-city":"Karlsruhe","event-location-contact-person":"Nicole Blaffert","event-location-phone":"0721 89333710","event-location-phone-2":"","event-location-mail":"","event-location-mail-2":"","event-location-website":"https:\/\/www.ibz-karlsruhe.de\/events\/mensch-792\/","event-target-group":[{"target-group":"all"}],"event-target-group-comment":"","event-free":true,"event-organiser":[48607,25813],"event-header-copyright-overlay":true,"event-copyright-note-description-end":false},"featured_image_urls_v2":{"full":["https:\/\/www.anika-net.de\/wp-content\/uploads\/2024\/04\/cloud.png",277,421,false],"thumbnail":["https:\/\/www.anika-net.de\/wp-content\/uploads\/2024\/04\/cloud-150x150.png",150,150,true],"medium":["https:\/\/www.anika-net.de\/wp-content\/uploads\/2024\/04\/cloud-197x300.png",197,300,true],"medium_large":["https:\/\/www.anika-net.de\/wp-content\/uploads\/2024\/04\/cloud.png",277,421,false],"large":["https:\/\/www.anika-net.de\/wp-content\/uploads\/2024\/04\/cloud.png",277,421,false],"1536x1536":["https:\/\/www.anika-net.de\/wp-content\/uploads\/2024\/04\/cloud.png",277,421,false],"2048x2048":["https:\/\/www.anika-net.de\/wp-content\/uploads\/2024\/04\/cloud.png",277,421,false],"event-overview":["https:\/\/www.anika-net.de\/wp-content\/uploads\/2024\/04\/cloud.png",277,421,false],"event-archive-thumb":["https:\/\/www.anika-net.de\/wp-content\/uploads\/2024\/04\/cloud.png",277,421,false],"grid-item-thumbnail":["https:\/\/www.anika-net.de\/wp-content\/uploads\/2024\/04\/cloud-277x200.png",277,200,true],"network-partner-icon":["https:\/\/www.anika-net.de\/wp-content\/uploads\/2024\/04\/cloud-100x100.png",100,100,true],"organiser-icon":["https:\/\/www.anika-net.de\/wp-content\/uploads\/2024\/04\/cloud-200x200.png",200,200,true],"gform-image-choice-sm":["https:\/\/www.anika-net.de\/wp-content\/uploads\/2024\/04\/cloud.png",197,300,false],"gform-image-choice-md":["https:\/\/www.anika-net.de\/wp-content\/uploads\/2024\/04\/cloud.png",263,400,false],"gform-image-choice-lg":["https:\/\/www.anika-net.de\/wp-content\/uploads\/2024\/04\/cloud.png",277,421,false]},"post_excerpt_stackable_v2":"<p>Bulut \u2014 Ser\u00adgi a\u00e7\u0131\u00adl\u0131\u00ad\u015f\u0131 Lana Aro\u00adur\u00ad\u2019un \u00e7al\u0131\u015f\u00adma\u00adla\u00adr\u0131n\u00adda genel\u00adlik\u00adle arka plan\u00adda ya da res\u00admin \u00fcst k\u0131s\u00adm\u0131n\u00adda yer alan \u015fey, orta\u00adya ve \u00f6n pla\u00adna ta\u015f\u0131\u00adn\u0131\u00adyor: bulut\u00adlar. Pas\u00adtel ton\u00adlar\u00adda narin ens\u00adtan\u00adta\u00adne\u00adler\u00addir. Port\u00adre\u00adle\u00adrin yan\u0131 s\u0131ra, gen\u00e7 res\u00adsa\u00adm\u0131n ana moti\u00adfi\u00addir\u00adler. \u0130bz\u00ad\u2019\u00adde bulut man\u00adza\u00adra\u00adla\u00adr\u0131n\u00addan bir se\u00e7\u00adki ser\u00adgi\u00adli\u00adyor. Ser\u00adgi s\u00fcre\u00adsi 01 A\u011fus\u00adtos 2024 tari\u00adhi\u00adne&nbsp;kadar \u00c7al\u0131\u015f\u00adma saat\u00adle\u00adri: 0721 89333710 adre\u00adsin\u00adden \u00f6nce\u00adden ran\u00adde\u00advu al\u0131narak<\/p>\n","category_list_v2":"","author_info_v2":{"name":"Andrea Ramirez","url":"https:\/\/www.anika-net.de\/tr\/author\/andrea-ramirez\/"},"comments_num_v2":"0 comments","uagb_featured_image_src":{"full":["https:\/\/www.anika-net.de\/wp-content\/uploads\/2024\/04\/cloud.png",277,421,false],"thumbnail":["https:\/\/www.anika-net.de\/wp-content\/uploads\/2024\/04\/cloud-150x150.png",150,150,true],"medium":["https:\/\/www.anika-net.de\/wp-content\/uploads\/2024\/04\/cloud-197x300.png",197,300,true],"medium_large":["https:\/\/www.anika-net.de\/wp-content\/uploads\/2024\/04\/cloud.png",277,421,false],"large":["https:\/\/www.anika-net.de\/wp-content\/uploads\/2024\/04\/cloud.png",277,421,false],"1536x1536":["https:\/\/www.anika-net.de\/wp-content\/uploads\/2024\/04\/cloud.png",277,421,false],"2048x2048":["https:\/\/www.anika-net.de\/wp-content\/uploads\/2024\/04\/cloud.png",277,421,false],"event-overview":["https:\/\/www.anika-net.de\/wp-content\/uploads\/2024\/04\/cloud.png",277,421,false],"event-archive-thumb":["https:\/\/www.anika-net.de\/wp-content\/uploads\/2024\/04\/cloud.png",277,421,false],"grid-item-thumbnail":["https:\/\/www.anika-net.de\/wp-content\/uploads\/2024\/04\/cloud-277x200.png",277,200,true],"network-partner-icon":["https:\/\/www.anika-net.de\/wp-content\/uploads\/2024\/04\/cloud-100x100.png",100,100,true],"organiser-icon":["https:\/\/www.anika-net.de\/wp-content\/uploads\/2024\/04\/cloud-200x200.png",200,200,true],"gform-image-choice-sm":["https:\/\/www.anika-net.de\/wp-content\/uploads\/2024\/04\/cloud.png",197,300,false],"gform-image-choice-md":["https:\/\/www.anika-net.de\/wp-content\/uploads\/2024\/04\/cloud.png",263,400,false],"gform-image-choice-lg":["https:\/\/www.anika-net.de\/wp-content\/uploads\/2024\/04\/cloud.png",277,421,false]},"uagb_author_info":{"display_name":"Andrea Ramirez","author_link":"https:\/\/www.anika-net.de\/tr\/author\/andrea-ramirez\/"},"uagb_comment_info":0,"uagb_excerpt":"Bulut \u2014 Ser\u00adgi a\u00e7\u0131l\u0131\u015f\u0131 Lana Aro\u00adur\u00ad\u2019un \u00e7al\u0131\u015f\u00adma\u00adla\u00adr\u0131n\u00adda genel\u00adlik\u00adle arka plan\u00adda ya da res\u00admin \u00fcst k\u0131s\u00adm\u0131n\u00adda yer alan \u015fey, orta\u00adya ve \u00f6n pla\u00adna ta\u015f\u0131\u00adn\u0131\u00adyor: bulut\u00adlar. Pas\u00adtel ton\u00adlar\u00adda narin ens\u00adtan\u00adta\u00adne\u00adler\u00addir. Port\u00adre\u00adle\u00adrin yan\u0131&nbsp;daha fazla okuyun","_links":{"self":[{"href":"https:\/\/www.anika-net.de\/tr\/wp-json\/wp\/v2\/event\/48658","targetHints":{"allow":["GET"]}}],"collection":[{"href":"https:\/\/www.anika-net.de\/tr\/wp-json\/wp\/v2\/event"}],"about":[{"href":"https:\/\/www.anika-net.de\/tr\/wp-json\/wp\/v2\/types\/event"}],"author":[{"embeddable":true,"href":"https:\/\/www.anika-net.de\/tr\/wp-json\/wp\/v2\/users\/12"}],"version-history":[{"count":0,"href":"https:\/\/www.anika-net.de\/tr\/wp-json\/wp\/v2\/event\/48658\/revisions"}],"acf:post":[{"embeddable":true,"href":"https:\/\/www.anika-net.de\/tr\/wp-json\/wp\/v2\/organiser\/25813"},{"embeddable":true,"href":"https:\/\/www.anika-net.de\/tr\/wp-json\/wp\/v2\/organiser\/48607"}],"acf:term":[{"embeddable":true,"taxonomy":"event_category","href":"https:\/\/www.anika-net.de\/tr\/wp-json\/wp\/v2\/event_category\/97"}],"wp:featuredmedia":[{"embeddable":true,"href":"https:\/\/www.anika-net.de\/tr\/wp-json\/wp\/v2\/media\/48629"}],"wp:attachment":[{"href":"https:\/\/www.anika-net.de\/tr\/wp-json\/wp\/v2\/media?parent=48658"}],"curies":[{"name":"wp","href":"https:\/\/api.w.org\/{rel}","templated":true}]}}

Bulut — Ser­gi açılışı

<h1><span style="color: #800080;">Bulut — Ser­gi açılışı</span></h1>
<p>Lana Aro­ur­’un çalış­ma­la­rın­da genel­lik­le arka plan­da ya da res­min üst kıs­mın­da yer alan şey, orta­ya ve ön pla­na taşı­nı­yor: bulut­lar. Pas­tel ton­lar­da narin ens­tan­ta­ne­ler­dir. Port­re­le­rin yanı sıra, genç res­sa­mın ana moti­fi­dir­ler. İbz­’­de bulut man­za­ra­la­rın­dan bir seç­ki sergiliyor.</p>
<p>Ser­gi süre­si <strong>01 Ağus­tos 2024 tari­hi­ne&nbsp;kadar</strong><br>
Çalış­ma saat­le­ri: 0721 89333710 adre­sin­den önce­den ran­de­vu alınarak</p>

ibz, EG, Großer Saal

<p>Bulut — Ser­gi açı­lı­şı Lana Aro­ur­’un çalış­ma­la­rın­da genel­lik­le arka plan­da ya da res­min üst kıs­mın­da yer alan şey, orta­ya ve ön pla­na taşı­nı­yor: bulut­lar. Pas­tel ton­lar­da narin ens­tan­ta­ne­ler­dir. Port­re­le­rin yanı sıra, genç res­sa­mın ana moti­fi­dir­ler. İbz­’­de bulut man­za­ra­la­rın­dan bir seç­ki ser­gi­li­yor. Ser­gi süre­si 01 Ağus­tos 2024 tari­hi­ne&nbsp;kadar Çalış­ma saat­le­ri: 0721 89333710 adre­sin­den önce­den ran­de­vu alınarak</p>

Bulut — Ser­gi açılışı Lana Aro­ur­’un çalış­ma­la­rın­da genel­lik­le arka plan­da ya da res­min üst kıs­mın­da yer alan şey, orta­ya ve ön pla­na taşı­nı­yor: bulut­lar. Pas­tel ton­lar­da narin ens­tan­ta­ne­ler­dir. Port­re­le­rin yanı&nbsp;daha fazla okuyun
