{"id":47450,"date":"2024-03-15T12:49:33","date_gmt":"2024-03-15T11:49:33","guid":{"rendered":"https:\/\/www.anika-net.de\/event\/almanyada-sosyal-guvenlik-sistemi\/"},"modified":"2024-03-15T12:49:33","modified_gmt":"2024-03-15T11:49:33","slug":"almanyada-sosyal-guvenlik-sistemi","status":"publish","type":"event","link":"https:\/\/www.anika-net.de\/tr\/event\/almanyada-sosyal-guvenlik-sistemi\/","title":{"rendered":"Alman\u00adya\u00ad\u2019\u00adda Sos\u00adyal G\u00fcven\u00adlik Sistemi"},"content":{"rendered":"<h3><span style=\"color: #008080;\"><strong>\u0130ng\u00adil\u00adizce \u00e7ev\u00adri\u00admi\u00ad\u00e7i seminer<\/strong><\/span><\/h3>\n<h1><span style=\"color: #ffcc00;\">Alman\u00adya\u00ad\u2019\u00adda Sos\u00adyal G\u00fcven\u00adlik Sistemi<\/span><\/h1>\n<p><em><strong>Zoom \u00fcze\u00adrin\u00adden \u00e7evrimi\u00e7i<\/strong><\/em><\/p>\n<p>Alman\u00adya\u00ad\u2019\u00adda sos\u00adyal g\u00fcven\u00adlik sis\u00adte\u00admi nas\u0131l i\u015fli\u00adyor? Sos\u00adyal sigor\u00adta, Alman\u00adya\u00ad\u2019\u00adda ya\u015fa\u00add\u0131\u00ad\u011f\u0131\u00adn\u0131z\u00adda, \u00e7al\u0131\u015f\u00adt\u0131\u00ad\u011f\u0131\u00adn\u0131z\u00adda veya oku\u00addu\u00ad\u011fu\u00adnuz\u00adda kar\u00ad\u015f\u0131\u00adla\u00ad\u015fa\u00adca\u00ad\u011f\u0131\u00adn\u0131z ilk ida\u00adri konu\u00adlar\u00addan biridir.<\/p>\n<p>Sizi Alman\u00adya\u00ad\u2019\u00adda\u00adki sos\u00adyal g\u00fcven\u00adlik sis\u00adte\u00admi ve Karls\u00adru\u00adhe Tek\u00adno\u00adlo\u00adji B\u00f6l\u00adge\u00adsi\u00ad\u2019n\u00adde\u00adki \u00e7e\u015fit\u00adli sa\u011f\u00adl\u0131k sigor\u00adta\u00ads\u0131 \u015fir\u00adket\u00adle\u00adri hak\u00adk\u0131n\u00adda can\u00adl\u0131 \u00e7ev\u00adri\u00admi\u00ad\u00e7i semi\u00adne\u00adri\u00admi\u00adze davet etmek istiyoruz.<\/p>\n<p><strong>Bu \u00e7ev\u00adri\u00admi\u00ad\u00e7i etkin\u00adlik<\/strong>, BARMER sa\u011f\u00adl\u0131k sigor\u00adta\u00ads\u0131 \u015fir\u00adke\u00adti ile i\u015fbir\u00adli\u00ad\u011fi i\u00e7in\u00adde <strong>\u0130ng\u00adil\u00adizce ola\u00adrak d\u00fczen\u00adle\u00adne\u00adcek\u00adtir<\/strong>.<\/p>\n<h3>Kat\u0131\u00adl\u0131\u00adm\u0131\u00adn\u0131\u00adz\u0131 d\u00f6rt g\u00f6z\u00adle bekliyoruz!<br>\n<a href=\"https:\/\/us02web.zoom.us\/meeting\/register\/tZApde6qrToiGte61geL3_pNeYEteMIJIn9J#\/registration\" rel=\"noopener\">L\u00fct\u00adfen bura\u00addan kay\u0131t&nbsp;olun<\/a><\/h3>\n","protected":false},"author":12,"featured_media":47443,"template":"","class_list":["post-47450","event","type-event","status-publish","has-post-thumbnail","hentry","event_category-yardim-olanaklari"],"acf":{"event-recurring":false,"event-category":95,"event-is-language-course":false,"event-recurring-still-active":true,"event-display-details":true,"event-schedules-recurring":null,"event-schedules-calendar":[{"event-calendar-day":"20240321","event-calendar-time":"2 - 3.30 pm CEST","event-calendar-time-text":""}],"event-is-online":true,"event-online-url":"https:\/\/us02web.zoom.us\/meeting\/register\/tZApde6qrToiGte61geL3_pNeYEteMIJIn9J#\/registration","event-location-building":"","event-location-street":"","event-location-zip":"","event-location-city":"","event-location-contact-person":"Monika Stahl","event-location-phone":"","event-location-phone-2":"","event-location-mail":"","event-location-mail-2":"","event-location-website":"https:\/\/trk.de\/wcc\/","event-target-group":null,"event-target-group-comment":"uluslararas\u0131 profesyoneller (Almanya'da veya yurtd\u0131\u015f\u0131nda), \u00f6\u011frenciler ve stajyerler","event-free":true,"event-organiser":[16651],"event-header-copyright-overlay":true,"event-copyright-note-description-end":false},"featured_image_urls_v2":{"full":["https:\/\/www.anika-net.de\/wp-content\/uploads\/2024\/03\/welcome-center.png",919,911,false],"thumbnail":["https:\/\/www.anika-net.de\/wp-content\/uploads\/2024\/03\/welcome-center-150x150.png",150,150,true],"medium":["https:\/\/www.anika-net.de\/wp-content\/uploads\/2024\/03\/welcome-center-300x297.png",300,297,true],"medium_large":["https:\/\/www.anika-net.de\/wp-content\/uploads\/2024\/03\/welcome-center-768x761.png",640,634,true],"large":["https:\/\/www.anika-net.de\/wp-content\/uploads\/2024\/03\/welcome-center.png",640,634,false],"1536x1536":["https:\/\/www.anika-net.de\/wp-content\/uploads\/2024\/03\/welcome-center.png",919,911,false],"2048x2048":["https:\/\/www.anika-net.de\/wp-content\/uploads\/2024\/03\/welcome-center.png",919,911,false],"event-overview":["https:\/\/www.anika-net.de\/wp-content\/uploads\/2024\/03\/welcome-center-919x640.png",919,640,true],"event-archive-thumb":["https:\/\/www.anika-net.de\/wp-content\/uploads\/2024\/03\/welcome-center-480x476.png",480,476,true],"grid-item-thumbnail":["https:\/\/www.anika-net.de\/wp-content\/uploads\/2024\/03\/welcome-center-360x200.png",360,200,true],"network-partner-icon":["https:\/\/www.anika-net.de\/wp-content\/uploads\/2024\/03\/welcome-center-100x100.png",100,100,true],"organiser-icon":["https:\/\/www.anika-net.de\/wp-content\/uploads\/2024\/03\/welcome-center-200x200.png",200,200,true],"gform-image-choice-sm":["https:\/\/www.anika-net.de\/wp-content\/uploads\/2024\/03\/welcome-center.png",300,297,false],"gform-image-choice-md":["https:\/\/www.anika-net.de\/wp-content\/uploads\/2024\/03\/welcome-center.png",400,397,false],"gform-image-choice-lg":["https:\/\/www.anika-net.de\/wp-content\/uploads\/2024\/03\/welcome-center.png",600,595,false]},"post_excerpt_stackable_v2":"<p>\u0130ng\u00adil\u00adizce \u00e7ev\u00adri\u00admi\u00ad\u00e7i semi\u00adner Alman\u00adya\u00ad\u2019\u00adda Sos\u00adyal G\u00fcven\u00adlik Sis\u00adte\u00admi Zoom \u00fcze\u00adrin\u00adden \u00e7ev\u00adri\u00admi\u00ad\u00e7i Alman\u00adya\u00ad\u2019\u00adda sos\u00adyal g\u00fcven\u00adlik sis\u00adte\u00admi nas\u0131l i\u015fli\u00adyor? Sos\u00adyal sigor\u00adta, Alman\u00adya\u00ad\u2019\u00adda ya\u015fa\u00add\u0131\u00ad\u011f\u0131\u00adn\u0131z\u00adda, \u00e7al\u0131\u015f\u00adt\u0131\u00ad\u011f\u0131\u00adn\u0131z\u00adda veya oku\u00addu\u00ad\u011fu\u00adnuz\u00adda kar\u00ad\u015f\u0131\u00adla\u00ad\u015fa\u00adca\u00ad\u011f\u0131\u00adn\u0131z ilk ida\u00adri konu\u00adlar\u00addan biri\u00addir. Sizi Alman\u00adya\u00ad\u2019\u00adda\u00adki sos\u00adyal g\u00fcven\u00adlik sis\u00adte\u00admi ve Karls\u00adru\u00adhe Tek\u00adno\u00adlo\u00adji B\u00f6l\u00adge\u00adsi\u00ad\u2019n\u00adde\u00adki \u00e7e\u015fit\u00adli sa\u011f\u00adl\u0131k sigor\u00adta\u00ads\u0131 \u015fir\u00adket\u00adle\u00adri hak\u00adk\u0131n\u00adda can\u00adl\u0131 \u00e7ev\u00adri\u00admi\u00ad\u00e7i semi\u00adne\u00adri\u00admi\u00adze davet etmek isti\u00adyo\u00adruz. Bu \u00e7ev\u00adri\u00admi\u00ad\u00e7i etkin\u00adlik, BARMER sa\u011f\u00adl\u0131k sigor\u00adta\u00ads\u0131 \u015fir\u00adke\u00adti ile i\u015fbir\u00adli\u00ad\u011fi i\u00e7in\u00adde \u0130ng\u00adil\u00adizce ola\u00adrak d\u00fczen\u00adle\u00adne\u00adcek\u00adtir. Kat\u0131\u00adl\u0131\u00adm\u0131\u00adn\u0131\u00adz\u0131 d\u00f6rt g\u00f6z\u00adle bek\u00adli\u00adyo\u00adruz! L\u00fct\u00adfen bura\u00addan kay\u0131t&nbsp;olun<\/p>\n","category_list_v2":"","author_info_v2":{"name":"Andrea Ramirez","url":"https:\/\/www.anika-net.de\/tr\/author\/andrea-ramirez\/"},"comments_num_v2":"0 comments","uagb_featured_image_src":{"full":["https:\/\/www.anika-net.de\/wp-content\/uploads\/2024\/03\/welcome-center.png",919,911,false],"thumbnail":["https:\/\/www.anika-net.de\/wp-content\/uploads\/2024\/03\/welcome-center-150x150.png",150,150,true],"medium":["https:\/\/www.anika-net.de\/wp-content\/uploads\/2024\/03\/welcome-center-300x297.png",300,297,true],"medium_large":["https:\/\/www.anika-net.de\/wp-content\/uploads\/2024\/03\/welcome-center-768x761.png",640,634,true],"large":["https:\/\/www.anika-net.de\/wp-content\/uploads\/2024\/03\/welcome-center.png",640,634,false],"1536x1536":["https:\/\/www.anika-net.de\/wp-content\/uploads\/2024\/03\/welcome-center.png",919,911,false],"2048x2048":["https:\/\/www.anika-net.de\/wp-content\/uploads\/2024\/03\/welcome-center.png",919,911,false],"event-overview":["https:\/\/www.anika-net.de\/wp-content\/uploads\/2024\/03\/welcome-center-919x640.png",919,640,true],"event-archive-thumb":["https:\/\/www.anika-net.de\/wp-content\/uploads\/2024\/03\/welcome-center-480x476.png",480,476,true],"grid-item-thumbnail":["https:\/\/www.anika-net.de\/wp-content\/uploads\/2024\/03\/welcome-center-360x200.png",360,200,true],"network-partner-icon":["https:\/\/www.anika-net.de\/wp-content\/uploads\/2024\/03\/welcome-center-100x100.png",100,100,true],"organiser-icon":["https:\/\/www.anika-net.de\/wp-content\/uploads\/2024\/03\/welcome-center-200x200.png",200,200,true],"gform-image-choice-sm":["https:\/\/www.anika-net.de\/wp-content\/uploads\/2024\/03\/welcome-center.png",300,297,false],"gform-image-choice-md":["https:\/\/www.anika-net.de\/wp-content\/uploads\/2024\/03\/welcome-center.png",400,397,false],"gform-image-choice-lg":["https:\/\/www.anika-net.de\/wp-content\/uploads\/2024\/03\/welcome-center.png",600,595,false]},"uagb_author_info":{"display_name":"Andrea Ramirez","author_link":"https:\/\/www.anika-net.de\/tr\/author\/andrea-ramirez\/"},"uagb_comment_info":0,"uagb_excerpt":"\u0130ng\u00adil\u00adizce \u00e7ev\u00adri\u00admi\u00ad\u00e7i seminer Alman\u00adya\u00ad\u2019\u00adda Sos\u00adyal G\u00fcven\u00adlik Sistemi Zoom \u00fcze\u00adrin\u00adden \u00e7evrimi\u00e7i Alman\u00adya\u00ad\u2019\u00adda sos\u00adyal g\u00fcven\u00adlik sis\u00adte\u00admi nas\u0131l i\u015fli\u00adyor? Sos\u00adyal sigor\u00adta, Alman\u00adya\u00ad\u2019\u00adda ya\u015fa\u00add\u0131\u00ad\u011f\u0131\u00adn\u0131z\u00adda, \u00e7al\u0131\u015f\u00adt\u0131\u00ad\u011f\u0131\u00adn\u0131z\u00adda veya oku\u00addu\u00ad\u011fu\u00adnuz\u00adda kar\u00ad\u015f\u0131\u00adla\u00ad\u015fa\u00adca\u00ad\u011f\u0131\u00adn\u0131z ilk ida\u00adri konu\u00adlar\u00addan biridir. Sizi Alman\u00adya\u00ad\u2019\u00adda\u00adki&nbsp;daha fazla okuyun","_links":{"self":[{"href":"https:\/\/www.anika-net.de\/tr\/wp-json\/wp\/v2\/event\/47450","targetHints":{"allow":["GET"]}}],"collection":[{"href":"https:\/\/www.anika-net.de\/tr\/wp-json\/wp\/v2\/event"}],"about":[{"href":"https:\/\/www.anika-net.de\/tr\/wp-json\/wp\/v2\/types\/event"}],"author":[{"embeddable":true,"href":"https:\/\/www.anika-net.de\/tr\/wp-json\/wp\/v2\/users\/12"}],"version-history":[{"count":0,"href":"https:\/\/www.anika-net.de\/tr\/wp-json\/wp\/v2\/event\/47450\/revisions"}],"acf:post":[{"embeddable":true,"href":"https:\/\/www.anika-net.de\/tr\/wp-json\/wp\/v2\/organiser\/16651"}],"acf:term":[{"embeddable":true,"taxonomy":"event_category","href":"https:\/\/www.anika-net.de\/tr\/wp-json\/wp\/v2\/event_category\/95"}],"wp:featuredmedia":[{"embeddable":true,"href":"https:\/\/www.anika-net.de\/tr\/wp-json\/wp\/v2\/media\/47443"}],"wp:attachment":[{"href":"https:\/\/www.anika-net.de\/tr\/wp-json\/wp\/v2\/media?parent=47450"}],"curies":[{"name":"wp","href":"https:\/\/api.w.org\/{rel}","templated":true}]}}

Alman­ya­’­da Sos­yal Güven­lik Sistemi

<h3><span style="color: #008080;"><strong>İng­il­izce çev­ri­mi­çi seminer</strong></span></h3>
<h1><span style="color: #ffcc00;">Alman­ya­’­da Sos­yal Güven­lik Sistemi</span></h1>
<p><em><strong>Zoom üze­rin­den çevrimiçi</strong></em></p>
<p>Alman­ya­’­da sos­yal güven­lik sis­te­mi nasıl işli­yor? Sos­yal sigor­ta, Alman­ya­’­da yaşa­dı­ğı­nız­da, çalış­tı­ğı­nız­da veya oku­du­ğu­nuz­da kar­şı­la­şa­ca­ğı­nız ilk ida­ri konu­lar­dan biridir.</p>
<p>Sizi Alman­ya­’­da­ki sos­yal güven­lik sis­te­mi ve Karls­ru­he Tek­no­lo­ji Böl­ge­si­’n­de­ki çeşit­li sağ­lık sigor­ta­sı şir­ket­le­ri hak­kın­da can­lı çev­ri­mi­çi semi­ne­ri­mi­ze davet etmek istiyoruz.</p>
<p><strong>Bu çev­ri­mi­çi etkin­lik</strong>, BARMER sağ­lık sigor­ta­sı şir­ke­ti ile işbir­li­ği için­de <strong>İng­il­izce ola­rak düzen­le­ne­cek­tir</strong>.</p>
<h3>Katı­lı­mı­nı­zı dört göz­le bekliyoruz!<br>
<a href="https://us02web.zoom.us/meeting/register/tZApde6qrToiGte61geL3_pNeYEteMIJIn9J#/registration" rel="noopener">Lüt­fen bura­dan kayıt&nbsp;olun</a></h3>

uluslararası profesyoneller (Almanya'da veya yurtdışında), öğrenciler ve stajyerler

<p>İng­il­izce çev­ri­mi­çi semi­ner Alman­ya­’­da Sos­yal Güven­lik Sis­te­mi Zoom üze­rin­den çev­ri­mi­çi Alman­ya­’­da sos­yal güven­lik sis­te­mi nasıl işli­yor? Sos­yal sigor­ta, Alman­ya­’­da yaşa­dı­ğı­nız­da, çalış­tı­ğı­nız­da veya oku­du­ğu­nuz­da kar­şı­la­şa­ca­ğı­nız ilk ida­ri konu­lar­dan biri­dir. Sizi Alman­ya­’­da­ki sos­yal güven­lik sis­te­mi ve Karls­ru­he Tek­no­lo­ji Böl­ge­si­’n­de­ki çeşit­li sağ­lık sigor­ta­sı şir­ket­le­ri hak­kın­da can­lı çev­ri­mi­çi semi­ne­ri­mi­ze davet etmek isti­yo­ruz. Bu çev­ri­mi­çi etkin­lik, BARMER sağ­lık sigor­ta­sı şir­ke­ti ile işbir­li­ği için­de İng­il­izce ola­rak düzen­le­ne­cek­tir. Katı­lı­mı­nı­zı dört göz­le bek­li­yo­ruz! Lüt­fen bura­dan kayıt&nbsp;olun</p>

İng­il­izce çev­ri­mi­çi seminer Alman­ya­’­da Sos­yal Güven­lik Sistemi Zoom üze­rin­den çevrimiçi Alman­ya­’­da sos­yal güven­lik sis­te­mi nasıl işli­yor? Sos­yal sigor­ta, Alman­ya­’­da yaşa­dı­ğı­nız­da, çalış­tı­ğı­nız­da veya oku­du­ğu­nuz­da kar­şı­la­şa­ca­ğı­nız ilk ida­ri konu­lar­dan biridir. Sizi Alman­ya­’­da­ki&nbsp;daha fazla okuyun
