{"id":47040,"date":"2024-02-28T10:49:29","date_gmt":"2024-02-28T09:49:29","guid":{"rendered":"https:\/\/www.anika-net.de\/event\/calistay-cesitliligin-taninmasi\/"},"modified":"2024-02-28T10:49:29","modified_gmt":"2024-02-28T09:49:29","slug":"calistay-cesitliligin-taninmasi","status":"publish","type":"event","link":"https:\/\/www.anika-net.de\/tr\/event\/calistay-cesitliligin-taninmasi\/","title":{"rendered":"\u00c7al\u0131\u015f\u00adtay: \u00c7e\u015fit\u00adli\u00adli\u00ad\u011fin tan\u0131nmas\u0131"},"content":{"rendered":"<h1><span style=\"color: #333399;\">\u00c7al\u0131\u015f\u00adtay: \u00c7e\u015fit\u00adli\u00adli\u00ad\u011fin tan\u0131nmas\u0131<\/span><\/h1>\n<p>\u00c7e\u015fit\u00adli\u00adli\u00ad\u011fi kabul etmek, \u00e7ok\u00adlu bak\u0131\u015f a\u00e7\u0131\u00adla\u00adr\u0131 kul\u00adlan\u00admak \u2014 Pro\u00adje ekibinizi\/kurulu\u015funuzu ayr\u0131m\u00adc\u0131\u00adl\u0131\u00ad\u011fa kar\u00ad\u015f\u0131 duyar\u00adl\u0131 hale getirmek&nbsp;\ud83e\udd1d\ud83d\udca1<br>\n\u00c7e\u015fit\u00adli\u00adli\u00ad\u011fin fark\u00adl\u0131 sevi\u00adye\u00adle\u00adri var\u00add\u0131r ve ekip halin\u00adde \u00e7al\u0131\u015f\u00admak i\u00e7in \u00f6nem\u00adli\u00addir. Bunu anla\u00admak i\u00e7in ele\u015f\u00adti\u00adrel d\u00fc\u015f\u00fcn\u00adme, empa\u00adti ve \u00e7ok daha faz\u00adla\u00ads\u0131 gibi bece\u00adri\u00adle\u00adre ihti\u00adya\u00adc\u0131\u00adm\u0131z&nbsp;var.&nbsp;\ud83c\udf10\u2728<br>\nBu at\u00f6l\u00adye \u00e7al\u0131\u015f\u00adma\u00ads\u0131n\u00adda, uzma\u00adn\u0131\u00adm\u0131z Sume\u00adra Syed ile bir\u00adlik\u00adte ve ondan \u00e7e\u015fit\u00adli\u00adli\u00ad\u011fin potan\u00adsi\u00adye\u00adli\u00adni bilin\u00e7\u00adli bir \u015fekil\u00adde nas\u0131l kul\u00adla\u00adna\u00adbi\u00adle\u00adce\u00ad\u011fi\u00admi\u00adzi ve ayr\u0131m\u00adc\u0131\u00adl\u0131\u00ad\u011fa nas\u0131l kar\u00ad\u015f\u0131 koya\u00adbi\u00adle\u00adce\u00ad\u011fi\u00admi\u00adzi \u00f6\u011frenece\u011fiz.<br>\n\u00d6yley\u00adse ilham veri\u00adci bir at\u00f6l\u00adye \u00e7al\u0131\u015f\u00adma\u00ads\u0131\u00adna daha kat\u0131\u00adl\u0131n ve i\u00e7e\u00adri\u00ad\u011fi \u00e7al\u0131\u015f\u00adma\u00adla\u00adr\u0131\u00adn\u0131z i\u00e7in kul\u00adla\u00adn\u0131n! \u0130st\u00ader daha \u00f6nce dene\u00adyi\u00admi\u00adniz olsun ister sade\u00adce merak edi\u00adyor olun, bu at\u00f6l\u00adye sizin i\u00e7in\u00addir ve bak\u0131\u015f a\u00e7\u0131\u00adla\u00adr\u0131\u00adn\u0131\u00adza kat\u00adk\u0131\u00adda bulun\u00adma\u00adn\u0131z i\u00e7in alan&nbsp;sunar.<\/p>\n<p>\ud83d\udc49 <a href=\"https:\/\/www.eventbrite.de\/e\/workshop-diversity-in-your-team-tickets-847078874717?utm-campaign=social&amp;utm-content=attendeeshare&amp;utm-medium=discovery&amp;utm-term=listing&amp;utm-source=cp&amp;aff=ebdsshcopyurl\" rel=\"noopener\">\u015eim\u00addi \u00fccret\u00adsiz kaydolun<\/a><\/p>\n<p>\u2139\ufe0f Dil: \u0130ng\u00adil\u00adizce (Alman\u00adca ve Fran\u00ads\u0131z\u00adca\u00adya \u00e7evi\u00adri m\u00fcmk\u00fcn)<\/p>\n","protected":false},"author":12,"featured_media":47023,"template":"","class_list":["post-47040","event","type-event","status-publish","has-post-thumbnail","hentry","event_category-is"],"acf":{"event-recurring":false,"event-category":96,"event-is-language-course":false,"event-recurring-still-active":true,"event-display-details":true,"event-schedules-recurring":null,"event-schedules-calendar":[{"event-calendar-day":"20240318","event-calendar-time":"14:00 - 17:00","event-calendar-time-text":""}],"event-is-online":false,"event-online-url":"","event-location-building":"Impact Hub Karlsruhe","event-location-street":"Kaiserstr. 97","event-location-zip":"76133","event-location-city":"Karlsruhe","event-location-contact-person":"Juliette & Tom","event-location-phone":"","event-location-phone-2":"","event-location-mail":"karlsruhe@singa-deutschland.de","event-location-mail-2":"","event-location-website":"https:\/\/singabusinesslab.de\/link\/","event-target-group":null,"event-target-group-comment":"Proje sahipleri, dernek \u00fcyeleri, giri\u015fimciler, ekip y\u00f6neticileri, merakl\u0131 insanlar","event-free":true,"event-organiser":[46781],"event-header-copyright-overlay":true,"event-copyright-note-description-end":false},"featured_image_urls_v2":{"full":["https:\/\/www.anika-net.de\/wp-content\/uploads\/2024\/02\/Link_workshop.jpg",605,340,false],"thumbnail":["https:\/\/www.anika-net.de\/wp-content\/uploads\/2024\/02\/Link_workshop-150x150.jpg",150,150,true],"medium":["https:\/\/www.anika-net.de\/wp-content\/uploads\/2024\/02\/Link_workshop-300x169.jpg",300,169,true],"medium_large":["https:\/\/www.anika-net.de\/wp-content\/uploads\/2024\/02\/Link_workshop.jpg",605,340,false],"large":["https:\/\/www.anika-net.de\/wp-content\/uploads\/2024\/02\/Link_workshop.jpg",605,340,false],"1536x1536":["https:\/\/www.anika-net.de\/wp-content\/uploads\/2024\/02\/Link_workshop.jpg",605,340,false],"2048x2048":["https:\/\/www.anika-net.de\/wp-content\/uploads\/2024\/02\/Link_workshop.jpg",605,340,false],"event-overview":["https:\/\/www.anika-net.de\/wp-content\/uploads\/2024\/02\/Link_workshop.jpg",605,340,false],"event-archive-thumb":["https:\/\/www.anika-net.de\/wp-content\/uploads\/2024\/02\/Link_workshop-480x270.jpg",480,270,true],"grid-item-thumbnail":["https:\/\/www.anika-net.de\/wp-content\/uploads\/2024\/02\/Link_workshop-360x200.jpg",360,200,true],"network-partner-icon":["https:\/\/www.anika-net.de\/wp-content\/uploads\/2024\/02\/Link_workshop-100x100.jpg",100,100,true],"organiser-icon":["https:\/\/www.anika-net.de\/wp-content\/uploads\/2024\/02\/Link_workshop-200x200.jpg",200,200,true],"gform-image-choice-sm":["https:\/\/www.anika-net.de\/wp-content\/uploads\/2024\/02\/Link_workshop.jpg",300,169,false],"gform-image-choice-md":["https:\/\/www.anika-net.de\/wp-content\/uploads\/2024\/02\/Link_workshop.jpg",400,225,false],"gform-image-choice-lg":["https:\/\/www.anika-net.de\/wp-content\/uploads\/2024\/02\/Link_workshop.jpg",600,337,false]},"post_excerpt_stackable_v2":"<p>\u00c7al\u0131\u015f\u00adtay: \u00c7e\u015fit\u00adli\u00adli\u00ad\u011fin tan\u0131n\u00adma\u00ads\u0131 \u00c7e\u015fit\u00adli\u00adli\u00ad\u011fi kabul etmek, \u00e7ok\u00adlu bak\u0131\u015f a\u00e7\u0131\u00adla\u00adr\u0131 kul\u00adlan\u00admak \u2014 Pro\u00adje ekibinizi\/kurulu\u015funuzu ayr\u0131m\u00adc\u0131\u00adl\u0131\u00ad\u011fa kar\u00ad\u015f\u0131 duyar\u00adl\u0131 hale getir\u00admek&nbsp;\ud83e\udd1d\ud83d\udca1 \u00c7e\u015fit\u00adli\u00adli\u00ad\u011fin fark\u00adl\u0131 sevi\u00adye\u00adle\u00adri var\u00add\u0131r ve ekip halin\u00adde \u00e7al\u0131\u015f\u00admak i\u00e7in \u00f6nem\u00adli\u00addir. Bunu anla\u00admak i\u00e7in ele\u015f\u00adti\u00adrel d\u00fc\u015f\u00fcn\u00adme, empa\u00adti ve \u00e7ok daha faz\u00adla\u00ads\u0131 gibi bece\u00adri\u00adle\u00adre ihti\u00adya\u00adc\u0131\u00adm\u0131z&nbsp;var.&nbsp;\ud83c\udf10\u2728 Bu at\u00f6l\u00adye \u00e7al\u0131\u015f\u00adma\u00ads\u0131n\u00adda, uzma\u00adn\u0131\u00adm\u0131z Sume\u00adra Syed ile bir\u00adlik\u00adte ve ondan \u00e7e\u015fit\u00adli\u00adli\u00ad\u011fin potan\u00adsi\u00adye\u00adli\u00adni bilin\u00e7\u00adli bir \u015fekil\u00adde nas\u0131l kul\u00adla\u00adna\u00adbi\u00adle\u00adce\u00ad\u011fi\u00admi\u00adzi ve ayr\u0131m\u00adc\u0131\u00adl\u0131\u00ad\u011fa nas\u0131l kar\u00ad\u015f\u0131 koya\u00adbi\u00adle\u00adce\u00ad\u011fi\u00admi\u00adzi \u00f6\u011fre\u00adne\u00adce\u00ad\u011fiz. \u00d6yley\u00adse ilham veri\u00adci bir at\u00f6l\u00adye \u00e7al\u0131\u015f\u00adma\u00ads\u0131\u00adna daha kat\u0131\u00adl\u0131n ve i\u00e7e\u00adri\u00ad\u011fi \u00e7al\u0131\u015f\u00adma\u00adla\u00adr\u0131\u00adn\u0131z i\u00e7in kul\u00adla\u00adn\u0131n! \u0130st\u00ader daha \u00f6nce dene\u00adyi\u00admi\u00adniz olsun ister sade\u00adce merak edi\u00adyor olun, bu at\u00f6l\u00adye sizin i\u00e7in\u00addir ve bak\u0131\u015f a\u00e7\u0131\u00adla\u00adr\u0131\u00adn\u0131\u00adza kat\u00adk\u0131\u00adda bulun\u00adma\u00adn\u0131z i\u00e7in alan&nbsp;sunar. \ud83d\udc49&nbsp;\u015eimdi\u2026<\/p>\n","category_list_v2":"","author_info_v2":{"name":"Andrea Ramirez","url":"https:\/\/www.anika-net.de\/tr\/author\/andrea-ramirez\/"},"comments_num_v2":"0 comments","uagb_featured_image_src":{"full":["https:\/\/www.anika-net.de\/wp-content\/uploads\/2024\/02\/Link_workshop.jpg",605,340,false],"thumbnail":["https:\/\/www.anika-net.de\/wp-content\/uploads\/2024\/02\/Link_workshop-150x150.jpg",150,150,true],"medium":["https:\/\/www.anika-net.de\/wp-content\/uploads\/2024\/02\/Link_workshop-300x169.jpg",300,169,true],"medium_large":["https:\/\/www.anika-net.de\/wp-content\/uploads\/2024\/02\/Link_workshop.jpg",605,340,false],"large":["https:\/\/www.anika-net.de\/wp-content\/uploads\/2024\/02\/Link_workshop.jpg",605,340,false],"1536x1536":["https:\/\/www.anika-net.de\/wp-content\/uploads\/2024\/02\/Link_workshop.jpg",605,340,false],"2048x2048":["https:\/\/www.anika-net.de\/wp-content\/uploads\/2024\/02\/Link_workshop.jpg",605,340,false],"event-overview":["https:\/\/www.anika-net.de\/wp-content\/uploads\/2024\/02\/Link_workshop.jpg",605,340,false],"event-archive-thumb":["https:\/\/www.anika-net.de\/wp-content\/uploads\/2024\/02\/Link_workshop-480x270.jpg",480,270,true],"grid-item-thumbnail":["https:\/\/www.anika-net.de\/wp-content\/uploads\/2024\/02\/Link_workshop-360x200.jpg",360,200,true],"network-partner-icon":["https:\/\/www.anika-net.de\/wp-content\/uploads\/2024\/02\/Link_workshop-100x100.jpg",100,100,true],"organiser-icon":["https:\/\/www.anika-net.de\/wp-content\/uploads\/2024\/02\/Link_workshop-200x200.jpg",200,200,true],"gform-image-choice-sm":["https:\/\/www.anika-net.de\/wp-content\/uploads\/2024\/02\/Link_workshop.jpg",300,169,false],"gform-image-choice-md":["https:\/\/www.anika-net.de\/wp-content\/uploads\/2024\/02\/Link_workshop.jpg",400,225,false],"gform-image-choice-lg":["https:\/\/www.anika-net.de\/wp-content\/uploads\/2024\/02\/Link_workshop.jpg",600,337,false]},"uagb_author_info":{"display_name":"Andrea Ramirez","author_link":"https:\/\/www.anika-net.de\/tr\/author\/andrea-ramirez\/"},"uagb_comment_info":0,"uagb_excerpt":"\u00c7al\u0131\u015f\u00adtay: \u00c7e\u015fit\u00adli\u00adli\u00ad\u011fin tan\u0131nmas\u0131 \u00c7e\u015fit\u00adli\u00adli\u00ad\u011fi kabul etmek, \u00e7ok\u00adlu bak\u0131\u015f a\u00e7\u0131\u00adla\u00adr\u0131 kul\u00adlan\u00admak \u2014 Pro\u00adje ekibinizi\/kurulu\u015funuzu ayr\u0131m\u00adc\u0131\u00adl\u0131\u00ad\u011fa kar\u00ad\u015f\u0131 duyar\u00adl\u0131 hale getirmek&nbsp;\ud83e\udd1d\ud83d\udca1 \u00c7e\u015fit\u00adli\u00adli\u00ad\u011fin fark\u00adl\u0131 sevi\u00adye\u00adle\u00adri var\u00add\u0131r ve ekip halin\u00adde \u00e7al\u0131\u015f\u00admak i\u00e7in \u00f6nem\u00adli\u00addir. Bunu anla\u00admak&nbsp;daha fazla okuyun","_links":{"self":[{"href":"https:\/\/www.anika-net.de\/tr\/wp-json\/wp\/v2\/event\/47040","targetHints":{"allow":["GET"]}}],"collection":[{"href":"https:\/\/www.anika-net.de\/tr\/wp-json\/wp\/v2\/event"}],"about":[{"href":"https:\/\/www.anika-net.de\/tr\/wp-json\/wp\/v2\/types\/event"}],"author":[{"embeddable":true,"href":"https:\/\/www.anika-net.de\/tr\/wp-json\/wp\/v2\/users\/12"}],"version-history":[{"count":0,"href":"https:\/\/www.anika-net.de\/tr\/wp-json\/wp\/v2\/event\/47040\/revisions"}],"acf:post":[{"embeddable":true,"href":"https:\/\/www.anika-net.de\/tr\/wp-json\/wp\/v2\/organiser\/46781"}],"acf:term":[{"embeddable":true,"taxonomy":"event_category","href":"https:\/\/www.anika-net.de\/tr\/wp-json\/wp\/v2\/event_category\/96"}],"wp:featuredmedia":[{"embeddable":true,"href":"https:\/\/www.anika-net.de\/tr\/wp-json\/wp\/v2\/media\/47023"}],"wp:attachment":[{"href":"https:\/\/www.anika-net.de\/tr\/wp-json\/wp\/v2\/media?parent=47040"}],"curies":[{"name":"wp","href":"https:\/\/api.w.org\/{rel}","templated":true}]}}

Çalış­tay: Çeşit­li­li­ğin tanınması

<h1><span style="color: #333399;">Çalış­tay: Çeşit­li­li­ğin tanınması</span></h1>
<p>Çeşit­li­li­ği kabul etmek, çok­lu bakış açı­la­rı kul­lan­mak — Pro­je ekibinizi/kuruluşunuzu ayrım­cı­lı­ğa kar­şı duyar­lı hale getirmek&nbsp;🤝💡<br>
Çeşit­li­li­ğin fark­lı sevi­ye­le­ri var­dır ve ekip halin­de çalış­mak için önem­li­dir. Bunu anla­mak için eleş­ti­rel düşün­me, empa­ti ve çok daha faz­la­sı gibi bece­ri­le­re ihti­ya­cı­mız&nbsp;var.&nbsp;🌐✨<br>
Bu atöl­ye çalış­ma­sın­da, uzma­nı­mız Sume­ra Syed ile bir­lik­te ve ondan çeşit­li­li­ğin potan­si­ye­li­ni bilinç­li bir şekil­de nasıl kul­la­na­bi­le­ce­ği­mi­zi ve ayrım­cı­lı­ğa nasıl kar­şı koya­bi­le­ce­ği­mi­zi öğreneceğiz.<br>
Öyley­se ilham veri­ci bir atöl­ye çalış­ma­sı­na daha katı­lın ve içe­ri­ği çalış­ma­la­rı­nız için kul­la­nın! İst­er daha önce dene­yi­mi­niz olsun ister sade­ce merak edi­yor olun, bu atöl­ye sizin için­dir ve bakış açı­la­rı­nı­za kat­kı­da bulun­ma­nız için alan&nbsp;sunar.</p>
<p>👉 <a href="https://www.eventbrite.de/e/workshop-diversity-in-your-team-tickets-847078874717?utm-campaign=social&amp;utm-content=attendeeshare&amp;utm-medium=discovery&amp;utm-term=listing&amp;utm-source=cp&amp;aff=ebdsshcopyurl" rel="noopener">Şim­di ücret­siz kaydolun</a></p>
<p>ℹ️ Dil: İng­il­izce (Alman­ca ve Fran­sız­ca­ya çevi­ri mümkün)</p>

Proje sahipleri, dernek üyeleri, girişimciler, ekip yöneticileri, meraklı insanlar

<p>Çalış­tay: Çeşit­li­li­ğin tanın­ma­sı Çeşit­li­li­ği kabul etmek, çok­lu bakış açı­la­rı kul­lan­mak — Pro­je ekibinizi/kuruluşunuzu ayrım­cı­lı­ğa kar­şı duyar­lı hale getir­mek&nbsp;🤝💡 Çeşit­li­li­ğin fark­lı sevi­ye­le­ri var­dır ve ekip halin­de çalış­mak için önem­li­dir. Bunu anla­mak için eleş­ti­rel düşün­me, empa­ti ve çok daha faz­la­sı gibi bece­ri­le­re ihti­ya­cı­mız&nbsp;var.&nbsp;🌐✨ Bu atöl­ye çalış­ma­sın­da, uzma­nı­mız Sume­ra Syed ile bir­lik­te ve ondan çeşit­li­li­ğin potan­si­ye­li­ni bilinç­li bir şekil­de nasıl kul­la­na­bi­le­ce­ği­mi­zi ve ayrım­cı­lı­ğa nasıl kar­şı koya­bi­le­ce­ği­mi­zi öğre­ne­ce­ğiz. Öyley­se ilham veri­ci bir atöl­ye çalış­ma­sı­na daha katı­lın ve içe­ri­ği çalış­ma­la­rı­nız için kul­la­nın! İst­er daha önce dene­yi­mi­niz olsun ister sade­ce merak edi­yor olun, bu atöl­ye sizin için­dir ve bakış açı­la­rı­nı­za kat­kı­da bulun­ma­nız için alan&nbsp;sunar. 👉&nbsp;Şimdi…</p>

Çalış­tay: Çeşit­li­li­ğin tanınması Çeşit­li­li­ği kabul etmek, çok­lu bakış açı­la­rı kul­lan­mak — Pro­je ekibinizi/kuruluşunuzu ayrım­cı­lı­ğa kar­şı duyar­lı hale getirmek&nbsp;🤝💡 Çeşit­li­li­ğin fark­lı sevi­ye­le­ri var­dır ve ekip halin­de çalış­mak için önem­li­dir. Bunu anla­mak&nbsp;daha fazla okuyun
