{"id":46658,"date":"2024-01-30T12:57:34","date_gmt":"2024-01-30T11:57:34","guid":{"rendered":"https:\/\/www.anika-net.de\/event\/cocuk-haklari-festivali-2024\/"},"modified":"2024-01-30T12:57:34","modified_gmt":"2024-01-30T11:57:34","slug":"cocuk-haklari-festivali-2024","status":"publish","type":"event","link":"https:\/\/www.anika-net.de\/tr\/event\/cocuk-haklari-festivali-2024\/","title":{"rendered":"\u00c7ocuk Hak\u00adla\u00adr\u0131 Fes\u00adti\u00adva\u00adli&nbsp;2024"},"content":{"rendered":"<h1><span style=\"color: #800080;\">\u00c7ocuk Hak\u00adla\u00adr\u0131 Fes\u00adti\u00adva\u00adli&nbsp;2024<\/span><\/h1>\n<p><strong>\u201c\u00c7ocuk\u00adla\u00adr\u0131n \u00e7ocuk olma hak\u00adk\u0131<\/strong>\u201d 17. Kin\u00adder\u00adRech\u00adte\u00adFes\u00adt\u00ad\u2019in slo\u00adga\u00adn\u0131\u00add\u0131r. Saat 14:00\u2019ten 18:00\u2019e kadar TOLLHAUS, \u00e7ocuk\u00adlar ve onla\u00adr\u0131n hak\u00adla\u00adr\u0131 i\u00e7in renk\u00adli bir pazar yeri\u00adne d\u00f6n\u00fc\u015f\u00adt\u00fc\u00adr\u00fc\u00adlecek. \u015eehir Gen\u00e7\u00adlik Komi\u00adte\u00adsi, \u00c7ocuk Koru\u00adma Der\u00adne\u00ad\u011fi ve \u015eehir \u00c7ocuk B\u00fcro\u00adsu\u00ad\u2019\u00adnun yan\u0131 s\u0131ra Karls\u00adru\u00adhe \u015feh\u00adri ve b\u00f6l\u00adge\u00adsin\u00adden \u00e7ok say\u0131\u00adda ba\u015f\u00adka kuru\u00adlu\u015f da \u00e7ocuk\u00adla\u00adr\u0131 ve hak\u00adla\u00adr\u0131\u00adn\u0131 savun\u00admak ve onla\u00adr\u0131 \u00f6n pla\u00adna \u00e7\u0131kar\u00admak i\u00e7in ora\u00adda ola\u00adcak. Mobi\u00adbus etra\u00adf\u0131n\u00adda \u00e7ok say\u0131\u00adda uygu\u00adla\u00adma\u00adl\u0131 etkin\u00adlik ve akti\u00advi\u00adte, k\u00fc\u00e7\u00fck bir sah\u00adne prog\u00adra\u00adm\u0131, lez\u00adzet\u00adli bir pas\u00adta ve at\u0131\u015f\u00adt\u0131r\u00adma\u00adl\u0131k b\u00fcfe\u00adsi\u00adnin yan\u0131 s\u0131ra \u00e7e\u015fit\u00adli bil\u00adgi stant\u00adla\u00adr\u0131 ve \u00e7ocuk hak\u00adla\u00adr\u0131 hak\u00adk\u0131n\u00adda konu\u015f\u00adma f\u0131r\u00adsa\u00adt\u0131 olacak.<\/p>\n<p>\u00c7ocuk hak\u00adla\u00adr\u0131, Bir\u00adle\u015f\u00admi\u015f Mil\u00adlet\u00adler Genel Kuru\u00adlu tara\u00adf\u0131n\u00addan 20 Kas\u0131m 1989 tari\u00adhin\u00adde kabul edi\u00adlen ve bu y\u0131l 35. y\u0131l\u00add\u00f6\u00adn\u00fc\u00adm\u00fc\u00adn\u00fc kut\u00adla\u00adyan BM \u00c7ocuk Hak\u00adla\u00adr\u0131 S\u00f6z\u00adle\u015f\u00adme\u00adsi\u00ad\u2019n\u00adde yer almaktad\u0131r.<br>\nOrga\u00adni\u00adza\u00adt\u00f6r\u00adler (Stadt\u00adju\u00adgen\u00adda\u00adussc\u00adhuss e.V., Kin\u00addersc\u00adhutz\u00adbund, Stad\u00adtisc\u00adhes Kin\u00adder\u00adb\u00fc\u00adro ve TOLLHAUS) \u00e7ocuk hak\u00adla\u00adr\u0131\u00adn\u0131n g\u00fcn\u00adl\u00fck ya\u015fam\u00adda haya\u00adta ge\u00e7i\u00adril\u00adme\u00adsi\u00adni sa\u011f\u00adla\u00adma\u00adya karar\u00adl\u0131\u00add\u0131r. Bu neden\u00adle sizi, \u00e7ocuk\u00adla\u00adr\u0131 ve yeti\u015f\u00adkin\u00adle\u00adri \u00e7ocuk hak\u00adla\u00adr\u0131 konu\u00adsun\u00adda bilin\u00e7\u00adlen\u00addi\u00adren ve onla\u00adr\u0131 bu hak\u00adlar i\u00e7in aya\u00ad\u011fa kalk\u00adma\u00adya moti\u00adve eden renk\u00adli bir \u00f6\u011fle\u00adden son\u00adra\u00adya davet ediyorlar.<\/p>\n","protected":false},"author":12,"featured_media":46640,"template":"","class_list":["post-46658","event","type-event","status-publish","has-post-thumbnail","hentry","event_category-bos-vakit"],"acf":{"event-recurring":false,"event-category":97,"event-is-language-course":false,"event-recurring-still-active":true,"event-display-details":true,"event-schedules-recurring":null,"event-schedules-calendar":[{"event-calendar-day":"20240317","event-calendar-time":"14:00 - 18:00","event-calendar-time-text":""}],"event-is-online":false,"event-online-url":"","event-location-building":"Tollhaus","event-location-street":"Alter Schlachthof 35","event-location-zip":"76131","event-location-city":"Karlsruhe","event-location-contact-person":"","event-location-phone":"","event-location-phone-2":"","event-location-mail":"","event-location-mail-2":"","event-location-website":"https:\/\/www.tollhaus.de\/de\/data\/termin\/4182\/kinderrechtefest-2024.html","event-target-group":[{"target-group":"children"},{"target-group":"families"}],"event-target-group-comment":"","event-free":true,"event-organiser":[15991,16579,42765,46610],"event-header-copyright-overlay":true,"event-copyright-note-description-end":false},"featured_image_urls_v2":{"full":["https:\/\/www.anika-net.de\/wp-content\/uploads\/2024\/01\/children-rights-scaled.jpg",2560,1763,false],"thumbnail":["https:\/\/www.anika-net.de\/wp-content\/uploads\/2024\/01\/children-rights-150x150.jpg",150,150,true],"medium":["https:\/\/www.anika-net.de\/wp-content\/uploads\/2024\/01\/children-rights-300x207.jpg",300,207,true],"medium_large":["https:\/\/www.anika-net.de\/wp-content\/uploads\/2024\/01\/children-rights-768x529.jpg",640,441,true],"large":["https:\/\/www.anika-net.de\/wp-content\/uploads\/2024\/01\/children-rights-1024x705.jpg",640,441,true],"1536x1536":["https:\/\/www.anika-net.de\/wp-content\/uploads\/2024\/01\/children-rights-1536x1058.jpg",1536,1058,true],"2048x2048":["https:\/\/www.anika-net.de\/wp-content\/uploads\/2024\/01\/children-rights-2048x1410.jpg",2048,1410,true],"event-overview":["https:\/\/www.anika-net.de\/wp-content\/uploads\/2024\/01\/children-rights-960x640.jpg",960,640,true],"event-archive-thumb":["https:\/\/www.anika-net.de\/wp-content\/uploads\/2024\/01\/children-rights-480x331.jpg",480,331,true],"grid-item-thumbnail":["https:\/\/www.anika-net.de\/wp-content\/uploads\/2024\/01\/children-rights-360x200.jpg",360,200,true],"network-partner-icon":["https:\/\/www.anika-net.de\/wp-content\/uploads\/2024\/01\/children-rights-100x100.jpg",100,100,true],"organiser-icon":["https:\/\/www.anika-net.de\/wp-content\/uploads\/2024\/01\/children-rights-200x200.jpg",200,200,true],"gform-image-choice-sm":["https:\/\/www.anika-net.de\/wp-content\/uploads\/2024\/01\/children-rights-scaled.jpg",300,207,false],"gform-image-choice-md":["https:\/\/www.anika-net.de\/wp-content\/uploads\/2024\/01\/children-rights-scaled.jpg",400,275,false],"gform-image-choice-lg":["https:\/\/www.anika-net.de\/wp-content\/uploads\/2024\/01\/children-rights-scaled.jpg",600,413,false]},"post_excerpt_stackable_v2":"<p>\u00c7ocuk Hak\u00adla\u00adr\u0131 Fes\u00adti\u00adva\u00adli&nbsp;2024 \u201c\u00c7ocuk\u00adla\u00adr\u0131n \u00e7ocuk olma hak\u00adk\u0131\u201d 17. Kin\u00adder\u00adRech\u00adte\u00adFes\u00adt\u00ad\u2019in slo\u00adga\u00adn\u0131\u00add\u0131r. Saat 14:00\u2019ten 18:00\u2019e kadar TOLLHAUS, \u00e7ocuk\u00adlar ve onla\u00adr\u0131n hak\u00adla\u00adr\u0131 i\u00e7in renk\u00adli bir pazar yeri\u00adne d\u00f6n\u00fc\u015f\u00adt\u00fc\u00adr\u00fc\u00adlecek. \u015eehir Gen\u00e7\u00adlik Komi\u00adte\u00adsi, \u00c7ocuk Koru\u00adma Der\u00adne\u00ad\u011fi ve \u015eehir \u00c7ocuk B\u00fcro\u00adsu\u00ad\u2019\u00adnun yan\u0131 s\u0131ra Karls\u00adru\u00adhe \u015feh\u00adri ve b\u00f6l\u00adge\u00adsin\u00adden \u00e7ok say\u0131\u00adda ba\u015f\u00adka kuru\u00adlu\u015f da \u00e7ocuk\u00adla\u00adr\u0131 ve hak\u00adla\u00adr\u0131\u00adn\u0131 savun\u00admak ve onla\u00adr\u0131 \u00f6n pla\u00adna \u00e7\u0131kar\u00admak i\u00e7in ora\u00adda ola\u00adcak. Mobi\u00adbus etra\u00adf\u0131n\u00adda \u00e7ok say\u0131\u00adda uygu\u00adla\u00adma\u00adl\u0131 etkin\u00adlik ve akti\u00advi\u00adte, k\u00fc\u00e7\u00fck bir sah\u00adne prog\u00adra\u00adm\u0131, lez\u00adzet\u00adli bir pas\u00adta ve at\u0131\u015f\u00adt\u0131r\u00adma\u00adl\u0131k b\u00fcfe\u00adsi\u00adnin yan\u0131 s\u0131ra \u00e7e\u015fit\u00adli bil\u00adgi stant\u00adla\u00adr\u0131 ve \u00e7ocuk hak\u00adla\u00adr\u0131 hak\u00adk\u0131n\u00adda konu\u015f\u00adma f\u0131r\u00adsa\u00adt\u0131 ola\u00adcak. \u00c7ocuk hak\u00adla\u00adr\u0131, Bir\u00adle\u015f\u00admi\u015f Mil\u00adlet\u00adler Genel Kuru\u00adlu tara\u00adf\u0131n\u00addan 20 Kas\u0131m 1989 tari\u00adhin\u00adde&nbsp;kabul\u2026<\/p>\n","category_list_v2":"","author_info_v2":{"name":"Andrea Ramirez","url":"https:\/\/www.anika-net.de\/tr\/author\/andrea-ramirez\/"},"comments_num_v2":"0 comments","uagb_featured_image_src":{"full":["https:\/\/www.anika-net.de\/wp-content\/uploads\/2024\/01\/children-rights-scaled.jpg",2560,1763,false],"thumbnail":["https:\/\/www.anika-net.de\/wp-content\/uploads\/2024\/01\/children-rights-150x150.jpg",150,150,true],"medium":["https:\/\/www.anika-net.de\/wp-content\/uploads\/2024\/01\/children-rights-300x207.jpg",300,207,true],"medium_large":["https:\/\/www.anika-net.de\/wp-content\/uploads\/2024\/01\/children-rights-768x529.jpg",640,441,true],"large":["https:\/\/www.anika-net.de\/wp-content\/uploads\/2024\/01\/children-rights-1024x705.jpg",640,441,true],"1536x1536":["https:\/\/www.anika-net.de\/wp-content\/uploads\/2024\/01\/children-rights-1536x1058.jpg",1536,1058,true],"2048x2048":["https:\/\/www.anika-net.de\/wp-content\/uploads\/2024\/01\/children-rights-2048x1410.jpg",2048,1410,true],"event-overview":["https:\/\/www.anika-net.de\/wp-content\/uploads\/2024\/01\/children-rights-960x640.jpg",960,640,true],"event-archive-thumb":["https:\/\/www.anika-net.de\/wp-content\/uploads\/2024\/01\/children-rights-480x331.jpg",480,331,true],"grid-item-thumbnail":["https:\/\/www.anika-net.de\/wp-content\/uploads\/2024\/01\/children-rights-360x200.jpg",360,200,true],"network-partner-icon":["https:\/\/www.anika-net.de\/wp-content\/uploads\/2024\/01\/children-rights-100x100.jpg",100,100,true],"organiser-icon":["https:\/\/www.anika-net.de\/wp-content\/uploads\/2024\/01\/children-rights-200x200.jpg",200,200,true],"gform-image-choice-sm":["https:\/\/www.anika-net.de\/wp-content\/uploads\/2024\/01\/children-rights-scaled.jpg",300,207,false],"gform-image-choice-md":["https:\/\/www.anika-net.de\/wp-content\/uploads\/2024\/01\/children-rights-scaled.jpg",400,275,false],"gform-image-choice-lg":["https:\/\/www.anika-net.de\/wp-content\/uploads\/2024\/01\/children-rights-scaled.jpg",600,413,false]},"uagb_author_info":{"display_name":"Andrea Ramirez","author_link":"https:\/\/www.anika-net.de\/tr\/author\/andrea-ramirez\/"},"uagb_comment_info":0,"uagb_excerpt":"\u00c7ocuk Hak\u00adla\u00adr\u0131 Fes\u00adti\u00adva\u00adli&nbsp;2024 \u201c\u00c7ocuk\u00adla\u00adr\u0131n \u00e7ocuk olma hak\u00adk\u0131\u201d 17. Kin\u00adder\u00adRech\u00adte\u00adFes\u00adt\u00ad\u2019in slo\u00adga\u00adn\u0131\u00add\u0131r. Saat 14:00\u2019ten 18:00\u2019e kadar TOLLHAUS, \u00e7ocuk\u00adlar ve onla\u00adr\u0131n hak\u00adla\u00adr\u0131 i\u00e7in renk\u00adli bir pazar yeri\u00adne d\u00f6n\u00fc\u015f\u00adt\u00fc\u00adr\u00fc\u00adlecek. \u015eehir Gen\u00e7\u00adlik Komi\u00adte\u00adsi, \u00c7ocuk Koru\u00adma&nbsp;daha fazla okuyun","_links":{"self":[{"href":"https:\/\/www.anika-net.de\/tr\/wp-json\/wp\/v2\/event\/46658","targetHints":{"allow":["GET"]}}],"collection":[{"href":"https:\/\/www.anika-net.de\/tr\/wp-json\/wp\/v2\/event"}],"about":[{"href":"https:\/\/www.anika-net.de\/tr\/wp-json\/wp\/v2\/types\/event"}],"author":[{"embeddable":true,"href":"https:\/\/www.anika-net.de\/tr\/wp-json\/wp\/v2\/users\/12"}],"version-history":[{"count":0,"href":"https:\/\/www.anika-net.de\/tr\/wp-json\/wp\/v2\/event\/46658\/revisions"}],"acf:post":[{"embeddable":true,"href":"https:\/\/www.anika-net.de\/tr\/wp-json\/wp\/v2\/organiser\/46610"},{"embeddable":true,"href":"https:\/\/www.anika-net.de\/tr\/wp-json\/wp\/v2\/organiser\/42765"},{"embeddable":true,"href":"https:\/\/www.anika-net.de\/tr\/wp-json\/wp\/v2\/organiser\/16579"},{"embeddable":true,"href":"https:\/\/www.anika-net.de\/tr\/wp-json\/wp\/v2\/organiser\/15991"}],"acf:term":[{"embeddable":true,"taxonomy":"event_category","href":"https:\/\/www.anika-net.de\/tr\/wp-json\/wp\/v2\/event_category\/97"}],"wp:featuredmedia":[{"embeddable":true,"href":"https:\/\/www.anika-net.de\/tr\/wp-json\/wp\/v2\/media\/46640"}],"wp:attachment":[{"href":"https:\/\/www.anika-net.de\/tr\/wp-json\/wp\/v2\/media?parent=46658"}],"curies":[{"name":"wp","href":"https:\/\/api.w.org\/{rel}","templated":true}]}}

Çocuk Hak­la­rı Fes­ti­va­li&nbsp;2024

<h1><span style="color: #800080;">Çocuk Hak­la­rı Fes­ti­va­li&nbsp;2024</span></h1>
<p><strong>“Çocuk­la­rın çocuk olma hak­kı</strong>” 17. Kin­der­Rech­te­Fes­t­’in slo­ga­nı­dır. Saat 14:00’ten 18:00’e kadar TOLLHAUS, çocuk­lar ve onla­rın hak­la­rı için renk­li bir pazar yeri­ne dönüş­tü­rü­lecek. Şehir Genç­lik Komi­te­si, Çocuk Koru­ma Der­ne­ği ve Şehir Çocuk Büro­su­’­nun yanı sıra Karls­ru­he şeh­ri ve böl­ge­sin­den çok sayı­da baş­ka kuru­luş da çocuk­la­rı ve hak­la­rı­nı savun­mak ve onla­rı ön pla­na çıkar­mak için ora­da ola­cak. Mobi­bus etra­fın­da çok sayı­da uygu­la­ma­lı etkin­lik ve akti­vi­te, küçük bir sah­ne prog­ra­mı, lez­zet­li bir pas­ta ve atış­tır­ma­lık büfe­si­nin yanı sıra çeşit­li bil­gi stant­la­rı ve çocuk hak­la­rı hak­kın­da konuş­ma fır­sa­tı olacak.</p>
<p>Çocuk hak­la­rı, Bir­leş­miş Mil­let­ler Genel Kuru­lu tara­fın­dan 20 Kasım 1989 tari­hin­de kabul edi­len ve bu yıl 35. yıl­dö­nü­mü­nü kut­la­yan BM Çocuk Hak­la­rı Söz­leş­me­si­’n­de yer almaktadır.<br>
Orga­ni­za­tör­ler (Stadt­ju­gen­da­ussc­huss e.V., Kin­dersc­hutz­bund, Stad­tisc­hes Kin­der­bü­ro ve TOLLHAUS) çocuk hak­la­rı­nın gün­lük yaşam­da haya­ta geçi­ril­me­si­ni sağ­la­ma­ya karar­lı­dır. Bu neden­le sizi, çocuk­la­rı ve yetiş­kin­le­ri çocuk hak­la­rı konu­sun­da bilinç­len­di­ren ve onla­rı bu hak­lar için aya­ğa kalk­ma­ya moti­ve eden renk­li bir öğle­den son­ra­ya davet ediyorlar.</p>

<p>Çocuk Hak­la­rı Fes­ti­va­li&nbsp;2024 “Çocuk­la­rın çocuk olma hak­kı” 17. Kin­der­Rech­te­Fes­t­’in slo­ga­nı­dır. Saat 14:00’ten 18:00’e kadar TOLLHAUS, çocuk­lar ve onla­rın hak­la­rı için renk­li bir pazar yeri­ne dönüş­tü­rü­lecek. Şehir Genç­lik Komi­te­si, Çocuk Koru­ma Der­ne­ği ve Şehir Çocuk Büro­su­’­nun yanı sıra Karls­ru­he şeh­ri ve böl­ge­sin­den çok sayı­da baş­ka kuru­luş da çocuk­la­rı ve hak­la­rı­nı savun­mak ve onla­rı ön pla­na çıkar­mak için ora­da ola­cak. Mobi­bus etra­fın­da çok sayı­da uygu­la­ma­lı etkin­lik ve akti­vi­te, küçük bir sah­ne prog­ra­mı, lez­zet­li bir pas­ta ve atış­tır­ma­lık büfe­si­nin yanı sıra çeşit­li bil­gi stant­la­rı ve çocuk hak­la­rı hak­kın­da konuş­ma fır­sa­tı ola­cak. Çocuk hak­la­rı, Bir­leş­miş Mil­let­ler Genel Kuru­lu tara­fın­dan 20 Kasım 1989 tari­hin­de&nbsp;kabul…</p>

Çocuk Hak­la­rı Fes­ti­va­li&nbsp;2024 “Çocuk­la­rın çocuk olma hak­kı” 17. Kin­der­Rech­te­Fes­t­’in slo­ga­nı­dır. Saat 14:00’ten 18:00’e kadar TOLLHAUS, çocuk­lar ve onla­rın hak­la­rı için renk­li bir pazar yeri­ne dönüş­tü­rü­lecek. Şehir Genç­lik Komi­te­si, Çocuk Koru­ma&nbsp;daha fazla okuyun
