{"id":46567,"date":"2024-01-29T16:37:19","date_gmt":"2024-01-29T15:37:19","guid":{"rendered":"https:\/\/www.anika-net.de\/event\/yuzme-yoluyla-sosyal-bulusma\/"},"modified":"2024-09-16T11:27:04","modified_gmt":"2024-09-16T09:27:04","slug":"yuzme-yoluyla-sosyal-bulusma","status":"publish","type":"event","link":"https:\/\/www.anika-net.de\/tr\/event\/yuzme-yoluyla-sosyal-bulusma\/","title":{"rendered":"Adolf Ehr\u00admann Bad\u00ad\u2019\u00adde&nbsp;Y\u00fczme"},"content":{"rendered":"<h3><span style=\"color: #008080;\">Spor ara\u00adc\u0131\u00adl\u0131\u00ad\u011f\u0131y\u00adla sos\u00adyal etki\u00adle\u00ad\u015fim \u2014 Stadt Karlsruhe&nbsp;<\/span><\/h3>\n<h1><span style=\"color: #800080;\">Adolf Ehr\u00admann Bad\u00ad\u2019\u00adde&nbsp;Y\u00fczme<\/span><\/h1>\n<p>  \ud83c\udfca\ud83c\udffc\u200d\u2640\ufe0f Karls\u00adru\u00adhe \u015feh\u00adri <strong>her Per\u00ad\u015fem\u00adbe<\/strong> size <strong>spor yoluy\u00adla sos\u00adyal etki\u00adle\u00ad\u015fim<\/strong> etkin\u00adli\u00ad\u011fi sunu\u00adyor <strong>: Adolf Ehr\u00admann Bad\u00ad\u2019\u00adda y\u00fcz\u00adme.<\/strong><strong><span style=\"color: #008080;\">ZAMANLAR<\/span><\/strong>: \u00c7ocuk\u00adlar ve 18 ya\u015f alt\u0131 gen\u00e7\u00adler 17:00 \u2014 18:30 saat\u00adle\u00adri aras\u0131nda.<br>\nYeti\u015f\u00adkin\u00adler (18 ya\u015f ve \u00fcst\u00fc) 18:30 \u2014 20:30 ara\u00ads\u0131.<strong>Giri\u015f<\/strong> <strong>17:00 \u2014 17:15 ve 18:30 \u2014 18:45.<\/strong><strong>Giri\u015f: 1,5 \u20ac<\/strong> 10 ya\u015f alt\u0131 \u00e7ocuk\u00adlar ve y\u00fcz\u00adme bil\u00adme\u00adyen\u00adler i\u00e7in sade\u00adce yeti\u015f\u00adkin bir g\u00f6zet\u00admen e\u015fli\u00ad\u011fin\u00adde giri\u015f.  Dene\u00adtim\u00adli tek\u00adlif&nbsp;yok!&nbsp;<\/p>\n<blockquote>\n<h3><span style=\"color: #008080;\">\ud83d\udcccY\u00fcz\u00adme Adolf-Ehr\u00admann Bad\u00ad\u2019\u00adda ger\u00e7ekle\u015fir.<\/span><\/h3>\n<\/blockquote>\n","protected":false},"author":12,"featured_media":61147,"template":"","class_list":["post-46567","event","type-event","status-publish","has-post-thumbnail","hentry","event_category-bos-vakit"],"acf":{"event-recurring":false,"event-category":97,"event-is-language-course":false,"event-recurring-still-active":true,"event-display-details":true,"event-schedules-recurring":null,"event-schedules-calendar":[{"event-calendar-day":"20250619","event-calendar-time":" ","event-calendar-time-text":""},{"event-calendar-day":"20250626","event-calendar-time":"","event-calendar-time-text":""},{"event-calendar-day":"20250703","event-calendar-time":"","event-calendar-time-text":""},{"event-calendar-day":"20250710","event-calendar-time":"","event-calendar-time-text":""},{"event-calendar-day":"20250717","event-calendar-time":"","event-calendar-time-text":""},{"event-calendar-day":"20250724","event-calendar-time":"","event-calendar-time-text":""},{"event-calendar-day":"20250731","event-calendar-time":"","event-calendar-time-text":""}],"event-is-online":false,"event-online-url":"","event-location-building":"Freibad R\u00fcppurr","event-location-street":"Heidelbergstra\u00dfe 1 \/ Tramway line S1, S11 \/ Train station \"Schloss R\u00fcppurr\"","event-location-zip":"76199","event-location-city":"Karlsruhe (R\u00fcpurr)","event-location-contact-person":"Schul- und Sportamt - Stadt Karlsruhe","event-location-phone":"0721 133-4168","event-location-phone-2":"","event-location-mail":"sport@sus.karlsruhe.de","event-location-mail-2":"","event-location-website":"","event-target-group":[{"target-group":"children"},{"target-group":"teens"},{"target-group":"adults"}],"event-target-group-comment":"","event-free":false,"event-organiser":[16532],"event-header-copyright-overlay":true,"event-copyright-note-description-end":true},"featured_image_urls_v2":{"full":["https:\/\/www.anika-net.de\/wp-content\/uploads\/2023\/02\/swimming-pool-382139_1280.jpg",1280,960,false],"thumbnail":["https:\/\/www.anika-net.de\/wp-content\/uploads\/2023\/02\/swimming-pool-382139_1280-150x150.jpg",150,150,true],"medium":["https:\/\/www.anika-net.de\/wp-content\/uploads\/2023\/02\/swimming-pool-382139_1280-300x225.jpg",300,225,true],"medium_large":["https:\/\/www.anika-net.de\/wp-content\/uploads\/2023\/02\/swimming-pool-382139_1280-768x576.jpg",640,480,true],"large":["https:\/\/www.anika-net.de\/wp-content\/uploads\/2023\/02\/swimming-pool-382139_1280-1024x768.jpg",640,480,true],"1536x1536":["https:\/\/www.anika-net.de\/wp-content\/uploads\/2023\/02\/swimming-pool-382139_1280.jpg",1280,960,false],"2048x2048":["https:\/\/www.anika-net.de\/wp-content\/uploads\/2023\/02\/swimming-pool-382139_1280.jpg",1280,960,false],"event-overview":["https:\/\/www.anika-net.de\/wp-content\/uploads\/2023\/02\/swimming-pool-382139_1280-960x640.jpg",960,640,true],"event-archive-thumb":["https:\/\/www.anika-net.de\/wp-content\/uploads\/2023\/02\/swimming-pool-382139_1280-480x360.jpg",480,360,true],"grid-item-thumbnail":["https:\/\/www.anika-net.de\/wp-content\/uploads\/2023\/02\/swimming-pool-382139_1280-360x200.jpg",360,200,true],"network-partner-icon":["https:\/\/www.anika-net.de\/wp-content\/uploads\/2023\/02\/swimming-pool-382139_1280-100x100.jpg",100,100,true],"organiser-icon":["https:\/\/www.anika-net.de\/wp-content\/uploads\/2023\/02\/swimming-pool-382139_1280-200x200.jpg",200,200,true],"gform-image-choice-sm":["https:\/\/www.anika-net.de\/wp-content\/uploads\/2023\/02\/swimming-pool-382139_1280.jpg",300,225,false],"gform-image-choice-md":["https:\/\/www.anika-net.de\/wp-content\/uploads\/2023\/02\/swimming-pool-382139_1280.jpg",400,300,false],"gform-image-choice-lg":["https:\/\/www.anika-net.de\/wp-content\/uploads\/2023\/02\/swimming-pool-382139_1280.jpg",600,450,false]},"post_excerpt_stackable_v2":"<p>Spor ara\u00adc\u0131\u00adl\u0131\u00ad\u011f\u0131y\u00adla sos\u00adyal etki\u00adle\u00ad\u015fim \u2014 Stadt Karls\u00adru\u00adhe&nbsp; Adolf Ehr\u00admann Bad\u00ad\u2019\u00adde&nbsp;Y\u00fcz\u00adme \ud83c\udfca\ud83c\udffc\u200d\u2640\ufe0f Karls\u00adru\u00adhe \u015feh\u00adri her Per\u00ad\u015fem\u00adbe size spor yoluy\u00adla sos\u00adyal etki\u00adle\u00ad\u015fim etkin\u00adli\u00ad\u011fi sunu\u00adyor : Adolf Ehr\u00admann Bad\u00ad\u2019\u00adda y\u00fcz\u00adme.ZAMANLAR: \u00c7ocuk\u00adlar ve 18 ya\u015f alt\u0131 gen\u00e7\u00adler 17:00 \u2014 18:30 saat\u00adle\u00adri ara\u00ads\u0131n\u00adda. Yeti\u015f\u00adkin\u00adler (18 ya\u015f ve \u00fcst\u00fc) 18:30 \u2014 20:30 ara\u00ads\u0131.Giri\u015f 17:00 \u2014 17:15 ve 18:30 \u2014 18:45.Giri\u015f: 1,5 \u20ac 10 ya\u015f alt\u0131 \u00e7ocuk\u00adlar ve y\u00fcz\u00adme bil\u00adme\u00adyen\u00adler i\u00e7in sade\u00adce yeti\u015f\u00adkin bir g\u00f6zet\u00admen e\u015fli\u00ad\u011fin\u00adde giri\u015f. Dene\u00adtim\u00adli tek\u00adlif&nbsp;yok!&nbsp; \ud83d\udcccY\u00fcz\u00adme Adolf-Ehr\u00ad\u00ad\u00admann Bad\u00ad\u2019\u00adda ger\u00e7ekle\u015fir.<\/p>\n","category_list_v2":"","author_info_v2":{"name":"Andrea Ramirez","url":"https:\/\/www.anika-net.de\/tr\/author\/andrea-ramirez\/"},"comments_num_v2":"0 comments","uagb_featured_image_src":{"full":["https:\/\/www.anika-net.de\/wp-content\/uploads\/2023\/02\/swimming-pool-382139_1280.jpg",1280,960,false],"thumbnail":["https:\/\/www.anika-net.de\/wp-content\/uploads\/2023\/02\/swimming-pool-382139_1280-150x150.jpg",150,150,true],"medium":["https:\/\/www.anika-net.de\/wp-content\/uploads\/2023\/02\/swimming-pool-382139_1280-300x225.jpg",300,225,true],"medium_large":["https:\/\/www.anika-net.de\/wp-content\/uploads\/2023\/02\/swimming-pool-382139_1280-768x576.jpg",640,480,true],"large":["https:\/\/www.anika-net.de\/wp-content\/uploads\/2023\/02\/swimming-pool-382139_1280-1024x768.jpg",640,480,true],"1536x1536":["https:\/\/www.anika-net.de\/wp-content\/uploads\/2023\/02\/swimming-pool-382139_1280.jpg",1280,960,false],"2048x2048":["https:\/\/www.anika-net.de\/wp-content\/uploads\/2023\/02\/swimming-pool-382139_1280.jpg",1280,960,false],"event-overview":["https:\/\/www.anika-net.de\/wp-content\/uploads\/2023\/02\/swimming-pool-382139_1280-960x640.jpg",960,640,true],"event-archive-thumb":["https:\/\/www.anika-net.de\/wp-content\/uploads\/2023\/02\/swimming-pool-382139_1280-480x360.jpg",480,360,true],"grid-item-thumbnail":["https:\/\/www.anika-net.de\/wp-content\/uploads\/2023\/02\/swimming-pool-382139_1280-360x200.jpg",360,200,true],"network-partner-icon":["https:\/\/www.anika-net.de\/wp-content\/uploads\/2023\/02\/swimming-pool-382139_1280-100x100.jpg",100,100,true],"organiser-icon":["https:\/\/www.anika-net.de\/wp-content\/uploads\/2023\/02\/swimming-pool-382139_1280-200x200.jpg",200,200,true],"gform-image-choice-sm":["https:\/\/www.anika-net.de\/wp-content\/uploads\/2023\/02\/swimming-pool-382139_1280.jpg",300,225,false],"gform-image-choice-md":["https:\/\/www.anika-net.de\/wp-content\/uploads\/2023\/02\/swimming-pool-382139_1280.jpg",400,300,false],"gform-image-choice-lg":["https:\/\/www.anika-net.de\/wp-content\/uploads\/2023\/02\/swimming-pool-382139_1280.jpg",600,450,false]},"uagb_author_info":{"display_name":"Andrea Ramirez","author_link":"https:\/\/www.anika-net.de\/tr\/author\/andrea-ramirez\/"},"uagb_comment_info":0,"uagb_excerpt":"Spor ara\u00adc\u0131\u00adl\u0131\u00ad\u011f\u0131y\u00adla sos\u00adyal etki\u00adle\u00ad\u015fim \u2014 Stadt Karlsruhe&nbsp; Adolf Ehr\u00admann Bad\u00ad\u2019\u00adde&nbsp;Y\u00fczme \ud83c\udfca\ud83c\udffc\u200d\u2640\ufe0f Karls\u00adru\u00adhe \u015feh\u00adri her Per\u00ad\u015fem\u00adbe size spor yoluy\u00adla sos\u00adyal etki\u00adle\u00ad\u015fim etkin\u00adli\u00ad\u011fi sunu\u00adyor : Adolf Ehr\u00admann Bad\u00ad\u2019\u00adda y\u00fcz\u00adme.ZAMANLAR: \u00c7ocuk\u00adlar ve 18&nbsp;daha fazla okuyun","_links":{"self":[{"href":"https:\/\/www.anika-net.de\/tr\/wp-json\/wp\/v2\/event\/46567","targetHints":{"allow":["GET"]}}],"collection":[{"href":"https:\/\/www.anika-net.de\/tr\/wp-json\/wp\/v2\/event"}],"about":[{"href":"https:\/\/www.anika-net.de\/tr\/wp-json\/wp\/v2\/types\/event"}],"author":[{"embeddable":true,"href":"https:\/\/www.anika-net.de\/tr\/wp-json\/wp\/v2\/users\/12"}],"version-history":[{"count":1,"href":"https:\/\/www.anika-net.de\/tr\/wp-json\/wp\/v2\/event\/46567\/revisions"}],"predecessor-version":[{"id":53517,"href":"https:\/\/www.anika-net.de\/tr\/wp-json\/wp\/v2\/event\/46567\/revisions\/53517"}],"acf:post":[{"embeddable":true,"href":"https:\/\/www.anika-net.de\/tr\/wp-json\/wp\/v2\/organiser\/16532"}],"acf:term":[{"embeddable":true,"taxonomy":"event_category","href":"https:\/\/www.anika-net.de\/tr\/wp-json\/wp\/v2\/event_category\/97"}],"wp:featuredmedia":[{"embeddable":true,"href":"https:\/\/www.anika-net.de\/tr\/wp-json\/wp\/v2\/media\/61147"}],"wp:attachment":[{"href":"https:\/\/www.anika-net.de\/tr\/wp-json\/wp\/v2\/media?parent=46567"}],"curies":[{"name":"wp","href":"https:\/\/api.w.org\/{rel}","templated":true}]}}

Adolf Ehr­mann Bad­’­de&nbsp;Yüzme

<h3><span style="color: #008080;">Spor ara­cı­lı­ğıy­la sos­yal etki­le­şim — Stadt Karlsruhe&nbsp;</span></h3>
<h1><span style="color: #800080;">Adolf Ehr­mann Bad­’­de&nbsp;Yüzme</span></h1>
<p>  🏊🏼‍♀️ Karls­ru­he şeh­ri <strong>her Per­şem­be</strong> size <strong>spor yoluy­la sos­yal etki­le­şim</strong> etkin­li­ği sunu­yor <strong>: Adolf Ehr­mann Bad­’­da yüz­me.</strong><strong><span style="color: #008080;">ZAMANLAR</span></strong>: Çocuk­lar ve 18 yaş altı genç­ler 17:00 — 18:30 saat­le­ri arasında.<br>
Yetiş­kin­ler (18 yaş ve üstü) 18:30 — 20:30 ara­sı.<strong>Giriş</strong> <strong>17:00 — 17:15 ve 18:30 — 18:45.</strong><strong>Giriş: 1,5 €</strong> 10 yaş altı çocuk­lar ve yüz­me bil­me­yen­ler için sade­ce yetiş­kin bir gözet­men eşli­ğin­de giriş.  Dene­tim­li tek­lif&nbsp;yok!&nbsp;</p>
<blockquote>
<h3><span style="color: #008080;">📌Yüz­me Adolf-Ehr­mann Bad­’­da gerçekleşir.</span></h3>
</blockquote>

Freibad Rüppurr

Heidelbergstraße 1 / Tramway line S1, S11 / Train station "Schloss Rüppurr"

Karlsruhe (Rüpurr)

<p>Spor ara­cı­lı­ğıy­la sos­yal etki­le­şim — Stadt Karls­ru­he&nbsp; Adolf Ehr­mann Bad­’­de&nbsp;Yüz­me 🏊🏼‍♀️ Karls­ru­he şeh­ri her Per­şem­be size spor yoluy­la sos­yal etki­le­şim etkin­li­ği sunu­yor : Adolf Ehr­mann Bad­’­da yüz­me.ZAMANLAR: Çocuk­lar ve 18 yaş altı genç­ler 17:00 — 18:30 saat­le­ri ara­sın­da. Yetiş­kin­ler (18 yaş ve üstü) 18:30 — 20:30 ara­sı.Giriş 17:00 — 17:15 ve 18:30 — 18:45.Giriş: 1,5 € 10 yaş altı çocuk­lar ve yüz­me bil­me­yen­ler için sade­ce yetiş­kin bir gözet­men eşli­ğin­de giriş. Dene­tim­li tek­lif&nbsp;yok!&nbsp; 📌Yüz­me Adolf-Ehr­­­mann Bad­’­da gerçekleşir.</p>

Spor ara­cı­lı­ğıy­la sos­yal etki­le­şim — Stadt Karlsruhe&nbsp; Adolf Ehr­mann Bad­’­de&nbsp;Yüzme 🏊🏼‍♀️ Karls­ru­he şeh­ri her Per­şem­be size spor yoluy­la sos­yal etki­le­şim etkin­li­ği sunu­yor : Adolf Ehr­mann Bad­’­da yüz­me.ZAMANLAR: Çocuk­lar ve 18&nbsp;daha fazla okuyun
