{"id":41815,"date":"2023-09-06T15:12:02","date_gmt":"2023-09-06T13:12:02","guid":{"rendered":"https:\/\/www.anika-net.de\/event\/ka-iklim-yaratiyoruz\/"},"modified":"2023-09-06T15:12:02","modified_gmt":"2023-09-06T13:12:02","slug":"ka-iklim-yaratiyoruz","status":"publish","type":"event","link":"https:\/\/www.anika-net.de\/tr\/event\/ka-iklim-yaratiyoruz\/","title":{"rendered":"KA\u00b0 \u2014 \u0130kl\u00adim yarat\u0131yoruz."},"content":{"rendered":"<h4><span style=\"color: #333399;\">\u0130kl\u00adim Plat\u00adfor\u00admu Karlsruhe<\/span><\/h4>\n<h2><span style=\"color: #ff6600;\">KA\u00b0 \u2014 \u0130kl\u00adim yarat\u0131yoruz.<\/span><\/h2>\n<p>Ve daha iyi bir tane. Karls\u00adru\u00adhe \u015feh\u00adri\u00adnin iklim kam\u00adpan\u00adya\u00ads\u0131 i\u015fte bunu tem\u00adsil edi\u00adyor. \u00c7\u00fcn\u00adk\u00fc hepi\u00admiz g\u00fcn\u00adl\u00fck ya\u015fa\u00adm\u0131\u00adm\u0131z\u00adda ikli\u00admi koru\u00adya\u00adbi\u00adlir ve sade\u00adce k\u00fc\u00e7\u00fck bir \u00e7abay\u00adla bir fark yaratabiliriz.<br>\nKam\u00adpan\u00adya,<a href=\"https:\/\/klima.karlsruhe.de\/schwerpunkte\/jeder-kann-solar\" rel=\"noopener\">\u201cHer\u00adkes g\u00fcne\u015f ener\u00adji\u00adsi kul\u00adla\u00adna\u00adbi\u00adlir<\/a>\u201d ve<a href=\"https:\/\/klima.karlsruhe.de\/schwerpunkte\/mitmachen-fuer-morgen\" rel=\"noopener\">\u201cYar\u0131n i\u00e7in kat\u0131l<\/a>\u201d konu\u00adla\u00adr\u0131\u00adna odak\u00adlan\u00admak\u00adta ve gele\u00adce\u00ad\u011fin \u00f6nem\u00adli iklim sorun\u00adla\u00adr\u0131\u00adna ili\u015f\u00adkin heye\u00adcan veri\u00adci yerel bil\u00adgi\u00adle\u00adri bir ara\u00adya getir\u00admek\u00adte\u00addir. \u0130kl\u00adim dos\u00adtu bir ya\u015fam i\u00e7in ilham kay\u00adnak\u00adla\u00adr\u0131 eylem <a href=\"https:\/\/klima.karlsruhe.de\/tatenbank\" rel=\"noopener\">veri\u00adta\u00adba\u00adn\u0131n\u00adda<\/a> ke\u015f\u00adfe\u00addi\u00adle\u00adbi\u00adlir. <a href=\"https:\/\/klima.karlsruhe.de\/blog\" rel=\"noopener\">Blog<\/a>, ken\u00addi\u00adni\u00adzi hika\u00adye\u00adle\u00adre kap\u00adt\u0131r\u00adma\u00adn\u0131\u00adz\u0131 sa\u011f\u00adlar, sizi heye\u00adcan veri\u00adci yer\u00adle\u00adre ve \u015feh\u00adri\u00admiz\u00adden ilham veren insan\u00adla\u00adra g\u00f6t\u00fc\u00adr\u00fcr \u2014 tama\u00admen #bil\u00adme, #ke\u015f\u00adfet\u00adme ve #de\u011fi\u015f\u00adtir\u00adme ile ilgi\u00adli kat\u00adk\u0131\u00adlar\u00adla. Karls\u00adru\u00adhe ve \u00e7ev\u00adre\u00adsin\u00adde \u00e7ok say\u0131\u00adda \u015fehir ve sivil top\u00adlum akti\u00advis\u00adti ve iklim de\u011fi\u00ad\u015fik\u00adli\u00ad\u011fi ile ilgi\u00adle\u00adnen ki\u015fi\u00adler yer almak\u00adta\u00add\u0131r. Ve gele\u00adcek\u00adte, bir\u00adbi\u00adri\u00admi\u00adze ilham vere\u00adbi\u00adle\u00adce\u00ad\u011fi\u00admiz ve fikir al\u0131\u015f\u00adve\u00adri\u00ad\u015fin\u00adde bulu\u00adna\u00adbi\u00adle\u00adce\u00ad\u011fi\u00admiz KA\u00b0 top\u00adlu\u00adlu\u00ad\u011fu bura\u00adda olu\u015fturulacak.<\/p>\n<p>Ana say\u00adfa\u00adda (iklim plat\u00adfor\u00admu) g\u00fcn\u00adl\u00fck ya\u015fam\u00adda ikli\u00admin korun\u00adma\u00ads\u0131\u00adna ili\u015f\u00adkin <strong>kal\u0131\u00adc\u0131 bil\u00adgi\u00adler<\/strong> yer almak\u00adta\u00add\u0131r. Ayr\u0131\u00adca zaman zaman iklim koru\u00adma ala\u00adn\u0131n\u00adda <strong>ana\u00adlog etkin\u00adlik\u00adler d\u00fczen\u00adli\u00adyo\u00adruz<\/strong>.<\/p>\n","protected":false},"author":12,"featured_media":40871,"template":"","class_list":["post-41815","event","type-event","status-publish","has-post-thumbnail","hentry","event_category-egitim"],"acf":{"event-recurring":true,"event-category":94,"event-is-language-course":false,"event-recurring-still-active":true,"event-display-details":true,"event-schedules-recurring":null,"event-schedules-calendar":null,"event-is-online":false,"event-online-url":"","event-location-building":"Stadt Karlsruhe, Umwelt- und Arbeitsschutz","event-location-street":"Markgrafenstra\u00dfe 14","event-location-zip":"76131","event-location-city":"Karlsruhe","event-location-contact-person":"Gina Rezmann","event-location-phone":"0721 133 3149","event-location-phone-2":"","event-location-mail":"gina.rezmann@ua.karlsruhe.de","event-location-mail-2":"","event-location-website":"https:\/\/klima.karlsruhe.de\/","event-target-group":[{"target-group":"all"}],"event-target-group-comment":"","event-free":true,"event-organiser":[16561],"event-header-copyright-overlay":true,"event-copyright-note-description-end":false},"featured_image_urls_v2":{"full":["https:\/\/www.anika-net.de\/wp-content\/uploads\/2023\/07\/KA\u00b0-Wir-machen-Klima.png",1295,1295,false],"thumbnail":["https:\/\/www.anika-net.de\/wp-content\/uploads\/2023\/07\/KA\u00b0-Wir-machen-Klima-150x150.png",150,150,true],"medium":["https:\/\/www.anika-net.de\/wp-content\/uploads\/2023\/07\/KA\u00b0-Wir-machen-Klima-300x300.png",300,300,true],"medium_large":["https:\/\/www.anika-net.de\/wp-content\/uploads\/2023\/07\/KA\u00b0-Wir-machen-Klima-768x768.png",640,640,true],"large":["https:\/\/www.anika-net.de\/wp-content\/uploads\/2023\/07\/KA\u00b0-Wir-machen-Klima-1024x1024.png",640,640,true],"1536x1536":["https:\/\/www.anika-net.de\/wp-content\/uploads\/2023\/07\/KA\u00b0-Wir-machen-Klima.png",1295,1295,false],"2048x2048":["https:\/\/www.anika-net.de\/wp-content\/uploads\/2023\/07\/KA\u00b0-Wir-machen-Klima.png",1295,1295,false],"event-overview":["https:\/\/www.anika-net.de\/wp-content\/uploads\/2023\/07\/KA\u00b0-Wir-machen-Klima-960x640.png",960,640,true],"event-archive-thumb":["https:\/\/www.anika-net.de\/wp-content\/uploads\/2023\/07\/KA\u00b0-Wir-machen-Klima-480x480.png",480,480,true],"grid-item-thumbnail":["https:\/\/www.anika-net.de\/wp-content\/uploads\/2023\/07\/KA\u00b0-Wir-machen-Klima-360x200.png",360,200,true],"network-partner-icon":["https:\/\/www.anika-net.de\/wp-content\/uploads\/2023\/07\/KA\u00b0-Wir-machen-Klima-100x100.png",100,100,true],"organiser-icon":["https:\/\/www.anika-net.de\/wp-content\/uploads\/2023\/07\/KA\u00b0-Wir-machen-Klima-200x200.png",200,200,true],"gform-image-choice-sm":["https:\/\/www.anika-net.de\/wp-content\/uploads\/2023\/07\/KA\u00b0-Wir-machen-Klima.png",300,300,false],"gform-image-choice-md":["https:\/\/www.anika-net.de\/wp-content\/uploads\/2023\/07\/KA\u00b0-Wir-machen-Klima.png",400,400,false],"gform-image-choice-lg":["https:\/\/www.anika-net.de\/wp-content\/uploads\/2023\/07\/KA\u00b0-Wir-machen-Klima.png",600,600,false]},"post_excerpt_stackable_v2":"<p>\u0130kl\u00adim Plat\u00adfor\u00admu Karls\u00adru\u00adhe KA\u00b0 \u2014 \u0130kl\u00adim yara\u00adt\u0131\u00adyo\u00adruz. Ve daha iyi bir tane. Karls\u00adru\u00adhe \u015feh\u00adri\u00adnin iklim kam\u00adpan\u00adya\u00ads\u0131 i\u015fte bunu tem\u00adsil edi\u00adyor. \u00c7\u00fcn\u00adk\u00fc hepi\u00admiz g\u00fcn\u00adl\u00fck ya\u015fa\u00adm\u0131\u00adm\u0131z\u00adda ikli\u00admi koru\u00adya\u00adbi\u00adlir ve sade\u00adce k\u00fc\u00e7\u00fck bir \u00e7abay\u00adla bir fark yara\u00adta\u00adbi\u00adli\u00adriz. Kam\u00adpan\u00adya,\u201cHer\u00adkes g\u00fcne\u015f ener\u00adji\u00adsi kul\u00adla\u00adna\u00adbi\u00adlir\u201d ve\u201cYar\u0131n i\u00e7in kat\u0131l\u201d konu\u00adla\u00adr\u0131\u00adna odak\u00adlan\u00admak\u00adta ve gele\u00adce\u00ad\u011fin \u00f6nem\u00adli iklim sorun\u00adla\u00adr\u0131\u00adna ili\u015f\u00adkin heye\u00adcan veri\u00adci yerel bil\u00adgi\u00adle\u00adri bir ara\u00adya getir\u00admek\u00adte\u00addir. \u0130kl\u00adim dos\u00adtu bir ya\u015fam i\u00e7in ilham kay\u00adnak\u00adla\u00adr\u0131 eylem veri\u00adta\u00adba\u00adn\u0131n\u00adda ke\u015f\u00adfe\u00addi\u00adle\u00adbi\u00adlir. Blog, ken\u00addi\u00adni\u00adzi hika\u00adye\u00adle\u00adre kap\u00adt\u0131r\u00adma\u00adn\u0131\u00adz\u0131 sa\u011f\u00adlar, sizi heye\u00adcan veri\u00adci yer\u00adle\u00adre ve \u015feh\u00adri\u00admiz\u00adden ilham veren insan\u00adla\u00adra g\u00f6t\u00fc\u00adr\u00fcr \u2014 tama\u00admen #bil\u00adme, #ke\u015f\u00adfet\u00adme ve #de\u011fi\u015f\u00adtir\u00adme ile ilgi\u00adli kat\u00adk\u0131\u00adlar\u00adla. Karls\u00adru\u00adhe ve \u00e7ev\u00adre\u00adsin\u00adde \u00e7ok say\u0131\u00adda \u015fehir ve sivil top\u00adlum aktivisti\u2026<\/p>\n","category_list_v2":"","author_info_v2":{"name":"Andrea Ramirez","url":"https:\/\/www.anika-net.de\/tr\/author\/andrea-ramirez\/"},"comments_num_v2":"0 comments","uagb_featured_image_src":{"full":["https:\/\/www.anika-net.de\/wp-content\/uploads\/2023\/07\/KA\u00b0-Wir-machen-Klima.png",1295,1295,false],"thumbnail":["https:\/\/www.anika-net.de\/wp-content\/uploads\/2023\/07\/KA\u00b0-Wir-machen-Klima-150x150.png",150,150,true],"medium":["https:\/\/www.anika-net.de\/wp-content\/uploads\/2023\/07\/KA\u00b0-Wir-machen-Klima-300x300.png",300,300,true],"medium_large":["https:\/\/www.anika-net.de\/wp-content\/uploads\/2023\/07\/KA\u00b0-Wir-machen-Klima-768x768.png",640,640,true],"large":["https:\/\/www.anika-net.de\/wp-content\/uploads\/2023\/07\/KA\u00b0-Wir-machen-Klima-1024x1024.png",640,640,true],"1536x1536":["https:\/\/www.anika-net.de\/wp-content\/uploads\/2023\/07\/KA\u00b0-Wir-machen-Klima.png",1295,1295,false],"2048x2048":["https:\/\/www.anika-net.de\/wp-content\/uploads\/2023\/07\/KA\u00b0-Wir-machen-Klima.png",1295,1295,false],"event-overview":["https:\/\/www.anika-net.de\/wp-content\/uploads\/2023\/07\/KA\u00b0-Wir-machen-Klima-960x640.png",960,640,true],"event-archive-thumb":["https:\/\/www.anika-net.de\/wp-content\/uploads\/2023\/07\/KA\u00b0-Wir-machen-Klima-480x480.png",480,480,true],"grid-item-thumbnail":["https:\/\/www.anika-net.de\/wp-content\/uploads\/2023\/07\/KA\u00b0-Wir-machen-Klima-360x200.png",360,200,true],"network-partner-icon":["https:\/\/www.anika-net.de\/wp-content\/uploads\/2023\/07\/KA\u00b0-Wir-machen-Klima-100x100.png",100,100,true],"organiser-icon":["https:\/\/www.anika-net.de\/wp-content\/uploads\/2023\/07\/KA\u00b0-Wir-machen-Klima-200x200.png",200,200,true],"gform-image-choice-sm":["https:\/\/www.anika-net.de\/wp-content\/uploads\/2023\/07\/KA\u00b0-Wir-machen-Klima.png",300,300,false],"gform-image-choice-md":["https:\/\/www.anika-net.de\/wp-content\/uploads\/2023\/07\/KA\u00b0-Wir-machen-Klima.png",400,400,false],"gform-image-choice-lg":["https:\/\/www.anika-net.de\/wp-content\/uploads\/2023\/07\/KA\u00b0-Wir-machen-Klima.png",600,600,false]},"uagb_author_info":{"display_name":"Andrea Ramirez","author_link":"https:\/\/www.anika-net.de\/tr\/author\/andrea-ramirez\/"},"uagb_comment_info":0,"uagb_excerpt":"\u0130kl\u00adim Plat\u00adfor\u00admu Karlsruhe KA\u00b0 \u2014 \u0130kl\u00adim yarat\u0131yoruz. Ve daha iyi bir tane. Karls\u00adru\u00adhe \u015feh\u00adri\u00adnin iklim kam\u00adpan\u00adya\u00ads\u0131 i\u015fte bunu tem\u00adsil edi\u00adyor. \u00c7\u00fcn\u00adk\u00fc hepi\u00admiz g\u00fcn\u00adl\u00fck ya\u015fa\u00adm\u0131\u00adm\u0131z\u00adda ikli\u00admi koru\u00adya\u00adbi\u00adlir ve sade\u00adce k\u00fc\u00e7\u00fck bir&nbsp;daha fazla okuyun","_links":{"self":[{"href":"https:\/\/www.anika-net.de\/tr\/wp-json\/wp\/v2\/event\/41815","targetHints":{"allow":["GET"]}}],"collection":[{"href":"https:\/\/www.anika-net.de\/tr\/wp-json\/wp\/v2\/event"}],"about":[{"href":"https:\/\/www.anika-net.de\/tr\/wp-json\/wp\/v2\/types\/event"}],"author":[{"embeddable":true,"href":"https:\/\/www.anika-net.de\/tr\/wp-json\/wp\/v2\/users\/12"}],"version-history":[{"count":0,"href":"https:\/\/www.anika-net.de\/tr\/wp-json\/wp\/v2\/event\/41815\/revisions"}],"acf:post":[{"embeddable":true,"href":"https:\/\/www.anika-net.de\/tr\/wp-json\/wp\/v2\/organiser\/16561"}],"acf:term":[{"embeddable":true,"taxonomy":"event_category","href":"https:\/\/www.anika-net.de\/tr\/wp-json\/wp\/v2\/event_category\/94"}],"wp:featuredmedia":[{"embeddable":true,"href":"https:\/\/www.anika-net.de\/tr\/wp-json\/wp\/v2\/media\/40871"}],"wp:attachment":[{"href":"https:\/\/www.anika-net.de\/tr\/wp-json\/wp\/v2\/media?parent=41815"}],"curies":[{"name":"wp","href":"https:\/\/api.w.org\/{rel}","templated":true}]}}

KA° — İkl­im yaratıyoruz.

<h4><span style="color: #333399;">İkl­im Plat­for­mu Karlsruhe</span></h4>
<h2><span style="color: #ff6600;">KA° — İkl­im yaratıyoruz.</span></h2>
<p>Ve daha iyi bir tane. Karls­ru­he şeh­ri­nin iklim kam­pan­ya­sı işte bunu tem­sil edi­yor. Çün­kü hepi­miz gün­lük yaşa­mı­mız­da ikli­mi koru­ya­bi­lir ve sade­ce küçük bir çabay­la bir fark yaratabiliriz.<br>
Kam­pan­ya,<a href="https://klima.karlsruhe.de/schwerpunkte/jeder-kann-solar" rel="noopener">“Her­kes güneş ener­ji­si kul­la­na­bi­lir</a>” ve<a href="https://klima.karlsruhe.de/schwerpunkte/mitmachen-fuer-morgen" rel="noopener">“Yarın için katıl</a>” konu­la­rı­na odak­lan­mak­ta ve gele­ce­ğin önem­li iklim sorun­la­rı­na iliş­kin heye­can veri­ci yerel bil­gi­le­ri bir ara­ya getir­mek­te­dir. İkl­im dos­tu bir yaşam için ilham kay­nak­la­rı eylem <a href="https://klima.karlsruhe.de/tatenbank" rel="noopener">veri­ta­ba­nın­da</a> keş­fe­di­le­bi­lir. <a href="https://klima.karlsruhe.de/blog" rel="noopener">Blog</a>, ken­di­ni­zi hika­ye­le­re kap­tır­ma­nı­zı sağ­lar, sizi heye­can veri­ci yer­le­re ve şeh­ri­miz­den ilham veren insan­la­ra götü­rür — tama­men #bil­me, #keş­fet­me ve #değiş­tir­me ile ilgi­li kat­kı­lar­la. Karls­ru­he ve çev­re­sin­de çok sayı­da şehir ve sivil top­lum akti­vis­ti ve iklim deği­şik­li­ği ile ilgi­le­nen kişi­ler yer almak­ta­dır. Ve gele­cek­te, bir­bi­ri­mi­ze ilham vere­bi­le­ce­ği­miz ve fikir alış­ve­ri­şin­de bulu­na­bi­le­ce­ği­miz KA° top­lu­lu­ğu bura­da oluşturulacak.</p>
<p>Ana say­fa­da (iklim plat­for­mu) gün­lük yaşam­da ikli­min korun­ma­sı­na iliş­kin <strong>kalı­cı bil­gi­ler</strong> yer almak­ta­dır. Ayrı­ca zaman zaman iklim koru­ma ala­nın­da <strong>ana­log etkin­lik­ler düzen­li­yo­ruz</strong>.</p>

Markgrafenstraße 14

<p>İkl­im Plat­for­mu Karls­ru­he KA° — İkl­im yara­tı­yo­ruz. Ve daha iyi bir tane. Karls­ru­he şeh­ri­nin iklim kam­pan­ya­sı işte bunu tem­sil edi­yor. Çün­kü hepi­miz gün­lük yaşa­mı­mız­da ikli­mi koru­ya­bi­lir ve sade­ce küçük bir çabay­la bir fark yara­ta­bi­li­riz. Kam­pan­ya,“Her­kes güneş ener­ji­si kul­la­na­bi­lir” ve“Yarın için katıl” konu­la­rı­na odak­lan­mak­ta ve gele­ce­ğin önem­li iklim sorun­la­rı­na iliş­kin heye­can veri­ci yerel bil­gi­le­ri bir ara­ya getir­mek­te­dir. İkl­im dos­tu bir yaşam için ilham kay­nak­la­rı eylem veri­ta­ba­nın­da keş­fe­di­le­bi­lir. Blog, ken­di­ni­zi hika­ye­le­re kap­tır­ma­nı­zı sağ­lar, sizi heye­can veri­ci yer­le­re ve şeh­ri­miz­den ilham veren insan­la­ra götü­rür — tama­men #bil­me, #keş­fet­me ve #değiş­tir­me ile ilgi­li kat­kı­lar­la. Karls­ru­he ve çev­re­sin­de çok sayı­da şehir ve sivil top­lum aktivisti…</p>

İkl­im Plat­for­mu Karlsruhe KA° — İkl­im yaratıyoruz. Ve daha iyi bir tane. Karls­ru­he şeh­ri­nin iklim kam­pan­ya­sı işte bunu tem­sil edi­yor. Çün­kü hepi­miz gün­lük yaşa­mı­mız­da ikli­mi koru­ya­bi­lir ve sade­ce küçük bir&nbsp;daha fazla okuyun
