{"id":40764,"date":"2023-07-18T10:09:39","date_gmt":"2023-07-18T08:09:39","guid":{"rendered":"https:\/\/www.anika-net.de\/event\/ibzde-acik-gun\/"},"modified":"2023-07-18T10:09:39","modified_gmt":"2023-07-18T08:09:39","slug":"ibzde-acik-gun","status":"publish","type":"event","link":"https:\/\/www.anika-net.de\/tr\/event\/ibzde-acik-gun\/","title":{"rendered":"\u0130bz\u00ad\u2019\u00adde a\u00e7\u0131k&nbsp;g\u00fcn"},"content":{"rendered":"<h3>\u0130bz\u00ad\u2019\u00adde a\u00e7\u0131k&nbsp;g\u00fcn<\/h3>\n<p>M\u00fczik, dans, tav\u00adsi\u00adye\u00adler, lez\u00adzet\u00adli yemek\u00adler ve \u00e7ocuk etkin\u00adlik\u00adle\u00adriy\u00adle renk\u00adli bir prog\u00adram sizi bek\u00adli\u00adyor. Evde\u00adki der\u00adnek\u00adler ve pro\u00adje\u00adler ken\u00addi\u00adle\u00adri\u00adni tan\u0131t\u0131yor.<\/p>\n<p>18.30\u2019dan iti\u00adba\u00adren Nubi\u00adan Aile\u00adsi ile&nbsp;disko.<\/p>\n","protected":false},"author":12,"featured_media":40749,"template":"","class_list":["post-40764","event","type-event","status-publish","has-post-thumbnail","hentry","event_category-bos-vakit"],"acf":{"event-recurring":false,"event-category":97,"event-is-language-course":false,"event-recurring-still-active":true,"event-display-details":true,"event-schedules-recurring":null,"event-schedules-calendar":[{"event-calendar-day":"20230930","event-calendar-time":"","event-calendar-time-text":"ab 14:00 Uhr"}],"event-is-online":false,"event-online-url":"","event-location-building":"ibz - Karlsruhe","event-location-street":"Kaiserallee 12 d","event-location-zip":"76133","event-location-city":"Karlsruhe","event-location-contact-person":"","event-location-phone":"+49 (0) 721 89 33 37 10","event-location-phone-2":"","event-location-mail":"info@ibz-karlsruhe.de","event-location-mail-2":"","event-location-website":"https:\/\/www.ibz-karlsruhe.de","event-target-group":[{"target-group":"all"},{"target-group":"families"}],"event-target-group-comment":"","event-free":true,"event-organiser":[16249],"event-header-copyright-overlay":true,"event-copyright-note-description-end":false},"featured_image_urls_v2":{"full":["https:\/\/www.anika-net.de\/wp-content\/uploads\/2023\/07\/tag-der-offene-tuer-ibz.jpg",2048,1536,false],"thumbnail":["https:\/\/www.anika-net.de\/wp-content\/uploads\/2023\/07\/tag-der-offene-tuer-ibz-150x150.jpg",150,150,true],"medium":["https:\/\/www.anika-net.de\/wp-content\/uploads\/2023\/07\/tag-der-offene-tuer-ibz-300x225.jpg",300,225,true],"medium_large":["https:\/\/www.anika-net.de\/wp-content\/uploads\/2023\/07\/tag-der-offene-tuer-ibz-768x576.jpg",640,480,true],"large":["https:\/\/www.anika-net.de\/wp-content\/uploads\/2023\/07\/tag-der-offene-tuer-ibz-1024x768.jpg",640,480,true],"1536x1536":["https:\/\/www.anika-net.de\/wp-content\/uploads\/2023\/07\/tag-der-offene-tuer-ibz-1536x1152.jpg",1536,1152,true],"2048x2048":["https:\/\/www.anika-net.de\/wp-content\/uploads\/2023\/07\/tag-der-offene-tuer-ibz.jpg",2048,1536,false],"event-overview":["https:\/\/www.anika-net.de\/wp-content\/uploads\/2023\/07\/tag-der-offene-tuer-ibz-960x640.jpg",960,640,true],"event-archive-thumb":["https:\/\/www.anika-net.de\/wp-content\/uploads\/2023\/07\/tag-der-offene-tuer-ibz-480x360.jpg",480,360,true],"grid-item-thumbnail":["https:\/\/www.anika-net.de\/wp-content\/uploads\/2023\/07\/tag-der-offene-tuer-ibz-360x200.jpg",360,200,true],"network-partner-icon":["https:\/\/www.anika-net.de\/wp-content\/uploads\/2023\/07\/tag-der-offene-tuer-ibz-100x100.jpg",100,100,true],"organiser-icon":["https:\/\/www.anika-net.de\/wp-content\/uploads\/2023\/07\/tag-der-offene-tuer-ibz-200x200.jpg",200,200,true],"gform-image-choice-sm":["https:\/\/www.anika-net.de\/wp-content\/uploads\/2023\/07\/tag-der-offene-tuer-ibz.jpg",300,225,false],"gform-image-choice-md":["https:\/\/www.anika-net.de\/wp-content\/uploads\/2023\/07\/tag-der-offene-tuer-ibz.jpg",400,300,false],"gform-image-choice-lg":["https:\/\/www.anika-net.de\/wp-content\/uploads\/2023\/07\/tag-der-offene-tuer-ibz.jpg",600,450,false]},"post_excerpt_stackable_v2":"<p>\u0130bz\u00ad\u2019\u00adde a\u00e7\u0131k&nbsp;g\u00fcn M\u00fczik, dans, tav\u00adsi\u00adye\u00adler, lez\u00adzet\u00adli yemek\u00adler ve \u00e7ocuk etkin\u00adlik\u00adle\u00adriy\u00adle renk\u00adli bir prog\u00adram sizi bek\u00adli\u00adyor. Evde\u00adki der\u00adnek\u00adler ve pro\u00adje\u00adler ken\u00addi\u00adle\u00adri\u00adni tan\u0131\u00adt\u0131\u00adyor. 18.30\u2019dan iti\u00adba\u00adren Nubi\u00adan Aile\u00adsi ile&nbsp;disko.<\/p>\n","category_list_v2":"","author_info_v2":{"name":"Andrea Ramirez","url":"https:\/\/www.anika-net.de\/tr\/author\/andrea-ramirez\/"},"comments_num_v2":"0 comments","uagb_featured_image_src":{"full":["https:\/\/www.anika-net.de\/wp-content\/uploads\/2023\/07\/tag-der-offene-tuer-ibz.jpg",2048,1536,false],"thumbnail":["https:\/\/www.anika-net.de\/wp-content\/uploads\/2023\/07\/tag-der-offene-tuer-ibz-150x150.jpg",150,150,true],"medium":["https:\/\/www.anika-net.de\/wp-content\/uploads\/2023\/07\/tag-der-offene-tuer-ibz-300x225.jpg",300,225,true],"medium_large":["https:\/\/www.anika-net.de\/wp-content\/uploads\/2023\/07\/tag-der-offene-tuer-ibz-768x576.jpg",640,480,true],"large":["https:\/\/www.anika-net.de\/wp-content\/uploads\/2023\/07\/tag-der-offene-tuer-ibz-1024x768.jpg",640,480,true],"1536x1536":["https:\/\/www.anika-net.de\/wp-content\/uploads\/2023\/07\/tag-der-offene-tuer-ibz-1536x1152.jpg",1536,1152,true],"2048x2048":["https:\/\/www.anika-net.de\/wp-content\/uploads\/2023\/07\/tag-der-offene-tuer-ibz.jpg",2048,1536,false],"event-overview":["https:\/\/www.anika-net.de\/wp-content\/uploads\/2023\/07\/tag-der-offene-tuer-ibz-960x640.jpg",960,640,true],"event-archive-thumb":["https:\/\/www.anika-net.de\/wp-content\/uploads\/2023\/07\/tag-der-offene-tuer-ibz-480x360.jpg",480,360,true],"grid-item-thumbnail":["https:\/\/www.anika-net.de\/wp-content\/uploads\/2023\/07\/tag-der-offene-tuer-ibz-360x200.jpg",360,200,true],"network-partner-icon":["https:\/\/www.anika-net.de\/wp-content\/uploads\/2023\/07\/tag-der-offene-tuer-ibz-100x100.jpg",100,100,true],"organiser-icon":["https:\/\/www.anika-net.de\/wp-content\/uploads\/2023\/07\/tag-der-offene-tuer-ibz-200x200.jpg",200,200,true],"gform-image-choice-sm":["https:\/\/www.anika-net.de\/wp-content\/uploads\/2023\/07\/tag-der-offene-tuer-ibz.jpg",300,225,false],"gform-image-choice-md":["https:\/\/www.anika-net.de\/wp-content\/uploads\/2023\/07\/tag-der-offene-tuer-ibz.jpg",400,300,false],"gform-image-choice-lg":["https:\/\/www.anika-net.de\/wp-content\/uploads\/2023\/07\/tag-der-offene-tuer-ibz.jpg",600,450,false]},"uagb_author_info":{"display_name":"Andrea Ramirez","author_link":"https:\/\/www.anika-net.de\/tr\/author\/andrea-ramirez\/"},"uagb_comment_info":0,"uagb_excerpt":"\u0130bz\u00ad\u2019\u00adde a\u00e7\u0131k&nbsp;g\u00fcn M\u00fczik, dans, tav\u00adsi\u00adye\u00adler, lez\u00adzet\u00adli yemek\u00adler ve \u00e7ocuk etkin\u00adlik\u00adle\u00adriy\u00adle renk\u00adli bir prog\u00adram sizi bek\u00adli\u00adyor. Evde\u00adki der\u00adnek\u00adler ve pro\u00adje\u00adler ken\u00addi\u00adle\u00adri\u00adni tan\u0131t\u0131yor. 18.30\u2019dan iti\u00adba\u00adren Nubi\u00adan Aile\u00adsi ile&nbsp;disko.","_links":{"self":[{"href":"https:\/\/www.anika-net.de\/tr\/wp-json\/wp\/v2\/event\/40764","targetHints":{"allow":["GET"]}}],"collection":[{"href":"https:\/\/www.anika-net.de\/tr\/wp-json\/wp\/v2\/event"}],"about":[{"href":"https:\/\/www.anika-net.de\/tr\/wp-json\/wp\/v2\/types\/event"}],"author":[{"embeddable":true,"href":"https:\/\/www.anika-net.de\/tr\/wp-json\/wp\/v2\/users\/12"}],"version-history":[{"count":0,"href":"https:\/\/www.anika-net.de\/tr\/wp-json\/wp\/v2\/event\/40764\/revisions"}],"acf:post":[{"embeddable":true,"href":"https:\/\/www.anika-net.de\/tr\/wp-json\/wp\/v2\/organiser\/16249"}],"acf:term":[{"embeddable":true,"taxonomy":"event_category","href":"https:\/\/www.anika-net.de\/tr\/wp-json\/wp\/v2\/event_category\/97"}],"wp:featuredmedia":[{"embeddable":true,"href":"https:\/\/www.anika-net.de\/tr\/wp-json\/wp\/v2\/media\/40749"}],"wp:attachment":[{"href":"https:\/\/www.anika-net.de\/tr\/wp-json\/wp\/v2\/media?parent=40764"}],"curies":[{"name":"wp","href":"https:\/\/api.w.org\/{rel}","templated":true}]}}

İbz­’­de açık&nbsp;gün

<h3>İbz­’­de açık&nbsp;gün</h3>
<p>Müzik, dans, tav­si­ye­ler, lez­zet­li yemek­ler ve çocuk etkin­lik­le­riy­le renk­li bir prog­ram sizi bek­li­yor. Evde­ki der­nek­ler ve pro­je­ler ken­di­le­ri­ni tanıtıyor.</p>
<p>18.30’dan iti­ba­ren Nubi­an Aile­si ile&nbsp;disko.</p>

<p>İbz­’­de açık&nbsp;gün Müzik, dans, tav­si­ye­ler, lez­zet­li yemek­ler ve çocuk etkin­lik­le­riy­le renk­li bir prog­ram sizi bek­li­yor. Evde­ki der­nek­ler ve pro­je­ler ken­di­le­ri­ni tanı­tı­yor. 18.30’dan iti­ba­ren Nubi­an Aile­si ile&nbsp;disko.</p>

İbz­’­de açık&nbsp;gün Müzik, dans, tav­si­ye­ler, lez­zet­li yemek­ler ve çocuk etkin­lik­le­riy­le renk­li bir prog­ram sizi bek­li­yor. Evde­ki der­nek­ler ve pro­je­ler ken­di­le­ri­ni tanıtıyor. 18.30’dan iti­ba­ren Nubi­an Aile­si ile&nbsp;disko.
