{"id":32156,"date":"2023-02-08T09:27:26","date_gmt":"2023-02-08T08:27:26","guid":{"rendered":"https:\/\/www.anika-net.de\/event\/kadinlar-kahvaltisi-kadinlar-sizi-gorelim\/"},"modified":"2024-01-24T13:57:34","modified_gmt":"2024-01-24T12:57:34","slug":"kadinlar-kahvaltisi-kadinlar-sizi-gorelim","status":"publish","type":"event","link":"https:\/\/www.anika-net.de\/tr\/event\/kadinlar-kahvaltisi-kadinlar-sizi-gorelim\/","title":{"rendered":"D\u00fcn\u00adya Kad\u0131n\u00adlar G\u00fcn\u00fc 2024 i\u00e7in kad\u0131n\u00adlar matinesi"},"content":{"rendered":"<h2><span style=\"color: #800080;\">D\u00fcn\u00adya Kad\u0131n\u00adlar G\u00fcn\u00fc 2024 i\u00e7in kad\u0131n\u00adlar matinesi<\/span><\/h2>\n<blockquote><p><strong>\u201cPar\u00ad\u00e7a\u00adla\u00adr\u0131\u00adn\u0131n top\u00adla\u00adm\u0131n\u00addan daha faz\u00adla\u00ads\u0131\u201d bu y\u0131l\u00adki kad\u0131n\u00adlar mati\u00adne\u00adsi\u00adnin slogan\u0131.<\/strong><\/p><\/blockquote>\n<p>E\u015fit hak\u00adlar 75 y\u0131l\u00add\u0131r Alman ana\u00adya\u00adsa\u00ads\u0131n\u00adda yer almak\u00adta\u00add\u0131r. D\u00fcn\u00adya\u00adn\u0131n d\u00f6rt bir yan\u0131n\u00adda ve Karls\u00adru\u00adhe\u00ad\u2019\u00adde kad\u0131n\u00adlar hak\u00adla\u00adr\u0131 i\u00e7in daha da uzun s\u00fcre\u00addir kam\u00adpan\u00adya y\u00fcr\u00fc\u00adt\u00fc\u00adyor. Bir\u00adlik\u00adte \u00e7ok daha faz\u00adla\u00ads\u0131\u00adn\u0131 ba\u015fa\u00adra\u00adbi\u00adle\u00adce\u00ad\u011fi\u00admi\u00adzi defa\u00adlar\u00adca g\u00f6s\u00adter\u00addik! Bu g\u00fc\u00e7, Karls\u00adru\u00adhe\u00ad\u2019\u00adde\u00adki \u00e7e\u015fit\u00adli kad\u0131n giri\u00ad\u015fim\u00adle\u00adri 10 Mar\u00adt\u00ad\u2019\u00adta sah\u00adne\u00adde ve bil\u00adgi paza\u00adr\u0131n\u00adda ken\u00addi\u00adle\u00adri\u00adni, \u00e7al\u0131\u015f\u00adma\u00adla\u00adr\u0131\u00adn\u0131 ve hedef\u00adle\u00adri\u00adni sunar\u00adken de hissedilecek.<\/p>\n<p>Kad\u0131n\u00adlar Mati\u00adne\u00adsi 2024\u2019\u00fcn <strong>renk\u00adli prog\u00adra\u00adm\u0131<\/strong>, Karls\u00adru\u00adhe \u201cCat Calls \u201ctan gelen d\u00fcr\u00adt\u00fc\u00adle\u00adrin yan\u0131 s\u0131ra fikir al\u0131\u015f\u00adve\u00adri\u00ad\u015fi, a\u011f olu\u015f\u00adtur\u00adma ve k\u00fcl\u00adt\u00fc\u00adrel e\u011flen\u00adce i\u00e7in bol\u00adca zaman sunuyor.<br>\n<strong>Afri\u00adka defi\u00adle\u00adsi\u00adni<\/strong> ve <strong>Karls\u00adru\u00adhe lez\u00adbi\u00adyen koro\u00adsu \u201cDie WEIB\u00adra\u00adti\u00adons \u201c\u0131n m\u00fczi\u00adkal<\/strong> <strong>g\u00f6s\u00adte\u00adri\u00adsi\u00adni<\/strong> d\u00f6rt g\u00f6z\u00adle bekleyin.<\/p>\n<p>Siz\u00adle\u00adri g\u00f6r\u00adme\u00adyi, siz\u00adler\u00adle tan\u0131\u015f\u00adma\u00ady\u0131 ve kah\u00adval\u00adt\u0131 masa\u00ads\u0131n\u00adda siz\u00adler\u00adle konu\u015f\u00adma\u00ady\u0131 d\u00f6rt g\u00f6z\u00adle bekliyoruz.<\/p>\n<p><strong>\ud83d\udc49 Giri\u015f 10.30<\/strong><\/p>\n<p>\ud83d\udd16  <strong>bilet\u00adler Toll\u00adha\u00adus\u00ad\u2019\u00adtan temin edilebilir.<br>\n\u00d6nce\u00adden rezer\u00advas\u00adyon: : 13,00 \/ indi\u00adrim\u00adli 8,00 \/ dahil. Kahvalt\u0131<br>\n<\/strong>B\u00fcy\u00fck salon \u2014 otur\u00adma\u00adl\u0131, ser\u00adbest kol\u00adtuk se\u00e7imi<strong><\/strong><\/p>\n<p><\/p>\n","protected":false},"author":12,"featured_media":13614,"template":"","class_list":["post-32156","event","type-event","status-publish","has-post-thumbnail","hentry","event_category-bos-vakit"],"acf":{"event-recurring":false,"event-category":97,"event-is-language-course":false,"event-recurring-still-active":true,"event-display-details":true,"event-schedules-recurring":null,"event-schedules-calendar":[{"event-calendar-day":"20240310","event-calendar-time":"11:00 - 14:00","event-calendar-time-text":""}],"event-is-online":false,"event-online-url":"","event-location-building":"Kulturzentrum TOLLHAUS","event-location-street":"Alter Schlachthof 35","event-location-zip":"76131","event-location-city":"Karlsruhe","event-location-contact-person":"","event-location-phone":"+49 721 964050","event-location-phone-2":"","event-location-mail":"info@tollhaus.de","event-location-mail-2":"","event-location-website":"https:\/\/www.tollhaus.de\/de\/data\/termin\/4188\/frauenmatinee-zum-internationalen-frauentag-2024.html","event-target-group":[{"target-group":"women"}],"event-target-group-comment":"","event-free":false,"event-organiser":[16457,15991,16249,16496],"event-header-copyright-overlay":true,"event-copyright-note-description-end":true},"featured_image_urls_v2":{"full":["https:\/\/www.anika-net.de\/wp-content\/uploads\/2022\/01\/Frauentag-2021.jpg",1200,800,false],"thumbnail":["https:\/\/www.anika-net.de\/wp-content\/uploads\/2022\/01\/Frauentag-2021-150x150.jpg",150,150,true],"medium":["https:\/\/www.anika-net.de\/wp-content\/uploads\/2022\/01\/Frauentag-2021-300x200.jpg",300,200,true],"medium_large":["https:\/\/www.anika-net.de\/wp-content\/uploads\/2022\/01\/Frauentag-2021-768x512.jpg",640,427,true],"large":["https:\/\/www.anika-net.de\/wp-content\/uploads\/2022\/01\/Frauentag-2021-1024x683.jpg",640,427,true],"1536x1536":["https:\/\/www.anika-net.de\/wp-content\/uploads\/2022\/01\/Frauentag-2021.jpg",1200,800,false],"2048x2048":["https:\/\/www.anika-net.de\/wp-content\/uploads\/2022\/01\/Frauentag-2021.jpg",1200,800,false],"event-overview":["https:\/\/www.anika-net.de\/wp-content\/uploads\/2022\/01\/Frauentag-2021-960x640.jpg",960,640,true],"event-archive-thumb":["https:\/\/www.anika-net.de\/wp-content\/uploads\/2022\/01\/Frauentag-2021-480x320.jpg",480,320,true],"grid-item-thumbnail":["https:\/\/www.anika-net.de\/wp-content\/uploads\/2022\/01\/Frauentag-2021-360x200.jpg",360,200,true],"network-partner-icon":["https:\/\/www.anika-net.de\/wp-content\/uploads\/2022\/01\/Frauentag-2021-100x100.jpg",100,100,true],"organiser-icon":["https:\/\/www.anika-net.de\/wp-content\/uploads\/2022\/01\/Frauentag-2021-200x200.jpg",200,200,true],"gform-image-choice-sm":["https:\/\/www.anika-net.de\/wp-content\/uploads\/2022\/01\/Frauentag-2021.jpg",300,200,false],"gform-image-choice-md":["https:\/\/www.anika-net.de\/wp-content\/uploads\/2022\/01\/Frauentag-2021.jpg",400,267,false],"gform-image-choice-lg":["https:\/\/www.anika-net.de\/wp-content\/uploads\/2022\/01\/Frauentag-2021.jpg",600,400,false]},"post_excerpt_stackable_v2":"<p>D\u00fcn\u00adya Kad\u0131n\u00adlar G\u00fcn\u00fc 2024 i\u00e7in kad\u0131n\u00adlar mati\u00adne\u00adsi \u201cPar\u00ad\u00e7a\u00adla\u00adr\u0131\u00adn\u0131n top\u00adla\u00adm\u0131n\u00addan daha faz\u00adla\u00ads\u0131\u201d bu y\u0131l\u00adki kad\u0131n\u00adlar mati\u00adne\u00adsi\u00adnin slo\u00adga\u00adn\u0131. E\u015fit hak\u00adlar 75 y\u0131l\u00add\u0131r Alman ana\u00adya\u00adsa\u00ads\u0131n\u00adda yer almak\u00adta\u00add\u0131r. D\u00fcn\u00adya\u00adn\u0131n d\u00f6rt bir yan\u0131n\u00adda ve Karls\u00adru\u00adhe\u00ad\u2019\u00adde kad\u0131n\u00adlar hak\u00adla\u00adr\u0131 i\u00e7in daha da uzun s\u00fcre\u00addir kam\u00adpan\u00adya y\u00fcr\u00fc\u00adt\u00fc\u00adyor. Bir\u00adlik\u00adte \u00e7ok daha faz\u00adla\u00ads\u0131\u00adn\u0131 ba\u015fa\u00adra\u00adbi\u00adle\u00adce\u00ad\u011fi\u00admi\u00adzi defa\u00adlar\u00adca g\u00f6s\u00adter\u00addik! Bu g\u00fc\u00e7, Karls\u00adru\u00adhe\u00ad\u2019\u00adde\u00adki \u00e7e\u015fit\u00adli kad\u0131n giri\u00ad\u015fim\u00adle\u00adri 10 Mar\u00adt\u00ad\u2019\u00adta sah\u00adne\u00adde ve bil\u00adgi paza\u00adr\u0131n\u00adda ken\u00addi\u00adle\u00adri\u00adni, \u00e7al\u0131\u015f\u00adma\u00adla\u00adr\u0131\u00adn\u0131 ve hedef\u00adle\u00adri\u00adni sunar\u00adken de his\u00adse\u00addi\u00adlecek. Kad\u0131n\u00adlar Mati\u00adne\u00adsi 2024\u2019\u00fcn renk\u00adli prog\u00adra\u00adm\u0131, Karls\u00adru\u00adhe \u201cCat Calls \u201ctan gelen d\u00fcr\u00adt\u00fc\u00adle\u00adrin yan\u0131 s\u0131ra fikir al\u0131\u015f\u00adve\u00adri\u00ad\u015fi, a\u011f olu\u015f\u00adtur\u00adma ve k\u00fcl\u00adt\u00fc\u00adrel e\u011flen\u00adce i\u00e7in bol\u00adca zaman sunu\u00adyor. Afri\u00adka defi\u00adle\u00adsi\u00adni ve Karls\u00adru\u00adhe lez\u00adbi\u00adyen koro\u00adsu \u201cDie WEIB\u00adra\u00adti\u00adons \u201c\u0131n m\u00fczi\u00adkal g\u00f6sterisini\u2026<\/p>\n","category_list_v2":"","author_info_v2":{"name":"Andrea Ramirez","url":"https:\/\/www.anika-net.de\/tr\/author\/andrea-ramirez\/"},"comments_num_v2":"0 comments","uagb_featured_image_src":{"full":["https:\/\/www.anika-net.de\/wp-content\/uploads\/2022\/01\/Frauentag-2021.jpg",1200,800,false],"thumbnail":["https:\/\/www.anika-net.de\/wp-content\/uploads\/2022\/01\/Frauentag-2021-150x150.jpg",150,150,true],"medium":["https:\/\/www.anika-net.de\/wp-content\/uploads\/2022\/01\/Frauentag-2021-300x200.jpg",300,200,true],"medium_large":["https:\/\/www.anika-net.de\/wp-content\/uploads\/2022\/01\/Frauentag-2021-768x512.jpg",640,427,true],"large":["https:\/\/www.anika-net.de\/wp-content\/uploads\/2022\/01\/Frauentag-2021-1024x683.jpg",640,427,true],"1536x1536":["https:\/\/www.anika-net.de\/wp-content\/uploads\/2022\/01\/Frauentag-2021.jpg",1200,800,false],"2048x2048":["https:\/\/www.anika-net.de\/wp-content\/uploads\/2022\/01\/Frauentag-2021.jpg",1200,800,false],"event-overview":["https:\/\/www.anika-net.de\/wp-content\/uploads\/2022\/01\/Frauentag-2021-960x640.jpg",960,640,true],"event-archive-thumb":["https:\/\/www.anika-net.de\/wp-content\/uploads\/2022\/01\/Frauentag-2021-480x320.jpg",480,320,true],"grid-item-thumbnail":["https:\/\/www.anika-net.de\/wp-content\/uploads\/2022\/01\/Frauentag-2021-360x200.jpg",360,200,true],"network-partner-icon":["https:\/\/www.anika-net.de\/wp-content\/uploads\/2022\/01\/Frauentag-2021-100x100.jpg",100,100,true],"organiser-icon":["https:\/\/www.anika-net.de\/wp-content\/uploads\/2022\/01\/Frauentag-2021-200x200.jpg",200,200,true],"gform-image-choice-sm":["https:\/\/www.anika-net.de\/wp-content\/uploads\/2022\/01\/Frauentag-2021.jpg",300,200,false],"gform-image-choice-md":["https:\/\/www.anika-net.de\/wp-content\/uploads\/2022\/01\/Frauentag-2021.jpg",400,267,false],"gform-image-choice-lg":["https:\/\/www.anika-net.de\/wp-content\/uploads\/2022\/01\/Frauentag-2021.jpg",600,400,false]},"uagb_author_info":{"display_name":"Andrea Ramirez","author_link":"https:\/\/www.anika-net.de\/tr\/author\/andrea-ramirez\/"},"uagb_comment_info":0,"uagb_excerpt":"D\u00fcn\u00adya Kad\u0131n\u00adlar G\u00fcn\u00fc 2024 i\u00e7in kad\u0131n\u00adlar matinesi \u201cPar\u00ad\u00e7a\u00adla\u00adr\u0131\u00adn\u0131n top\u00adla\u00adm\u0131n\u00addan daha faz\u00adla\u00ads\u0131\u201d bu y\u0131l\u00adki kad\u0131n\u00adlar mati\u00adne\u00adsi\u00adnin slogan\u0131. E\u015fit hak\u00adlar 75 y\u0131l\u00add\u0131r Alman ana\u00adya\u00adsa\u00ads\u0131n\u00adda yer almak\u00adta\u00add\u0131r. D\u00fcn\u00adya\u00adn\u0131n d\u00f6rt bir yan\u0131n\u00adda ve Karls\u00adru\u00adhe\u00ad\u2019\u00adde&nbsp;daha fazla okuyun","_links":{"self":[{"href":"https:\/\/www.anika-net.de\/tr\/wp-json\/wp\/v2\/event\/32156","targetHints":{"allow":["GET"]}}],"collection":[{"href":"https:\/\/www.anika-net.de\/tr\/wp-json\/wp\/v2\/event"}],"about":[{"href":"https:\/\/www.anika-net.de\/tr\/wp-json\/wp\/v2\/types\/event"}],"author":[{"embeddable":true,"href":"https:\/\/www.anika-net.de\/tr\/wp-json\/wp\/v2\/users\/12"}],"version-history":[{"count":0,"href":"https:\/\/www.anika-net.de\/tr\/wp-json\/wp\/v2\/event\/32156\/revisions"}],"acf:post":[{"embeddable":true,"href":"https:\/\/www.anika-net.de\/tr\/wp-json\/wp\/v2\/organiser\/16496"},{"embeddable":true,"href":"https:\/\/www.anika-net.de\/tr\/wp-json\/wp\/v2\/organiser\/16249"},{"embeddable":true,"href":"https:\/\/www.anika-net.de\/tr\/wp-json\/wp\/v2\/organiser\/15991"},{"embeddable":true,"href":"https:\/\/www.anika-net.de\/tr\/wp-json\/wp\/v2\/organiser\/16457"}],"acf:term":[{"embeddable":true,"taxonomy":"event_category","href":"https:\/\/www.anika-net.de\/tr\/wp-json\/wp\/v2\/event_category\/97"}],"wp:featuredmedia":[{"embeddable":true,"href":"https:\/\/www.anika-net.de\/tr\/wp-json\/wp\/v2\/media\/13614"}],"wp:attachment":[{"href":"https:\/\/www.anika-net.de\/tr\/wp-json\/wp\/v2\/media?parent=32156"}],"curies":[{"name":"wp","href":"https:\/\/api.w.org\/{rel}","templated":true}]}}

Dün­ya Kadın­lar Günü 2024 için kadın­lar matinesi

<h2><span style="color: #800080;">Dün­ya Kadın­lar Günü 2024 için kadın­lar matinesi</span></h2>
<blockquote><p><strong>“Par­ça­la­rı­nın top­la­mın­dan daha faz­la­sı” bu yıl­ki kadın­lar mati­ne­si­nin sloganı.</strong></p></blockquote>
<p>Eşit hak­lar 75 yıl­dır Alman ana­ya­sa­sın­da yer almak­ta­dır. Dün­ya­nın dört bir yanın­da ve Karls­ru­he­’­de kadın­lar hak­la­rı için daha da uzun süre­dir kam­pan­ya yürü­tü­yor. Bir­lik­te çok daha faz­la­sı­nı başa­ra­bi­le­ce­ği­mi­zi defa­lar­ca gös­ter­dik! Bu güç, Karls­ru­he­’­de­ki çeşit­li kadın giri­şim­le­ri 10 Mar­t­’­ta sah­ne­de ve bil­gi paza­rın­da ken­di­le­ri­ni, çalış­ma­la­rı­nı ve hedef­le­ri­ni sunar­ken de hissedilecek.</p>
<p>Kadın­lar Mati­ne­si 2024’ün <strong>renk­li prog­ra­mı</strong>, Karls­ru­he “Cat Calls “tan gelen dür­tü­le­rin yanı sıra fikir alış­ve­ri­şi, ağ oluş­tur­ma ve kül­tü­rel eğlen­ce için bol­ca zaman sunuyor.<br>
<strong>Afri­ka defi­le­si­ni</strong> ve <strong>Karls­ru­he lez­bi­yen koro­su “Die WEIB­ra­ti­ons “ın müzi­kal</strong> <strong>gös­te­ri­si­ni</strong> dört göz­le bekleyin.</p>
<p>Siz­le­ri gör­me­yi, siz­ler­le tanış­ma­yı ve kah­val­tı masa­sın­da siz­ler­le konuş­ma­yı dört göz­le bekliyoruz.</p>
<p><strong>👉 Giriş 10.30</strong></p>
<p>🔖  <strong>bilet­ler Toll­ha­us­’­tan temin edilebilir.<br>
Önce­den rezer­vas­yon: : 13,00 / indi­rim­li 8,00 / dahil. Kahvaltı<br>
</strong>Büyük salon — otur­ma­lı, ser­best kol­tuk seçimi<strong></strong></p>
<p></p>

<p>Dün­ya Kadın­lar Günü 2024 için kadın­lar mati­ne­si “Par­ça­la­rı­nın top­la­mın­dan daha faz­la­sı” bu yıl­ki kadın­lar mati­ne­si­nin slo­ga­nı. Eşit hak­lar 75 yıl­dır Alman ana­ya­sa­sın­da yer almak­ta­dır. Dün­ya­nın dört bir yanın­da ve Karls­ru­he­’­de kadın­lar hak­la­rı için daha da uzun süre­dir kam­pan­ya yürü­tü­yor. Bir­lik­te çok daha faz­la­sı­nı başa­ra­bi­le­ce­ği­mi­zi defa­lar­ca gös­ter­dik! Bu güç, Karls­ru­he­’­de­ki çeşit­li kadın giri­şim­le­ri 10 Mar­t­’­ta sah­ne­de ve bil­gi paza­rın­da ken­di­le­ri­ni, çalış­ma­la­rı­nı ve hedef­le­ri­ni sunar­ken de his­se­di­lecek. Kadın­lar Mati­ne­si 2024’ün renk­li prog­ra­mı, Karls­ru­he “Cat Calls “tan gelen dür­tü­le­rin yanı sıra fikir alış­ve­ri­şi, ağ oluş­tur­ma ve kül­tü­rel eğlen­ce için bol­ca zaman sunu­yor. Afri­ka defi­le­si­ni ve Karls­ru­he lez­bi­yen koro­su “Die WEIB­ra­ti­ons “ın müzi­kal gösterisini…</p>

Dün­ya Kadın­lar Günü 2024 için kadın­lar matinesi “Par­ça­la­rı­nın top­la­mın­dan daha faz­la­sı” bu yıl­ki kadın­lar mati­ne­si­nin sloganı. Eşit hak­lar 75 yıl­dır Alman ana­ya­sa­sın­da yer almak­ta­dır. Dün­ya­nın dört bir yanın­da ve Karls­ru­he­’­de&nbsp;daha fazla okuyun
