{"id":28638,"date":"2022-11-04T12:46:24","date_gmt":"2022-11-04T11:46:24","guid":{"rendered":"https:\/\/www.anika-net.de\/event\/kadinlar-ve-aileler-icin-danismanlik-ve-destek-hizmetleri-skf\/"},"modified":"2022-11-04T12:57:35","modified_gmt":"2022-11-04T11:57:35","slug":"kadinlar-ve-aileler-icin-danismanlik-ve-destek-hizmetleri-skf","status":"publish","type":"event","link":"https:\/\/www.anika-net.de\/tr\/event\/kadinlar-ve-aileler-icin-danismanlik-ve-destek-hizmetleri-skf\/","title":{"rendered":"Kad\u0131n\u00adlar ve aile\u00adler i\u00e7in dan\u0131\u015f\u00adman\u00adl\u0131k ve des\u00adtek hiz\u00admet\u00adle\u00adri \u2014&nbsp;SkF"},"content":{"rendered":"<h3>Sozi\u00adal\u00addi\u00adenst kat\u00adho\u00adlisc\u00adher Fra\u00adu\u00aden Karls\u00adru\u00adhe (SkF)<\/h3>\n<p>SkF Karls\u00adru\u00adhe\u00ad\u2019\u00adnin dan\u0131\u015f\u00adman\u00adl\u0131k mer\u00adke\u00adzi, kad\u0131n\u00adlar ve aile\u00adler i\u00e7in Sos\u00adyal Yara\u00adt\u0131\u00adc\u0131 Esnek\u00adlik ilke\u00adsi \u00e7er\u00ad\u00e7e\u00adve\u00adsin\u00adde \u00e7e\u015fit\u00adli ayak\u00adta dan\u0131\u015f\u00adman\u00adl\u0131k ve des\u00adtek hiz\u00admet\u00adle\u00adri sunmaktad\u0131r.<\/p>\n<p><strong>Ran\u00adde\u00advu talep edilmektedir<\/strong><\/p>\n<p>&nbsp;<\/p>\n","protected":false},"author":12,"featured_media":10355,"template":"","class_list":["post-28638","event","type-event","status-publish","has-post-thumbnail","hentry","event_category-yardim-olanaklari"],"acf":{"event-recurring":true,"event-category":95,"event-is-language-course":false,"event-recurring-still-active":true,"event-display-details":true,"event-schedules-recurring":[{"event-recurring-week-day":"0","event-recurring-time":"08:30 - 16:30","event-recurring-time-text":""},{"event-recurring-week-day":"1","event-recurring-time":"08:30 - 16:30","event-recurring-time-text":""},{"event-recurring-week-day":"2","event-recurring-time":"08:30 - 16:30","event-recurring-time-text":""},{"event-recurring-week-day":"3","event-recurring-time":"08:30 - 16:30","event-recurring-time-text":""},{"event-recurring-week-day":"4","event-recurring-time":"08:30 - 13:00 \/ 14:00 - 16:30","event-recurring-time-text":""}],"event-schedules-calendar":null,"event-is-online":false,"event-online-url":"","event-location-building":"Sozialdienst katholischer Frauen Karlsruhe (SkF)","event-location-street":"Akademiestr. 15","event-location-zip":"76133","event-location-city":"Karlsruhe","event-location-contact-person":"","event-location-phone":"0721 91375-0 (Zentrale)","event-location-phone-2":"","event-location-mail":"","event-location-mail-2":"","event-location-website":"https:\/\/skf-karlsruhe.de\/beratungsdienste-des-skf","event-target-group":[{"target-group":"families"},{"target-group":"women"}],"event-target-group-comment":"","event-free":true,"event-organiser":[16453],"event-header-copyright-overlay":true,"event-copyright-note-description-end":false},"featured_image_urls_v2":{"full":["https:\/\/www.anika-net.de\/wp-content\/uploads\/2021\/10\/skf_logo.png",500,450,false],"thumbnail":["https:\/\/www.anika-net.de\/wp-content\/uploads\/2021\/10\/skf_logo-150x150.png",150,150,true],"medium":["https:\/\/www.anika-net.de\/wp-content\/uploads\/2021\/10\/skf_logo-300x270.png",300,270,true],"medium_large":["https:\/\/www.anika-net.de\/wp-content\/uploads\/2021\/10\/skf_logo.png",500,450,false],"large":["https:\/\/www.anika-net.de\/wp-content\/uploads\/2021\/10\/skf_logo.png",500,450,false],"1536x1536":["https:\/\/www.anika-net.de\/wp-content\/uploads\/2021\/10\/skf_logo.png",500,450,false],"2048x2048":["https:\/\/www.anika-net.de\/wp-content\/uploads\/2021\/10\/skf_logo.png",500,450,false],"event-overview":["https:\/\/www.anika-net.de\/wp-content\/uploads\/2021\/10\/skf_logo.png",500,450,false],"event-archive-thumb":["https:\/\/www.anika-net.de\/wp-content\/uploads\/2021\/10\/skf_logo-480x432.png",480,432,true],"grid-item-thumbnail":["https:\/\/www.anika-net.de\/wp-content\/uploads\/2021\/10\/skf_logo-360x200.png",360,200,true],"network-partner-icon":["https:\/\/www.anika-net.de\/wp-content\/uploads\/2021\/10\/skf_logo-100x100.png",100,100,true],"organiser-icon":["https:\/\/www.anika-net.de\/wp-content\/uploads\/2021\/10\/skf_logo-200x200.png",200,200,true],"gform-image-choice-sm":["https:\/\/www.anika-net.de\/wp-content\/uploads\/2021\/10\/skf_logo.png",300,270,false],"gform-image-choice-md":["https:\/\/www.anika-net.de\/wp-content\/uploads\/2021\/10\/skf_logo.png",400,360,false],"gform-image-choice-lg":["https:\/\/www.anika-net.de\/wp-content\/uploads\/2021\/10\/skf_logo.png",500,450,false]},"post_excerpt_stackable_v2":"<p>Sozi\u00adal\u00addi\u00adenst kat\u00adho\u00adlisc\u00adher Fra\u00adu\u00aden Karls\u00adru\u00adhe (SkF) SkF Karls\u00adru\u00adhe\u00ad\u2019\u00adnin dan\u0131\u015f\u00adman\u00adl\u0131k mer\u00adke\u00adzi, kad\u0131n\u00adlar ve aile\u00adler i\u00e7in Sos\u00adyal Yara\u00adt\u0131\u00adc\u0131 Esnek\u00adlik ilke\u00adsi \u00e7er\u00ad\u00e7e\u00adve\u00adsin\u00adde \u00e7e\u015fit\u00adli ayak\u00adta dan\u0131\u015f\u00adman\u00adl\u0131k ve des\u00adtek hiz\u00admet\u00adle\u00adri sun\u00admak\u00adta\u00add\u0131r. Ran\u00adde\u00advu talep edilmektedir&nbsp;<\/p>\n","category_list_v2":"","author_info_v2":{"name":"Andrea Ramirez","url":"https:\/\/www.anika-net.de\/tr\/author\/andrea-ramirez\/"},"comments_num_v2":"0 comments","uagb_featured_image_src":{"full":["https:\/\/www.anika-net.de\/wp-content\/uploads\/2021\/10\/skf_logo.png",500,450,false],"thumbnail":["https:\/\/www.anika-net.de\/wp-content\/uploads\/2021\/10\/skf_logo-150x150.png",150,150,true],"medium":["https:\/\/www.anika-net.de\/wp-content\/uploads\/2021\/10\/skf_logo-300x270.png",300,270,true],"medium_large":["https:\/\/www.anika-net.de\/wp-content\/uploads\/2021\/10\/skf_logo.png",500,450,false],"large":["https:\/\/www.anika-net.de\/wp-content\/uploads\/2021\/10\/skf_logo.png",500,450,false],"1536x1536":["https:\/\/www.anika-net.de\/wp-content\/uploads\/2021\/10\/skf_logo.png",500,450,false],"2048x2048":["https:\/\/www.anika-net.de\/wp-content\/uploads\/2021\/10\/skf_logo.png",500,450,false],"event-overview":["https:\/\/www.anika-net.de\/wp-content\/uploads\/2021\/10\/skf_logo.png",500,450,false],"event-archive-thumb":["https:\/\/www.anika-net.de\/wp-content\/uploads\/2021\/10\/skf_logo-480x432.png",480,432,true],"grid-item-thumbnail":["https:\/\/www.anika-net.de\/wp-content\/uploads\/2021\/10\/skf_logo-360x200.png",360,200,true],"network-partner-icon":["https:\/\/www.anika-net.de\/wp-content\/uploads\/2021\/10\/skf_logo-100x100.png",100,100,true],"organiser-icon":["https:\/\/www.anika-net.de\/wp-content\/uploads\/2021\/10\/skf_logo-200x200.png",200,200,true],"gform-image-choice-sm":["https:\/\/www.anika-net.de\/wp-content\/uploads\/2021\/10\/skf_logo.png",300,270,false],"gform-image-choice-md":["https:\/\/www.anika-net.de\/wp-content\/uploads\/2021\/10\/skf_logo.png",400,360,false],"gform-image-choice-lg":["https:\/\/www.anika-net.de\/wp-content\/uploads\/2021\/10\/skf_logo.png",500,450,false]},"uagb_author_info":{"display_name":"Andrea Ramirez","author_link":"https:\/\/www.anika-net.de\/tr\/author\/andrea-ramirez\/"},"uagb_comment_info":0,"uagb_excerpt":"Sozi\u00adal\u00addi\u00adenst kat\u00adho\u00adlisc\u00adher Fra\u00adu\u00aden Karls\u00adru\u00adhe (SkF) SkF Karls\u00adru\u00adhe\u00ad\u2019\u00adnin dan\u0131\u015f\u00adman\u00adl\u0131k mer\u00adke\u00adzi, kad\u0131n\u00adlar ve aile\u00adler i\u00e7in Sos\u00adyal Yara\u00adt\u0131\u00adc\u0131 Esnek\u00adlik ilke\u00adsi \u00e7er\u00ad\u00e7e\u00adve\u00adsin\u00adde \u00e7e\u015fit\u00adli ayak\u00adta dan\u0131\u015f\u00adman\u00adl\u0131k ve des\u00adtek hiz\u00admet\u00adle\u00adri sunmaktad\u0131r. Ran\u00adde\u00advu talep edilmektedir &nbsp;","_links":{"self":[{"href":"https:\/\/www.anika-net.de\/tr\/wp-json\/wp\/v2\/event\/28638","targetHints":{"allow":["GET"]}}],"collection":[{"href":"https:\/\/www.anika-net.de\/tr\/wp-json\/wp\/v2\/event"}],"about":[{"href":"https:\/\/www.anika-net.de\/tr\/wp-json\/wp\/v2\/types\/event"}],"author":[{"embeddable":true,"href":"https:\/\/www.anika-net.de\/tr\/wp-json\/wp\/v2\/users\/12"}],"version-history":[{"count":0,"href":"https:\/\/www.anika-net.de\/tr\/wp-json\/wp\/v2\/event\/28638\/revisions"}],"acf:post":[{"embeddable":true,"href":"https:\/\/www.anika-net.de\/tr\/wp-json\/wp\/v2\/organiser\/16453"}],"acf:term":[{"embeddable":true,"taxonomy":"event_category","href":"https:\/\/www.anika-net.de\/tr\/wp-json\/wp\/v2\/event_category\/95"}],"wp:featuredmedia":[{"embeddable":true,"href":"https:\/\/www.anika-net.de\/tr\/wp-json\/wp\/v2\/media\/10355"}],"wp:attachment":[{"href":"https:\/\/www.anika-net.de\/tr\/wp-json\/wp\/v2\/media?parent=28638"}],"curies":[{"name":"wp","href":"https:\/\/api.w.org\/{rel}","templated":true}]}}

Kadın­lar ve aile­ler için danış­man­lık ve des­tek hiz­met­le­ri —&nbsp;SkF

<h3>Sozi­al­di­enst kat­ho­lisc­her Fra­u­en Karls­ru­he (SkF)</h3>
<p>SkF Karls­ru­he­’­nin danış­man­lık mer­ke­zi, kadın­lar ve aile­ler için Sos­yal Yara­tı­cı Esnek­lik ilke­si çer­çe­ve­sin­de çeşit­li ayak­ta danış­man­lık ve des­tek hiz­met­le­ri sunmaktadır.</p>
<p><strong>Ran­de­vu talep edilmektedir</strong></p>
<p>&nbsp;</p>

<p>Sozi­al­di­enst kat­ho­lisc­her Fra­u­en Karls­ru­he (SkF) SkF Karls­ru­he­’­nin danış­man­lık mer­ke­zi, kadın­lar ve aile­ler için Sos­yal Yara­tı­cı Esnek­lik ilke­si çer­çe­ve­sin­de çeşit­li ayak­ta danış­man­lık ve des­tek hiz­met­le­ri sun­mak­ta­dır. Ran­de­vu talep edilmektedir&nbsp;</p>

Sozi­al­di­enst kat­ho­lisc­her Fra­u­en Karls­ru­he (SkF) SkF Karls­ru­he­’­nin danış­man­lık mer­ke­zi, kadın­lar ve aile­ler için Sos­yal Yara­tı­cı Esnek­lik ilke­si çer­çe­ve­sin­de çeşit­li ayak­ta danış­man­lık ve des­tek hiz­met­le­ri sunmaktadır. Ran­de­vu talep edilmektedir &nbsp;
