{"id":27120,"date":"2022-09-21T11:30:41","date_gmt":"2022-09-21T09:30:41","guid":{"rendered":"https:\/\/www.anika-net.de\/event\/egitim-sertifikali-bir-saglik-gorevlisi-veya-bakici-asistani-olma-yolunuz\/"},"modified":"2022-09-21T11:30:41","modified_gmt":"2022-09-21T09:30:41","slug":"egitim-sertifikali-bir-saglik-gorevlisi-veya-bakici-asistani-olma-yolunuz","status":"publish","type":"event","link":"https:\/\/www.anika-net.de\/tr\/event\/egitim-sertifikali-bir-saglik-gorevlisi-veya-bakici-asistani-olma-yolunuz\/","title":{"rendered":"E\u011fi\u00adtim: Ser\u00adti\u00adfi\u00adka\u00adl\u0131 bir sa\u011f\u00adl\u0131k g\u00f6rev\u00adli\u00adsi veya bak\u0131\u00adc\u0131 asis\u00adta\u00adn\u0131 olma yolunuz"},"content":{"rendered":"<p><strong>Yeter\u00adli\u00adlik hak\u00adk\u0131n\u00adda&nbsp;bilgi<\/strong><\/p>\n<p>ZIEL yeter\u00adli\u00adli\u00ad\u011fi bir\u00adbi\u00adri \u00fcze\u00adri\u00adne in\u015fa edi\u00adlen \u00fc\u00e7 mod\u00fcl\u00adden olu\u015f\u00admak\u00adta\u00add\u0131r. \u0130leri d\u00fczey mod\u00fc\u00adl\u00fcn ard\u0131n\u00addan, para\u00adme\u00addik (e\/k\/d) veya bak\u0131m asis\u00adta\u00adn\u0131 (e\/k\/d) ola\u00adrak kali\u00adfi\u00adye olma ara\u00ads\u0131n\u00adda bir karar verilebilir.<\/p>\n<p><strong>Haz\u0131r\u00adl\u0131k mod\u00fc\u00adl\u00fc<\/strong>: \u0130lk yar\u00add\u0131m\u00adc\u0131 (e\/k\/d) <strong>14.11.2022<\/strong>\u2019den iti\u00adba\u00adren<\/p>\n<p><strong>\u0130leri d\u00fczey mod\u00fcl<\/strong>: Bak\u0131m ve para\u00adme\u00addik asis\u00adta\u00adn\u0131 (e\/k\/d)<\/p>\n<p><strong>Uzman mod\u00fc\u00adl\u00fc 1<\/strong>: Para\u00adme\u00addik (e\/k\/d)<\/p>\n<p><strong>Uzman\u00adl\u0131k mod\u00fc\u00adl\u00fc 2<\/strong>: Bak\u0131m asis\u00adta\u00adn\u0131 (e\/k\/d)<\/p>\n<p><strong>Hedef kit\u00adle<\/strong><\/p>\n<p>Yeter\u00adli\u00adlik temel ola\u00adrak \u0130\u015f Bul\u00adma Kuru\u00admu veya \u0130\u015f Mer\u00adke\u00adzi ara\u00adc\u0131\u00adl\u0131\u00ad\u011f\u0131y\u00adla des\u00adtek alma\u00adya hak kaza\u00adnan t\u00fcm ki\u015fi\u00adle\u00adre y\u00f6ne\u00adlik\u00adtir. T\u00fcm yeter\u00adli\u00adlik d\u00f6ne\u00admi boyun\u00adca hem yo\u011fun Alman\u00adca dil des\u00adte\u00ad\u011fi hem de sos\u00adyo-peda\u00adgo\u00adjik des\u00adtek i\u00e7er\u00addi\u00ad\u011fin\u00adden, \u00f6zel\u00adlik\u00adle <strong>g\u00f6\u00e7\u00admen\u00adlik ge\u00e7\u00admi\u00ad\u015fi olan ki\u015fi\u00adler<\/strong> i\u00e7in uygun\u00addur (A2 dil sevi\u00adye\u00adsin\u00adden itibaren).<\/p>\n<p><strong>Maliyetler\/destek se\u00e7e\u00adnek\u00adle\u00adri<\/strong><br>\nE\u011fi\u00adtim mas\u00adraf\u00adla\u00adr\u0131, i\u015f mer\u00adkez\u00adle\u00adri veya istih\u00addam kurum\u00adla\u00adr\u0131 tara\u00adf\u0131n\u00addan veri\u00adlen akti\u00advas\u00adyon veya e\u011fi\u00adtim kupon\u00adla\u00adr\u0131 ile kar\u00ad\u015f\u0131\u00adlan\u00admak\u00adta\u00add\u0131r. Buna ek ola\u00adrak,&nbsp;\u00f6zel<br>\nKurum\u00adlar da mas\u00adraf\u00adla\u00adr\u0131 \u00fcst\u00adle\u00adne\u00adcek\u00adle\u00adri\u00adni beyan edebilirler.<\/p>\n<p>\u2013&gt; <strong>Karls\u00adru\u00adhe\u00ad\u2019\u00adde\u00adki Ziel-pro\u00adje\u00adsi<\/strong> hak\u00adk\u0131n\u00adda daha faz\u00adla bil\u00adgi yak\u0131nda<\/p>\n<p> <a href=\"https:\/\/www.anika-net.de\/wp-content\/uploads\/2022\/09\/aktuell-05_22_Flyer_ZIEL_Mannheim.pdf\">bro\u00ad\u015f\u00fc\u00adr\u00fc <\/a> indir&nbsp;<\/p>\n<p> <a href=\"https:\/\/www.anika-net.de\/wp-content\/uploads\/2022\/09\/2022-02-ZIEL-Factsheet.pdf\">bil\u00adgi<\/a> for\u00admu\u00adnu indirin<\/p>\n","protected":false},"author":12,"featured_media":26838,"template":"","class_list":["post-27120","event","type-event","status-publish","has-post-thumbnail","hentry","event_category-egitim"],"acf":{"event-recurring":false,"event-category":94,"event-is-language-course":false,"event-recurring-still-active":true,"event-display-details":true,"event-schedules-recurring":null,"event-schedules-calendar":[{"event-calendar-day":"20221114","event-calendar-time":"","event-calendar-time-text":""}],"event-is-online":false,"event-online-url":"","event-location-building":"Johanniter-Unfall-Hilfe e.V. Regionalverband Baden","event-location-street":"Frankensteiner Str, 4a","event-location-zip":"97887","event-location-city":"Wertheim","event-location-contact-person":"Stefan Dosch M.A. \/ Sandra Schabert","event-location-phone":"+49 9342 91102-0","event-location-phone-2":"0621 48303 260","event-location-mail":"ziel.bw@johanniter.de","event-location-mail-2":"bildung.wertheim@johanniter.de","event-location-website":"https:\/\/www.johanniter.de\/juh\/lv-bw\/landingpages\/ziel-ihr-zugang-ins-erwerbsleben\/","event-target-group":[{"target-group":"adults"}],"event-target-group-comment":"","event-free":false,"event-organiser":[26827],"event-header-copyright-overlay":true,"event-copyright-note-description-end":true},"featured_image_urls_v2":{"full":["https:\/\/www.anika-net.de\/wp-content\/uploads\/2022\/09\/index.png",225,225,false],"thumbnail":["https:\/\/www.anika-net.de\/wp-content\/uploads\/2022\/09\/index-150x150.png",150,150,true],"medium":["https:\/\/www.anika-net.de\/wp-content\/uploads\/2022\/09\/index.png",225,225,false],"medium_large":["https:\/\/www.anika-net.de\/wp-content\/uploads\/2022\/09\/index.png",225,225,false],"large":["https:\/\/www.anika-net.de\/wp-content\/uploads\/2022\/09\/index.png",225,225,false],"1536x1536":["https:\/\/www.anika-net.de\/wp-content\/uploads\/2022\/09\/index.png",225,225,false],"2048x2048":["https:\/\/www.anika-net.de\/wp-content\/uploads\/2022\/09\/index.png",225,225,false],"event-overview":["https:\/\/www.anika-net.de\/wp-content\/uploads\/2022\/09\/index.png",225,225,false],"event-archive-thumb":["https:\/\/www.anika-net.de\/wp-content\/uploads\/2022\/09\/index.png",225,225,false],"grid-item-thumbnail":["https:\/\/www.anika-net.de\/wp-content\/uploads\/2022\/09\/index-225x200.png",225,200,true],"network-partner-icon":["https:\/\/www.anika-net.de\/wp-content\/uploads\/2022\/09\/index-100x100.png",100,100,true],"organiser-icon":["https:\/\/www.anika-net.de\/wp-content\/uploads\/2022\/09\/index-200x200.png",200,200,true],"gform-image-choice-sm":["https:\/\/www.anika-net.de\/wp-content\/uploads\/2022\/09\/index.png",225,225,false],"gform-image-choice-md":["https:\/\/www.anika-net.de\/wp-content\/uploads\/2022\/09\/index.png",225,225,false],"gform-image-choice-lg":["https:\/\/www.anika-net.de\/wp-content\/uploads\/2022\/09\/index.png",225,225,false]},"post_excerpt_stackable_v2":"<p>Yeter\u00adli\u00adlik hak\u00adk\u0131n\u00adda&nbsp;bil\u00adgi ZIEL yeter\u00adli\u00adli\u00ad\u011fi bir\u00adbi\u00adri \u00fcze\u00adri\u00adne in\u015fa edi\u00adlen \u00fc\u00e7 mod\u00fcl\u00adden olu\u015f\u00admak\u00adta\u00add\u0131r. \u0130leri d\u00fczey mod\u00fc\u00adl\u00fcn ard\u0131n\u00addan, para\u00adme\u00addik (e\/k\/d) veya bak\u0131m asis\u00adta\u00adn\u0131 (e\/k\/d) ola\u00adrak kali\u00adfi\u00adye olma ara\u00ads\u0131n\u00adda bir karar veri\u00adle\u00adbi\u00adlir. Haz\u0131r\u00adl\u0131k mod\u00fc\u00adl\u00fc: \u0130lk yar\u00add\u0131m\u00adc\u0131 (e\/k\/d) 14.11.2022\u2019den iti\u00adba\u00adren \u0130leri d\u00fczey mod\u00fcl: Bak\u0131m ve para\u00adme\u00addik asis\u00adta\u00adn\u0131 (e\/k\/d) Uzman mod\u00fc\u00adl\u00fc 1: Para\u00adme\u00addik (e\/k\/d) Uzman\u00adl\u0131k mod\u00fc\u00adl\u00fc 2: Bak\u0131m asis\u00adta\u00adn\u0131 (e\/k\/d) Hedef kit\u00adle Yeter\u00adli\u00adlik temel ola\u00adrak \u0130\u015f Bul\u00adma Kuru\u00admu veya \u0130\u015f Mer\u00adke\u00adzi ara\u00adc\u0131\u00adl\u0131\u00ad\u011f\u0131y\u00adla des\u00adtek alma\u00adya hak kaza\u00adnan t\u00fcm ki\u015fi\u00adle\u00adre y\u00f6ne\u00adlik\u00adtir. T\u00fcm yeter\u00adli\u00adlik d\u00f6ne\u00admi boyun\u00adca hem yo\u011fun Alman\u00adca dil des\u00adte\u00ad\u011fi hem de sos\u00ad\u00ad\u00adyo-peda\u00ad\u00ad\u00adgo\u00ad\u00ad\u00adjik des\u00adtek i\u00e7er\u00addi\u00ad\u011fin\u00adden, \u00f6zel\u00adlik\u00adle g\u00f6\u00e7\u00admen\u00adlik ge\u00e7\u00admi\u00ad\u015fi olan ki\u015fi\u00adler i\u00e7in uygun\u00addur (A2 dil sevi\u00adye\u00adsin\u00adden iti\u00adba\u00adren). Maliyetler\/destek se\u00e7enekleri\u2026<\/p>\n","category_list_v2":"","author_info_v2":{"name":"Andrea Ramirez","url":"https:\/\/www.anika-net.de\/tr\/author\/andrea-ramirez\/"},"comments_num_v2":"0 comments","uagb_featured_image_src":{"full":["https:\/\/www.anika-net.de\/wp-content\/uploads\/2022\/09\/index.png",225,225,false],"thumbnail":["https:\/\/www.anika-net.de\/wp-content\/uploads\/2022\/09\/index-150x150.png",150,150,true],"medium":["https:\/\/www.anika-net.de\/wp-content\/uploads\/2022\/09\/index.png",225,225,false],"medium_large":["https:\/\/www.anika-net.de\/wp-content\/uploads\/2022\/09\/index.png",225,225,false],"large":["https:\/\/www.anika-net.de\/wp-content\/uploads\/2022\/09\/index.png",225,225,false],"1536x1536":["https:\/\/www.anika-net.de\/wp-content\/uploads\/2022\/09\/index.png",225,225,false],"2048x2048":["https:\/\/www.anika-net.de\/wp-content\/uploads\/2022\/09\/index.png",225,225,false],"event-overview":["https:\/\/www.anika-net.de\/wp-content\/uploads\/2022\/09\/index.png",225,225,false],"event-archive-thumb":["https:\/\/www.anika-net.de\/wp-content\/uploads\/2022\/09\/index.png",225,225,false],"grid-item-thumbnail":["https:\/\/www.anika-net.de\/wp-content\/uploads\/2022\/09\/index-225x200.png",225,200,true],"network-partner-icon":["https:\/\/www.anika-net.de\/wp-content\/uploads\/2022\/09\/index-100x100.png",100,100,true],"organiser-icon":["https:\/\/www.anika-net.de\/wp-content\/uploads\/2022\/09\/index-200x200.png",200,200,true],"gform-image-choice-sm":["https:\/\/www.anika-net.de\/wp-content\/uploads\/2022\/09\/index.png",225,225,false],"gform-image-choice-md":["https:\/\/www.anika-net.de\/wp-content\/uploads\/2022\/09\/index.png",225,225,false],"gform-image-choice-lg":["https:\/\/www.anika-net.de\/wp-content\/uploads\/2022\/09\/index.png",225,225,false]},"uagb_author_info":{"display_name":"Andrea Ramirez","author_link":"https:\/\/www.anika-net.de\/tr\/author\/andrea-ramirez\/"},"uagb_comment_info":0,"uagb_excerpt":"Yeter\u00adli\u00adlik hak\u00adk\u0131n\u00adda&nbsp;bilgi ZIEL yeter\u00adli\u00adli\u00ad\u011fi bir\u00adbi\u00adri \u00fcze\u00adri\u00adne in\u015fa edi\u00adlen \u00fc\u00e7 mod\u00fcl\u00adden olu\u015f\u00admak\u00adta\u00add\u0131r. \u0130leri d\u00fczey mod\u00fc\u00adl\u00fcn ard\u0131n\u00addan, para\u00adme\u00addik (e\/k\/d) veya bak\u0131m asis\u00adta\u00adn\u0131 (e\/k\/d) ola\u00adrak kali\u00adfi\u00adye olma ara\u00ads\u0131n\u00adda bir karar verilebilir. Haz\u0131r\u00adl\u0131k mod\u00fc\u00adl\u00fc:&nbsp;daha fazla okuyun","_links":{"self":[{"href":"https:\/\/www.anika-net.de\/tr\/wp-json\/wp\/v2\/event\/27120","targetHints":{"allow":["GET"]}}],"collection":[{"href":"https:\/\/www.anika-net.de\/tr\/wp-json\/wp\/v2\/event"}],"about":[{"href":"https:\/\/www.anika-net.de\/tr\/wp-json\/wp\/v2\/types\/event"}],"author":[{"embeddable":true,"href":"https:\/\/www.anika-net.de\/tr\/wp-json\/wp\/v2\/users\/12"}],"version-history":[{"count":0,"href":"https:\/\/www.anika-net.de\/tr\/wp-json\/wp\/v2\/event\/27120\/revisions"}],"acf:post":[{"embeddable":true,"href":"https:\/\/www.anika-net.de\/tr\/wp-json\/wp\/v2\/organiser\/26827"}],"acf:term":[{"embeddable":true,"taxonomy":"event_category","href":"https:\/\/www.anika-net.de\/tr\/wp-json\/wp\/v2\/event_category\/94"}],"wp:featuredmedia":[{"embeddable":true,"href":"https:\/\/www.anika-net.de\/tr\/wp-json\/wp\/v2\/media\/26838"}],"wp:attachment":[{"href":"https:\/\/www.anika-net.de\/tr\/wp-json\/wp\/v2\/media?parent=27120"}],"curies":[{"name":"wp","href":"https:\/\/api.w.org\/{rel}","templated":true}]}}

Eği­tim: Ser­ti­fi­ka­lı bir sağ­lık görev­li­si veya bakı­cı asis­ta­nı olma yolunuz

<p><strong>Yeter­li­lik hak­kın­da&nbsp;bilgi</strong></p>
<p>ZIEL yeter­li­li­ği bir­bi­ri üze­ri­ne inşa edi­len üç modül­den oluş­mak­ta­dır. İleri düzey modü­lün ardın­dan, para­me­dik (e/k/d) veya bakım asis­ta­nı (e/k/d) ola­rak kali­fi­ye olma ara­sın­da bir karar verilebilir.</p>
<p><strong>Hazır­lık modü­lü</strong>: İlk yar­dım­cı (e/k/d) <strong>14.11.2022</strong>’den iti­ba­ren</p>
<p><strong>İleri düzey modül</strong>: Bakım ve para­me­dik asis­ta­nı (e/k/d)</p>
<p><strong>Uzman modü­lü 1</strong>: Para­me­dik (e/k/d)</p>
<p><strong>Uzman­lık modü­lü 2</strong>: Bakım asis­ta­nı (e/k/d)</p>
<p><strong>Hedef kit­le</strong></p>
<p>Yeter­li­lik temel ola­rak İş Bul­ma Kuru­mu veya İş Mer­ke­zi ara­cı­lı­ğıy­la des­tek alma­ya hak kaza­nan tüm kişi­le­re yöne­lik­tir. Tüm yeter­li­lik döne­mi boyun­ca hem yoğun Alman­ca dil des­te­ği hem de sos­yo-peda­go­jik des­tek içer­di­ğin­den, özel­lik­le <strong>göç­men­lik geç­mi­şi olan kişi­ler</strong> için uygun­dur (A2 dil sevi­ye­sin­den itibaren).</p>
<p><strong>Maliyetler/destek seçe­nek­le­ri</strong><br>
Eği­tim mas­raf­la­rı, iş mer­kez­le­ri veya istih­dam kurum­la­rı tara­fın­dan veri­len akti­vas­yon veya eği­tim kupon­la­rı ile kar­şı­lan­mak­ta­dır. Buna ek ola­rak,&nbsp;özel<br>
Kurum­lar da mas­raf­la­rı üst­le­ne­cek­le­ri­ni beyan edebilirler.</p>
<p>–&gt; <strong>Karls­ru­he­’­de­ki Ziel-pro­je­si</strong> hak­kın­da daha faz­la bil­gi yakında</p>
<p> <a href="https://www.anika-net.de/wp-content/uploads/2022/09/aktuell-05_22_Flyer_ZIEL_Mannheim.pdf">bro­şü­rü </a> indir&nbsp;</p>
<p> <a href="https://www.anika-net.de/wp-content/uploads/2022/09/2022-02-ZIEL-Factsheet.pdf">bil­gi</a> for­mu­nu indirin</p>

<p>Yeter­li­lik hak­kın­da&nbsp;bil­gi ZIEL yeter­li­li­ği bir­bi­ri üze­ri­ne inşa edi­len üç modül­den oluş­mak­ta­dır. İleri düzey modü­lün ardın­dan, para­me­dik (e/k/d) veya bakım asis­ta­nı (e/k/d) ola­rak kali­fi­ye olma ara­sın­da bir karar veri­le­bi­lir. Hazır­lık modü­lü: İlk yar­dım­cı (e/k/d) 14.11.2022’den iti­ba­ren İleri düzey modül: Bakım ve para­me­dik asis­ta­nı (e/k/d) Uzman modü­lü 1: Para­me­dik (e/k/d) Uzman­lık modü­lü 2: Bakım asis­ta­nı (e/k/d) Hedef kit­le Yeter­li­lik temel ola­rak İş Bul­ma Kuru­mu veya İş Mer­ke­zi ara­cı­lı­ğıy­la des­tek alma­ya hak kaza­nan tüm kişi­le­re yöne­lik­tir. Tüm yeter­li­lik döne­mi boyun­ca hem yoğun Alman­ca dil des­te­ği hem de sos­­­yo-peda­­­go­­­jik des­tek içer­di­ğin­den, özel­lik­le göç­men­lik geç­mi­şi olan kişi­ler için uygun­dur (A2 dil sevi­ye­sin­den iti­ba­ren). Maliyetler/destek seçenekleri…</p>

Yeter­li­lik hak­kın­da&nbsp;bilgi ZIEL yeter­li­li­ği bir­bi­ri üze­ri­ne inşa edi­len üç modül­den oluş­mak­ta­dır. İleri düzey modü­lün ardın­dan, para­me­dik (e/k/d) veya bakım asis­ta­nı (e/k/d) ola­rak kali­fi­ye olma ara­sın­da bir karar verilebilir. Hazır­lık modü­lü:&nbsp;daha fazla okuyun
