{"id":24034,"date":"2022-07-27T10:15:35","date_gmt":"2022-07-27T08:15:35","guid":{"rendered":"https:\/\/www.anika-net.de\/event\/enbw-karlsruhede-kariyer-entegrasyon-programi\/"},"modified":"2024-09-11T10:58:53","modified_gmt":"2024-09-11T08:58:53","slug":"enbw-karlsruhede-kariyer-entegrasyon-programi","status":"publish","type":"event","link":"https:\/\/www.anika-net.de\/tr\/event\/enbw-karlsruhede-kariyer-entegrasyon-programi\/","title":{"rendered":"EnBW Karls\u00adru\u00adhe\u00ad\u2019\u00adde kari\u00adyer enteg\u00adras\u00adyon program\u0131"},"content":{"rendered":"<h1><span style=\"color: #008080;\"><strong>M\u00fcl\u00adte\u00adci\u00adler ve g\u00f6\u00e7\u00admen\u00adler i\u00e7in EnBW Karls\u00adru\u00adhe\u00ad\u2019\u00adde\u00adki Kari\u00adyer enteg\u00adras\u00adyon prog\u00adra\u00adm\u0131\u00adm\u0131z\u00adla gele\u00adce\u00ad\u011fi\u00adni\u00adze ba\u015f\u00adla\u00ady\u0131n<\/strong>.<\/span><\/h1>\n<p>  Tek\u00adnik konu\u00adla\u00adra ilgi duyan m\u00fcl\u00adte\u00adci ve g\u00f6\u00e7\u00admen\u00adle\u00adrin \u00c7\u0131rak\u00adl\u0131k E\u011fi\u00adti\u00admi\u00adne eri\u00ad\u015fi\u00admi\u00adni sa\u011f\u00adla\u00admak istiyoruz.<br>\nKat\u0131\u00adl\u0131m\u00adc\u0131\u00adla\u00adr\u0131\u00adm\u0131z kari\u00adyer enteg\u00adras\u00adyon prog\u00adra\u00adm\u0131 s\u0131ra\u00ads\u0131n\u00adda \u00fc\u00e7 a\u015fa\u00adma\u00addan ge\u00e7\u00admek\u00adte\u00addir:   <strong>A\u015fa\u00adma 1 \u2014&nbsp;Staj<\/strong><\/p>\n<p><strong>2. A\u015fa\u00adma \u2014 Bir y\u0131l\u00adl\u0131k end\u00fcst\u00adri\u00adyel-tek\u00adnik mes\u00adlek&nbsp;okulu<\/strong><\/p>\n<p><strong>A\u015fa\u00adma 3 \u2014 Tek\u00adnik e\u011fitim<\/strong><\/p>\n<h3><span style=\"color: #008080;\">\u00c7\u0131rak\u00adl\u0131k e\u011fi\u00adti\u00admin\u00adden son\u00adra ne&nbsp;olur?<\/span><\/h3>\n<p>  Per\u00adfor\u00adman\u00ads\u0131\u00adn\u0131z ve heve\u00adsi\u00adniz\u00adle bizi ikna eder\u00adse\u00adniz, bizim\u00adle olan yeri\u00adniz g\u00fcven\u00adce alt\u0131ndad\u0131r.<br>\nGeni\u015f bir pers\u00adpek\u00adtif yel\u00adpa\u00adze\u00adsi, \u00e7e\u015fit\u00adli i\u015f se\u00e7e\u00adnek\u00adle\u00adri ve ile\u00adri e\u011fi\u00adtim f\u0131r\u00adsat\u00adla\u00adr\u0131 sizi bekliyor.<br>\nBizim des\u00adte\u00ad\u011fi\u00admi\u00adze sahipsiniz.&nbsp;<\/p>\n","protected":false},"author":12,"featured_media":24012,"template":"","class_list":["post-24034","event","type-event","status-publish","has-post-thumbnail","hentry","event_category-is"],"acf":{"event-recurring":true,"event-category":96,"event-is-language-course":false,"event-recurring-still-active":true,"event-display-details":true,"event-schedules-recurring":null,"event-schedules-calendar":null,"event-is-online":false,"event-online-url":"","event-location-building":"EnBW Ausbildungs- und Qualifizierungscampus","event-location-street":"Fettweisstra\u00dfe 42 d","event-location-zip":"76189 ","event-location-city":"Karlsruhe","event-location-contact-person":"Annette Dossinger","event-location-phone":"+49 721 631 45 44","event-location-phone-2":"","event-location-mail":"a.dossinger@enbw.com","event-location-mail-2":"","event-location-website":"https:\/\/www.enbw.com\/unternehmen\/karriere\/nachwuchstalente\/berufsintegrationsprogramm\/berufsintegrationsprogramm-karlsruhe.html","event-target-group":null,"event-target-group-comment":"M\u00fclteciler ve g\u00f6\u00e7menler","event-free":true,"event-organiser":[24023],"event-header-copyright-overlay":true,"event-copyright-note-description-end":false},"featured_image_urls_v2":{"full":["https:\/\/www.anika-net.de\/wp-content\/uploads\/2022\/07\/image002.png",1046,576,false],"thumbnail":["https:\/\/www.anika-net.de\/wp-content\/uploads\/2022\/07\/image002-150x150.png",150,150,true],"medium":["https:\/\/www.anika-net.de\/wp-content\/uploads\/2022\/07\/image002-300x165.png",300,165,true],"medium_large":["https:\/\/www.anika-net.de\/wp-content\/uploads\/2022\/07\/image002-768x423.png",640,353,true],"large":["https:\/\/www.anika-net.de\/wp-content\/uploads\/2022\/07\/image002-1024x564.png",640,353,true],"1536x1536":["https:\/\/www.anika-net.de\/wp-content\/uploads\/2022\/07\/image002.png",1046,576,false],"2048x2048":["https:\/\/www.anika-net.de\/wp-content\/uploads\/2022\/07\/image002.png",1046,576,false],"event-overview":["https:\/\/www.anika-net.de\/wp-content\/uploads\/2022\/07\/image002-960x576.png",960,576,true],"event-archive-thumb":["https:\/\/www.anika-net.de\/wp-content\/uploads\/2022\/07\/image002-480x264.png",480,264,true],"grid-item-thumbnail":["https:\/\/www.anika-net.de\/wp-content\/uploads\/2022\/07\/image002-360x200.png",360,200,true],"network-partner-icon":["https:\/\/www.anika-net.de\/wp-content\/uploads\/2022\/07\/image002-100x100.png",100,100,true],"organiser-icon":["https:\/\/www.anika-net.de\/wp-content\/uploads\/2022\/07\/image002-200x200.png",200,200,true],"gform-image-choice-sm":["https:\/\/www.anika-net.de\/wp-content\/uploads\/2022\/07\/image002.png",300,165,false],"gform-image-choice-md":["https:\/\/www.anika-net.de\/wp-content\/uploads\/2022\/07\/image002.png",400,220,false],"gform-image-choice-lg":["https:\/\/www.anika-net.de\/wp-content\/uploads\/2022\/07\/image002.png",600,330,false]},"post_excerpt_stackable_v2":"<p>M\u00fcl\u00adte\u00adci\u00adler ve g\u00f6\u00e7\u00admen\u00adler i\u00e7in EnBW Karls\u00adru\u00adhe\u00ad\u2019\u00adde\u00adki Kari\u00adyer enteg\u00adras\u00adyon prog\u00adra\u00adm\u0131\u00adm\u0131z\u00adla gele\u00adce\u00ad\u011fi\u00adni\u00adze ba\u015f\u00adla\u00ady\u0131n. Tek\u00adnik konu\u00adla\u00adra ilgi duyan m\u00fcl\u00adte\u00adci ve g\u00f6\u00e7\u00admen\u00adle\u00adrin \u00c7\u0131rak\u00adl\u0131k E\u011fi\u00adti\u00admi\u00adne eri\u00ad\u015fi\u00admi\u00adni sa\u011f\u00adla\u00admak isti\u00adyo\u00adruz. Kat\u0131\u00adl\u0131m\u00adc\u0131\u00adla\u00adr\u0131\u00adm\u0131z kari\u00adyer enteg\u00adras\u00adyon prog\u00adra\u00adm\u0131 s\u0131ra\u00ads\u0131n\u00adda \u00fc\u00e7 a\u015fa\u00adma\u00addan ge\u00e7\u00admek\u00adte\u00addir: A\u015fa\u00adma 1 \u2014&nbsp;Staj 2. A\u015fa\u00adma \u2014 Bir y\u0131l\u00adl\u0131k end\u00fcs\u00adt\u00ad\u00ad\u00adri\u00ad\u00ad\u00adyel-tek\u00ad\u00ad\u00adnik mes\u00adlek&nbsp;oku\u00adlu A\u015fa\u00adma 3 \u2014 Tek\u00adnik e\u011fi\u00adtim \u00c7\u0131rak\u00adl\u0131k e\u011fi\u00adti\u00admin\u00adden son\u00adra ne&nbsp;olur? Per\u00adfor\u00adman\u00ads\u0131\u00adn\u0131z ve heve\u00adsi\u00adniz\u00adle bizi ikna eder\u00adse\u00adniz, bizim\u00adle olan yeri\u00adniz g\u00fcven\u00adce alt\u0131n\u00adda\u00add\u0131r. Geni\u015f bir pers\u00adpek\u00adtif yel\u00adpa\u00adze\u00adsi, \u00e7e\u015fit\u00adli i\u015f se\u00e7e\u00adnek\u00adle\u00adri ve ile\u00adri e\u011fi\u00adtim f\u0131r\u00adsat\u00adla\u00adr\u0131 sizi bek\u00adli\u00adyor. Bizim des\u00adte\u00ad\u011fi\u00admi\u00adze sahipsiniz.&nbsp;<\/p>\n","category_list_v2":"","author_info_v2":{"name":"Andrea Ramirez","url":"https:\/\/www.anika-net.de\/tr\/author\/andrea-ramirez\/"},"comments_num_v2":"0 comments","uagb_featured_image_src":{"full":["https:\/\/www.anika-net.de\/wp-content\/uploads\/2022\/07\/image002.png",1046,576,false],"thumbnail":["https:\/\/www.anika-net.de\/wp-content\/uploads\/2022\/07\/image002-150x150.png",150,150,true],"medium":["https:\/\/www.anika-net.de\/wp-content\/uploads\/2022\/07\/image002-300x165.png",300,165,true],"medium_large":["https:\/\/www.anika-net.de\/wp-content\/uploads\/2022\/07\/image002-768x423.png",640,353,true],"large":["https:\/\/www.anika-net.de\/wp-content\/uploads\/2022\/07\/image002-1024x564.png",640,353,true],"1536x1536":["https:\/\/www.anika-net.de\/wp-content\/uploads\/2022\/07\/image002.png",1046,576,false],"2048x2048":["https:\/\/www.anika-net.de\/wp-content\/uploads\/2022\/07\/image002.png",1046,576,false],"event-overview":["https:\/\/www.anika-net.de\/wp-content\/uploads\/2022\/07\/image002-960x576.png",960,576,true],"event-archive-thumb":["https:\/\/www.anika-net.de\/wp-content\/uploads\/2022\/07\/image002-480x264.png",480,264,true],"grid-item-thumbnail":["https:\/\/www.anika-net.de\/wp-content\/uploads\/2022\/07\/image002-360x200.png",360,200,true],"network-partner-icon":["https:\/\/www.anika-net.de\/wp-content\/uploads\/2022\/07\/image002-100x100.png",100,100,true],"organiser-icon":["https:\/\/www.anika-net.de\/wp-content\/uploads\/2022\/07\/image002-200x200.png",200,200,true],"gform-image-choice-sm":["https:\/\/www.anika-net.de\/wp-content\/uploads\/2022\/07\/image002.png",300,165,false],"gform-image-choice-md":["https:\/\/www.anika-net.de\/wp-content\/uploads\/2022\/07\/image002.png",400,220,false],"gform-image-choice-lg":["https:\/\/www.anika-net.de\/wp-content\/uploads\/2022\/07\/image002.png",600,330,false]},"uagb_author_info":{"display_name":"Andrea Ramirez","author_link":"https:\/\/www.anika-net.de\/tr\/author\/andrea-ramirez\/"},"uagb_comment_info":0,"uagb_excerpt":"M\u00fcl\u00adte\u00adci\u00adler ve g\u00f6\u00e7\u00admen\u00adler i\u00e7in EnBW Karls\u00adru\u00adhe\u00ad\u2019\u00adde\u00adki Kari\u00adyer enteg\u00adras\u00adyon prog\u00adra\u00adm\u0131\u00adm\u0131z\u00adla gele\u00adce\u00ad\u011fi\u00adni\u00adze ba\u015f\u00adla\u00ady\u0131n. Tek\u00adnik konu\u00adla\u00adra ilgi duyan m\u00fcl\u00adte\u00adci ve g\u00f6\u00e7\u00admen\u00adle\u00adrin \u00c7\u0131rak\u00adl\u0131k E\u011fi\u00adti\u00admi\u00adne eri\u00ad\u015fi\u00admi\u00adni sa\u011f\u00adla\u00admak istiyoruz. Kat\u0131\u00adl\u0131m\u00adc\u0131\u00adla\u00adr\u0131\u00adm\u0131z kari\u00adyer enteg\u00adras\u00adyon prog\u00adra\u00adm\u0131 s\u0131ra\u00ads\u0131n\u00adda \u00fc\u00e7 a\u015fa\u00adma\u00addan&nbsp;daha fazla okuyun","_links":{"self":[{"href":"https:\/\/www.anika-net.de\/tr\/wp-json\/wp\/v2\/event\/24034","targetHints":{"allow":["GET"]}}],"collection":[{"href":"https:\/\/www.anika-net.de\/tr\/wp-json\/wp\/v2\/event"}],"about":[{"href":"https:\/\/www.anika-net.de\/tr\/wp-json\/wp\/v2\/types\/event"}],"author":[{"embeddable":true,"href":"https:\/\/www.anika-net.de\/tr\/wp-json\/wp\/v2\/users\/12"}],"version-history":[{"count":1,"href":"https:\/\/www.anika-net.de\/tr\/wp-json\/wp\/v2\/event\/24034\/revisions"}],"predecessor-version":[{"id":53408,"href":"https:\/\/www.anika-net.de\/tr\/wp-json\/wp\/v2\/event\/24034\/revisions\/53408"}],"acf:post":[{"embeddable":true,"href":"https:\/\/www.anika-net.de\/tr\/wp-json\/wp\/v2\/organiser\/24023"}],"acf:term":[{"embeddable":true,"taxonomy":"event_category","href":"https:\/\/www.anika-net.de\/tr\/wp-json\/wp\/v2\/event_category\/96"}],"wp:featuredmedia":[{"embeddable":true,"href":"https:\/\/www.anika-net.de\/tr\/wp-json\/wp\/v2\/media\/24012"}],"wp:attachment":[{"href":"https:\/\/www.anika-net.de\/tr\/wp-json\/wp\/v2\/media?parent=24034"}],"curies":[{"name":"wp","href":"https:\/\/api.w.org\/{rel}","templated":true}]}}

EnBW Karls­ru­he­’­de kari­yer enteg­ras­yon programı

<h1><span style="color: #008080;"><strong>Mül­te­ci­ler ve göç­men­ler için EnBW Karls­ru­he­’­de­ki Kari­yer enteg­ras­yon prog­ra­mı­mız­la gele­ce­ği­ni­ze baş­la­yın</strong>.</span></h1>
<p>  Tek­nik konu­la­ra ilgi duyan mül­te­ci ve göç­men­le­rin Çırak­lık Eği­ti­mi­ne eri­şi­mi­ni sağ­la­mak istiyoruz.<br>
Katı­lım­cı­la­rı­mız kari­yer enteg­ras­yon prog­ra­mı sıra­sın­da üç aşa­ma­dan geç­mek­te­dir:   <strong>Aşa­ma 1 —&nbsp;Staj</strong></p>
<p><strong>2. Aşa­ma — Bir yıl­lık endüst­ri­yel-tek­nik mes­lek&nbsp;okulu</strong></p>
<p><strong>Aşa­ma 3 — Tek­nik eğitim</strong></p>
<h3><span style="color: #008080;">Çırak­lık eği­ti­min­den son­ra ne&nbsp;olur?</span></h3>
<p>  Per­for­man­sı­nız ve heve­si­niz­le bizi ikna eder­se­niz, bizim­le olan yeri­niz güven­ce altındadır.<br>
Geniş bir pers­pek­tif yel­pa­ze­si, çeşit­li iş seçe­nek­le­ri ve ile­ri eği­tim fır­sat­la­rı sizi bekliyor.<br>
Bizim des­te­ği­mi­ze sahipsiniz.&nbsp;</p>

Fettweisstraße 42 d

Mülteciler ve göçmenler

<p>Mül­te­ci­ler ve göç­men­ler için EnBW Karls­ru­he­’­de­ki Kari­yer enteg­ras­yon prog­ra­mı­mız­la gele­ce­ği­ni­ze baş­la­yın. Tek­nik konu­la­ra ilgi duyan mül­te­ci ve göç­men­le­rin Çırak­lık Eği­ti­mi­ne eri­şi­mi­ni sağ­la­mak isti­yo­ruz. Katı­lım­cı­la­rı­mız kari­yer enteg­ras­yon prog­ra­mı sıra­sın­da üç aşa­ma­dan geç­mek­te­dir: Aşa­ma 1 —&nbsp;Staj 2. Aşa­ma — Bir yıl­lık endüs­t­­­ri­­­yel-tek­­­nik mes­lek&nbsp;oku­lu Aşa­ma 3 — Tek­nik eği­tim Çırak­lık eği­ti­min­den son­ra ne&nbsp;olur? Per­for­man­sı­nız ve heve­si­niz­le bizi ikna eder­se­niz, bizim­le olan yeri­niz güven­ce altın­da­dır. Geniş bir pers­pek­tif yel­pa­ze­si, çeşit­li iş seçe­nek­le­ri ve ile­ri eği­tim fır­sat­la­rı sizi bek­li­yor. Bizim des­te­ği­mi­ze sahipsiniz.&nbsp;</p>

Mül­te­ci­ler ve göç­men­ler için EnBW Karls­ru­he­’­de­ki Kari­yer enteg­ras­yon prog­ra­mı­mız­la gele­ce­ği­ni­ze baş­la­yın. Tek­nik konu­la­ra ilgi duyan mül­te­ci ve göç­men­le­rin Çırak­lık Eği­ti­mi­ne eri­şi­mi­ni sağ­la­mak istiyoruz. Katı­lım­cı­la­rı­mız kari­yer enteg­ras­yon prog­ra­mı sıra­sın­da üç aşa­ma­dan&nbsp;daha fazla okuyun
