{"id":23043,"date":"2022-06-09T01:15:06","date_gmt":"2022-06-08T23:15:06","guid":{"rendered":"https:\/\/www.anika-net.de\/event\/daa-karlsrue\/"},"modified":"2026-04-28T14:48:58","modified_gmt":"2026-04-28T12:48:58","slug":"daa-karlsrue","status":"publish","type":"event","link":"https:\/\/www.anika-net.de\/tr\/event\/daa-karlsrue\/","title":{"rendered":"\u0130\u015f Ba\u015f\u00advu\u00adru\u00adsu Ko\u00e7lu\u011fu"},"content":{"rendered":"<h2><span style=\"color: #008080;\">\u0130\u015f Ba\u015f\u00advu\u00adru\u00adsu Ko\u00e7lu\u011fu<\/span><\/h2>\n<p>Kari\u00adyer de\u011fi\u00ad\u015fik\u00adli\u00ad\u011fi yap\u00admak iste\u00adyen her\u00adkes bir dizi yeni durum ve ida\u00adri pro\u00adse\u00add\u00fcr\u00adle kar\u00ad\u015f\u0131 kar\u00ad\u015f\u0131\u00adya kalacakt\u0131r.<\/p>\n<p>DAA\u2019\u00adda\u00adki dene\u00adyim\u00adli ko\u00e7\u00adla\u00adr\u0131\u00adm\u0131z, \u00f6zel ihti\u00adya\u00e7\u00adla\u00adr\u0131\u00adn\u0131\u00adza g\u00f6re ki\u015fi\u00adsel\u00adle\u015f\u00adti\u00adril\u00admi\u015f \u00e7\u00f6z\u00fcm\u00adler ve stra\u00adte\u00adji\u00adler geli\u015f\u00adtir\u00adme\u00adni\u00adze yar\u00add\u0131m\u00adc\u0131 olmak\u00adtan mut\u00adlu\u00adluk duyacakt\u0131r.<\/p>\n<h4><strong>Finans\u00adman f\u0131rsatlar\u0131<\/strong><\/h4>\n<p>Tek\u00adlif\u00adle\u00adri\u00admi\u00adzin tan\u0131\u00adt\u0131\u00adm\u0131 m\u00fcmk\u00fcnd\u00fcr:<\/p>\n<ul>\n<li><strong>\u0130\u015f Bul\u00adma Kuru\u00admun\u00addan akti\u00advas\u00adyon ve yer\u00adle\u015f\u00adtir\u00adme kupo\u00adnu<\/strong> ile<\/li>\n<li><strong>i\u015f mer\u00adkez\u00adle\u00adrin\u00adden akti\u00advas\u00adyon ve yer\u00adle\u015f\u00adtir\u00adme kupo\u00adnu<\/strong> ile <strong>(SGB II)<\/strong><\/li>\n<\/ul>\n","protected":false},"author":12,"featured_media":121498,"template":"","class_list":["post-23043","event","type-event","status-publish","has-post-thumbnail","hentry","event_category-is"],"acf":{"event-recurring":true,"event-category":96,"event-is-language-course":false,"event-recurring-still-active":true,"event-display-details":true,"event-schedules-recurring":null,"event-schedules-calendar":null,"event-is-online":false,"event-online-url":"","event-location-building":"DAA Karlsruhe","event-location-street":"Hirschstra\u00dfe 12-14","event-location-zip":"76133","event-location-city":"Karlsruhe","event-location-contact-person":"","event-location-phone":"0721 201 139 10","event-location-phone-2":"","event-location-mail":"info.karlsruhe@daa.de","event-location-mail-2":"","event-location-website":"https:\/\/daa-bawue.de\/bildungsangebote\/coaching\/uebersicht-coachings","event-target-group":[{"target-group":"adults"}],"event-target-group-comment":"Dil ko\u00e7lu\u011fu - i\u015fle ilgili Almanca G\u00f6\u00e7menler, s\u0131\u011f\u0131nmac\u0131lar, tan\u0131nm\u0131\u015f m\u00fclteciler","event-free":false,"event-organiser":[23030],"event-header-copyright-overlay":true,"event-copyright-note-description-end":false},"featured_image_urls_v2":{"full":["https:\/\/www.anika-net.de\/wp-content\/uploads\/2022\/06\/confident-pleased-female-applicant-signing-employment-contract-meeting-with-hr-manager-showing-scaled.webp",2560,1706,false],"thumbnail":["https:\/\/www.anika-net.de\/wp-content\/uploads\/2022\/06\/confident-pleased-female-applicant-signing-employment-contract-meeting-with-hr-manager-showing-150x150.webp",150,150,true],"medium":["https:\/\/www.anika-net.de\/wp-content\/uploads\/2022\/06\/confident-pleased-female-applicant-signing-employment-contract-meeting-with-hr-manager-showing-300x200.webp",300,200,true],"medium_large":["https:\/\/www.anika-net.de\/wp-content\/uploads\/2022\/06\/confident-pleased-female-applicant-signing-employment-contract-meeting-with-hr-manager-showing-768x512.webp",640,427,true],"large":["https:\/\/www.anika-net.de\/wp-content\/uploads\/2022\/06\/confident-pleased-female-applicant-signing-employment-contract-meeting-with-hr-manager-showing-1024x683.webp",640,427,true],"1536x1536":["https:\/\/www.anika-net.de\/wp-content\/uploads\/2022\/06\/confident-pleased-female-applicant-signing-employment-contract-meeting-with-hr-manager-showing-1536x1024.webp",1536,1024,true],"2048x2048":["https:\/\/www.anika-net.de\/wp-content\/uploads\/2022\/06\/confident-pleased-female-applicant-signing-employment-contract-meeting-with-hr-manager-showing-2048x1365.webp",2048,1365,true],"event-overview":["https:\/\/www.anika-net.de\/wp-content\/uploads\/2022\/06\/confident-pleased-female-applicant-signing-employment-contract-meeting-with-hr-manager-showing-960x640.webp",960,640,true],"event-archive-thumb":["https:\/\/www.anika-net.de\/wp-content\/uploads\/2022\/06\/confident-pleased-female-applicant-signing-employment-contract-meeting-with-hr-manager-showing-480x320.webp",480,320,true],"grid-item-thumbnail":["https:\/\/www.anika-net.de\/wp-content\/uploads\/2022\/06\/confident-pleased-female-applicant-signing-employment-contract-meeting-with-hr-manager-showing-360x200.webp",360,200,true],"network-partner-icon":["https:\/\/www.anika-net.de\/wp-content\/uploads\/2022\/06\/confident-pleased-female-applicant-signing-employment-contract-meeting-with-hr-manager-showing-100x100.webp",100,100,true],"organiser-icon":["https:\/\/www.anika-net.de\/wp-content\/uploads\/2022\/06\/confident-pleased-female-applicant-signing-employment-contract-meeting-with-hr-manager-showing-200x200.webp",200,200,true],"gform-image-choice-sm":["https:\/\/www.anika-net.de\/wp-content\/uploads\/2022\/06\/confident-pleased-female-applicant-signing-employment-contract-meeting-with-hr-manager-showing-scaled.webp",300,200,false],"gform-image-choice-md":["https:\/\/www.anika-net.de\/wp-content\/uploads\/2022\/06\/confident-pleased-female-applicant-signing-employment-contract-meeting-with-hr-manager-showing-scaled.webp",400,267,false],"gform-image-choice-lg":["https:\/\/www.anika-net.de\/wp-content\/uploads\/2022\/06\/confident-pleased-female-applicant-signing-employment-contract-meeting-with-hr-manager-showing-scaled.webp",600,400,false]},"post_excerpt_stackable_v2":"<p>\u0130\u015f Ba\u015f\u00advu\u00adru\u00adsu Ko\u00e7\u00adlu\u00ad\u011fu Kari\u00adyer de\u011fi\u00ad\u015fik\u00adli\u00ad\u011fi yap\u00admak iste\u00adyen her\u00adkes bir dizi yeni durum ve ida\u00adri pro\u00adse\u00add\u00fcr\u00adle kar\u00ad\u015f\u0131 kar\u00ad\u015f\u0131\u00adya kala\u00adcak\u00adt\u0131r. DAA\u2019\u00adda\u00adki dene\u00adyim\u00adli ko\u00e7\u00adla\u00adr\u0131\u00adm\u0131z, \u00f6zel ihti\u00adya\u00e7\u00adla\u00adr\u0131\u00adn\u0131\u00adza g\u00f6re ki\u015fi\u00adsel\u00adle\u015f\u00adti\u00adril\u00admi\u015f \u00e7\u00f6z\u00fcm\u00adler ve stra\u00adte\u00adji\u00adler geli\u015f\u00adtir\u00adme\u00adni\u00adze yar\u00add\u0131m\u00adc\u0131 olmak\u00adtan mut\u00adlu\u00adluk duya\u00adcak\u00adt\u0131r. Finans\u00adman f\u0131r\u00adsat\u00adla\u00adr\u0131 Tek\u00adlif\u00adle\u00adri\u00admi\u00adzin tan\u0131\u00adt\u0131\u00adm\u0131 m\u00fcm\u00adk\u00fcn\u00add\u00fcr: \u0130\u015f Bul\u00adma Kuru\u00admun\u00addan akti\u00advas\u00adyon ve yer\u00adle\u015f\u00adtir\u00adme kupo\u00adnu ile i\u015f mer\u00adkez\u00adle\u00adrin\u00adden akti\u00advas\u00adyon ve yer\u00adle\u015f\u00adtir\u00adme kupo\u00adnu ile (SGB&nbsp;II)<\/p>\n","category_list_v2":"","author_info_v2":{"name":"Andrea Ramirez","url":"https:\/\/www.anika-net.de\/tr\/author\/andrea-ramirez\/"},"comments_num_v2":"0 comments","uagb_featured_image_src":{"full":["https:\/\/www.anika-net.de\/wp-content\/uploads\/2022\/06\/confident-pleased-female-applicant-signing-employment-contract-meeting-with-hr-manager-showing-scaled.webp",2560,1706,false],"thumbnail":["https:\/\/www.anika-net.de\/wp-content\/uploads\/2022\/06\/confident-pleased-female-applicant-signing-employment-contract-meeting-with-hr-manager-showing-150x150.webp",150,150,true],"medium":["https:\/\/www.anika-net.de\/wp-content\/uploads\/2022\/06\/confident-pleased-female-applicant-signing-employment-contract-meeting-with-hr-manager-showing-300x200.webp",300,200,true],"medium_large":["https:\/\/www.anika-net.de\/wp-content\/uploads\/2022\/06\/confident-pleased-female-applicant-signing-employment-contract-meeting-with-hr-manager-showing-768x512.webp",640,427,true],"large":["https:\/\/www.anika-net.de\/wp-content\/uploads\/2022\/06\/confident-pleased-female-applicant-signing-employment-contract-meeting-with-hr-manager-showing-1024x683.webp",640,427,true],"1536x1536":["https:\/\/www.anika-net.de\/wp-content\/uploads\/2022\/06\/confident-pleased-female-applicant-signing-employment-contract-meeting-with-hr-manager-showing-1536x1024.webp",1536,1024,true],"2048x2048":["https:\/\/www.anika-net.de\/wp-content\/uploads\/2022\/06\/confident-pleased-female-applicant-signing-employment-contract-meeting-with-hr-manager-showing-2048x1365.webp",2048,1365,true],"event-overview":["https:\/\/www.anika-net.de\/wp-content\/uploads\/2022\/06\/confident-pleased-female-applicant-signing-employment-contract-meeting-with-hr-manager-showing-960x640.webp",960,640,true],"event-archive-thumb":["https:\/\/www.anika-net.de\/wp-content\/uploads\/2022\/06\/confident-pleased-female-applicant-signing-employment-contract-meeting-with-hr-manager-showing-480x320.webp",480,320,true],"grid-item-thumbnail":["https:\/\/www.anika-net.de\/wp-content\/uploads\/2022\/06\/confident-pleased-female-applicant-signing-employment-contract-meeting-with-hr-manager-showing-360x200.webp",360,200,true],"network-partner-icon":["https:\/\/www.anika-net.de\/wp-content\/uploads\/2022\/06\/confident-pleased-female-applicant-signing-employment-contract-meeting-with-hr-manager-showing-100x100.webp",100,100,true],"organiser-icon":["https:\/\/www.anika-net.de\/wp-content\/uploads\/2022\/06\/confident-pleased-female-applicant-signing-employment-contract-meeting-with-hr-manager-showing-200x200.webp",200,200,true],"gform-image-choice-sm":["https:\/\/www.anika-net.de\/wp-content\/uploads\/2022\/06\/confident-pleased-female-applicant-signing-employment-contract-meeting-with-hr-manager-showing-scaled.webp",300,200,false],"gform-image-choice-md":["https:\/\/www.anika-net.de\/wp-content\/uploads\/2022\/06\/confident-pleased-female-applicant-signing-employment-contract-meeting-with-hr-manager-showing-scaled.webp",400,267,false],"gform-image-choice-lg":["https:\/\/www.anika-net.de\/wp-content\/uploads\/2022\/06\/confident-pleased-female-applicant-signing-employment-contract-meeting-with-hr-manager-showing-scaled.webp",600,400,false]},"uagb_author_info":{"display_name":"Andrea Ramirez","author_link":"https:\/\/www.anika-net.de\/tr\/author\/andrea-ramirez\/"},"uagb_comment_info":0,"uagb_excerpt":"\u0130\u015f Ba\u015f\u00advu\u00adru\u00adsu Ko\u00e7lu\u011fu Kari\u00adyer de\u011fi\u00ad\u015fik\u00adli\u00ad\u011fi yap\u00admak iste\u00adyen her\u00adkes bir dizi yeni durum ve ida\u00adri pro\u00adse\u00add\u00fcr\u00adle kar\u00ad\u015f\u0131 kar\u00ad\u015f\u0131\u00adya kalacakt\u0131r. DAA\u2019\u00adda\u00adki dene\u00adyim\u00adli ko\u00e7\u00adla\u00adr\u0131\u00adm\u0131z, \u00f6zel ihti\u00adya\u00e7\u00adla\u00adr\u0131\u00adn\u0131\u00adza g\u00f6re ki\u015fi\u00adsel\u00adle\u015f\u00adti\u00adril\u00admi\u015f \u00e7\u00f6z\u00fcm\u00adler ve stra\u00adte\u00adji\u00adler geli\u015f\u00adtir\u00adme\u00adni\u00adze yar\u00add\u0131m\u00adc\u0131&nbsp;daha fazla okuyun","_links":{"self":[{"href":"https:\/\/www.anika-net.de\/tr\/wp-json\/wp\/v2\/event\/23043","targetHints":{"allow":["GET"]}}],"collection":[{"href":"https:\/\/www.anika-net.de\/tr\/wp-json\/wp\/v2\/event"}],"about":[{"href":"https:\/\/www.anika-net.de\/tr\/wp-json\/wp\/v2\/types\/event"}],"author":[{"embeddable":true,"href":"https:\/\/www.anika-net.de\/tr\/wp-json\/wp\/v2\/users\/12"}],"version-history":[{"count":1,"href":"https:\/\/www.anika-net.de\/tr\/wp-json\/wp\/v2\/event\/23043\/revisions"}],"predecessor-version":[{"id":121489,"href":"https:\/\/www.anika-net.de\/tr\/wp-json\/wp\/v2\/event\/23043\/revisions\/121489"}],"acf:post":[{"embeddable":true,"href":"https:\/\/www.anika-net.de\/tr\/wp-json\/wp\/v2\/organiser\/23030"}],"acf:term":[{"embeddable":true,"taxonomy":"event_category","href":"https:\/\/www.anika-net.de\/tr\/wp-json\/wp\/v2\/event_category\/96"}],"wp:featuredmedia":[{"embeddable":true,"href":"https:\/\/www.anika-net.de\/tr\/wp-json\/wp\/v2\/media\/121498"}],"wp:attachment":[{"href":"https:\/\/www.anika-net.de\/tr\/wp-json\/wp\/v2\/media?parent=23043"}],"curies":[{"name":"wp","href":"https:\/\/api.w.org\/{rel}","templated":true}]}}

İş Baş­vu­ru­su Koçluğu

<h2><span style="color: #008080;">İş Baş­vu­ru­su Koçluğu</span></h2>
<p>Kari­yer deği­şik­li­ği yap­mak iste­yen her­kes bir dizi yeni durum ve ida­ri pro­se­dür­le kar­şı kar­şı­ya kalacaktır.</p>
<p>DAA’­da­ki dene­yim­li koç­la­rı­mız, özel ihti­yaç­la­rı­nı­za göre kişi­sel­leş­ti­ril­miş çözüm­ler ve stra­te­ji­ler geliş­tir­me­ni­ze yar­dım­cı olmak­tan mut­lu­luk duyacaktır.</p>
<h4><strong>Finans­man fırsatları</strong></h4>
<p>Tek­lif­le­ri­mi­zin tanı­tı­mı mümkündür:</p>
<ul>
<li><strong>İş Bul­ma Kuru­mun­dan akti­vas­yon ve yer­leş­tir­me kupo­nu</strong> ile</li>
<li><strong>iş mer­kez­le­rin­den akti­vas­yon ve yer­leş­tir­me kupo­nu</strong> ile <strong>(SGB II)</strong></li>
</ul>

Hirschstraße 12-14

Dil koçluğu - işle ilgili Almanca Göçmenler, sığınmacılar, tanınmış mülteciler

<p>İş Baş­vu­ru­su Koç­lu­ğu Kari­yer deği­şik­li­ği yap­mak iste­yen her­kes bir dizi yeni durum ve ida­ri pro­se­dür­le kar­şı kar­şı­ya kala­cak­tır. DAA’­da­ki dene­yim­li koç­la­rı­mız, özel ihti­yaç­la­rı­nı­za göre kişi­sel­leş­ti­ril­miş çözüm­ler ve stra­te­ji­ler geliş­tir­me­ni­ze yar­dım­cı olmak­tan mut­lu­luk duya­cak­tır. Finans­man fır­sat­la­rı Tek­lif­le­ri­mi­zin tanı­tı­mı müm­kün­dür: İş Bul­ma Kuru­mun­dan akti­vas­yon ve yer­leş­tir­me kupo­nu ile iş mer­kez­le­rin­den akti­vas­yon ve yer­leş­tir­me kupo­nu ile (SGB&nbsp;II)</p>

İş Baş­vu­ru­su Koçluğu Kari­yer deği­şik­li­ği yap­mak iste­yen her­kes bir dizi yeni durum ve ida­ri pro­se­dür­le kar­şı kar­şı­ya kalacaktır. DAA’­da­ki dene­yim­li koç­la­rı­mız, özel ihti­yaç­la­rı­nı­za göre kişi­sel­leş­ti­ril­miş çözüm­ler ve stra­te­ji­ler geliş­tir­me­ni­ze yar­dım­cı&nbsp;daha fazla okuyun
