{"id":17235,"date":"2019-02-07T10:00:05","date_gmt":"2019-02-07T09:00:05","guid":{"rendered":"https:\/\/www.anika-net.de\/event\/kulturhaus-mikado-e-v\/"},"modified":"2022-03-20T14:08:09","modified_gmt":"2022-03-20T13:08:09","slug":"kueltuer-evi-mikado-ev","status":"publish","type":"event","link":"https:\/\/www.anika-net.de\/tr\/event\/kueltuer-evi-mikado-ev\/","title":{"rendered":"K\u00fcl\u00adt\u00fcr Evi Mika\u00addo&nbsp;eV"},"content":{"rendered":"<p><strong>K\u00fcl\u00adt\u00fc\u00adr\u00fc, sivil kat\u0131\u00adl\u0131\u00adm\u0131 ve ki\u015fi\u00adsel giri\u00ad\u015fi\u00admi te\u015f\u00advik etmek ve ile\u00adti\u00ad\u015fim i\u00e7in bir yer yaratmak<\/strong><\/p>\n<p>Der\u00adne\u00ad\u011fin ama\u00adc\u0131, di\u011fer \u015fey\u00adle\u00adrin yan\u0131 s\u0131ra, sanat ve k\u00fcl\u00adt\u00fc\u00adr\u00fc tan\u0131tmakt\u0131r.<br>\nDer\u00adne\u00ad\u011fin ama\u00e7\u00adla\u00adr\u0131 \u015funlard\u0131r:<br>\n\u0130l\u00e7e k\u00fcl\u00adt\u00fc\u00adr\u00fc\u00adn\u00fcn ve \u00e7al\u0131\u015f\u00adma\u00adla\u00adr\u0131\u00adn\u0131n tan\u0131t\u0131m\u0131<br>\nBa\u011f\u00adl\u0131\u00adl\u0131\u00ad\u011f\u0131n ve ini\u00adsi\u00adya\u00adti\u00adfin g\u00fc\u00e7lendirilmesi<br>\nK\u00fcl\u00adt\u00fc\u00adr\u00fcn te\u015fviki<br>\nUlus\u00adla\u00adra\u00adra\u00ads\u0131 anla\u00ady\u0131\u00ad\u015fa&nbsp;katk\u0131<br>\nKen\u00addi yara\u00adt\u0131\u00adc\u0131\u00adl\u0131\u00ad\u011f\u0131\u00adn\u0131n te\u015fviki<br>\nDeza\u00advan\u00adtaj\u00adl\u0131 ki\u015fi\u00adle\u00adrin kat\u0131l\u0131m\u0131<br>\nSos\u00adyo-poli\u00adtik e\u011fi\u00adtim teklifleri<br>\n\u00c7ocuk\u00adlar ve gen\u00e7\u00adler\u00adle \u00e7al\u0131\u015f\u0131n<br>\nBir ile\u00adti\u00ad\u015fim yeri ola\u00adrak Kulturhaus<\/p>\n<p>\u00c7al\u0131\u015f\u00adma saatleri:<\/p>\n<p>Sal\u0131 16.00 \u2014 18.00<\/p>\n","protected":false},"author":12,"featured_media":16368,"template":"","class_list":["post-17235","event","type-event","status-publish","has-post-thumbnail","hentry","event_category-bos-vakit"],"acf":{"event-recurring":true,"event-category":97,"event-is-language-course":false,"event-recurring-still-active":true,"event-display-details":true,"event-schedules-recurring":null,"event-schedules-calendar":null,"event-is-online":false,"event-online-url":"","event-location-building":"Kulturhaus Mikado e.V.","event-location-street":"Kanalweg 52","event-location-zip":"76149","event-location-city":"Karlsruhe","event-location-contact-person":"Kulturhaus Mikado","event-location-phone":"0721\/609 003 16","event-location-phone-2":"","event-location-mail":"kontakt@mikadokultur.de","event-location-mail-2":"","event-location-website":"https:\/\/mikadokultur.de\/startseite.html","event-target-group":[{"target-group":""}],"event-target-group-comment":"","event-free":true,"event-organiser":[16367],"event-header-copyright-overlay":false,"event-copyright-note-description-end":false},"featured_image_urls_v2":{"full":["https:\/\/www.anika-net.de\/wp-content\/uploads\/2021\/10\/Mikado.png",290,174,false],"thumbnail":["https:\/\/www.anika-net.de\/wp-content\/uploads\/2021\/10\/Mikado-150x150.png",150,150,true],"medium":["https:\/\/www.anika-net.de\/wp-content\/uploads\/2021\/10\/Mikado.png",290,174,false],"medium_large":["https:\/\/www.anika-net.de\/wp-content\/uploads\/2021\/10\/Mikado.png",290,174,false],"large":["https:\/\/www.anika-net.de\/wp-content\/uploads\/2021\/10\/Mikado.png",290,174,false],"1536x1536":["https:\/\/www.anika-net.de\/wp-content\/uploads\/2021\/10\/Mikado.png",290,174,false],"2048x2048":["https:\/\/www.anika-net.de\/wp-content\/uploads\/2021\/10\/Mikado.png",290,174,false],"event-overview":["https:\/\/www.anika-net.de\/wp-content\/uploads\/2021\/10\/Mikado.png",290,174,false],"event-archive-thumb":["https:\/\/www.anika-net.de\/wp-content\/uploads\/2021\/10\/Mikado.png",290,174,false],"grid-item-thumbnail":["https:\/\/www.anika-net.de\/wp-content\/uploads\/2021\/10\/Mikado.png",290,174,false],"network-partner-icon":["https:\/\/www.anika-net.de\/wp-content\/uploads\/2021\/10\/Mikado-100x100.png",100,100,true],"organiser-icon":["https:\/\/www.anika-net.de\/wp-content\/uploads\/2021\/10\/Mikado-200x174.png",200,174,true],"gform-image-choice-sm":["https:\/\/www.anika-net.de\/wp-content\/uploads\/2021\/10\/Mikado.png",290,174,false],"gform-image-choice-md":["https:\/\/www.anika-net.de\/wp-content\/uploads\/2021\/10\/Mikado.png",290,174,false],"gform-image-choice-lg":["https:\/\/www.anika-net.de\/wp-content\/uploads\/2021\/10\/Mikado.png",290,174,false]},"post_excerpt_stackable_v2":"<p>K\u00fcl\u00adt\u00fc\u00adr\u00fc, sivil kat\u0131\u00adl\u0131\u00adm\u0131 ve ki\u015fi\u00adsel giri\u00ad\u015fi\u00admi te\u015f\u00advik etmek ve ile\u00adti\u00ad\u015fim i\u00e7in bir yer yarat\u00admak Der\u00adne\u00ad\u011fin ama\u00adc\u0131, di\u011fer \u015fey\u00adle\u00adrin yan\u0131 s\u0131ra, sanat ve k\u00fcl\u00adt\u00fc\u00adr\u00fc tan\u0131t\u00admak\u00adt\u0131r. Der\u00adne\u00ad\u011fin ama\u00e7\u00adla\u00adr\u0131 \u015fun\u00adlar\u00add\u0131r: \u0130l\u00e7e k\u00fcl\u00adt\u00fc\u00adr\u00fc\u00adn\u00fcn ve \u00e7al\u0131\u015f\u00adma\u00adla\u00adr\u0131\u00adn\u0131n tan\u0131\u00adt\u0131\u00adm\u0131 Ba\u011f\u00adl\u0131\u00adl\u0131\u00ad\u011f\u0131n ve ini\u00adsi\u00adya\u00adti\u00adfin g\u00fc\u00e7\u00adlen\u00addi\u00adril\u00adme\u00adsi K\u00fcl\u00adt\u00fc\u00adr\u00fcn te\u015f\u00advi\u00adki Ulus\u00adla\u00adra\u00adra\u00ads\u0131 anla\u00ady\u0131\u00ad\u015fa&nbsp;kat\u00adk\u0131 Ken\u00addi yara\u00adt\u0131\u00adc\u0131\u00adl\u0131\u00ad\u011f\u0131\u00adn\u0131n te\u015f\u00advi\u00adki Deza\u00advan\u00adtaj\u00adl\u0131 ki\u015fi\u00adle\u00adrin kat\u0131\u00adl\u0131\u00adm\u0131 Sos\u00ad\u00ad\u00adyo-poli\u00ad\u00ad\u00adtik e\u011fi\u00adtim tek\u00adlif\u00adle\u00adri \u00c7ocuk\u00adlar ve gen\u00e7\u00adler\u00adle \u00e7al\u0131\u00ad\u015f\u0131n Bir ile\u00adti\u00ad\u015fim yeri ola\u00adrak Kul\u00adtur\u00adha\u00adus \u00c7al\u0131\u015f\u00adma saat\u00adle\u00adri: Sal\u0131 16.00 \u2014 18.00<\/p>\n","category_list_v2":"","author_info_v2":{"name":"Andrea Ramirez","url":"https:\/\/www.anika-net.de\/tr\/author\/andrea-ramirez\/"},"comments_num_v2":"0 comments","uagb_featured_image_src":{"full":["https:\/\/www.anika-net.de\/wp-content\/uploads\/2021\/10\/Mikado.png",290,174,false],"thumbnail":["https:\/\/www.anika-net.de\/wp-content\/uploads\/2021\/10\/Mikado-150x150.png",150,150,true],"medium":["https:\/\/www.anika-net.de\/wp-content\/uploads\/2021\/10\/Mikado.png",290,174,false],"medium_large":["https:\/\/www.anika-net.de\/wp-content\/uploads\/2021\/10\/Mikado.png",290,174,false],"large":["https:\/\/www.anika-net.de\/wp-content\/uploads\/2021\/10\/Mikado.png",290,174,false],"1536x1536":["https:\/\/www.anika-net.de\/wp-content\/uploads\/2021\/10\/Mikado.png",290,174,false],"2048x2048":["https:\/\/www.anika-net.de\/wp-content\/uploads\/2021\/10\/Mikado.png",290,174,false],"event-overview":["https:\/\/www.anika-net.de\/wp-content\/uploads\/2021\/10\/Mikado.png",290,174,false],"event-archive-thumb":["https:\/\/www.anika-net.de\/wp-content\/uploads\/2021\/10\/Mikado.png",290,174,false],"grid-item-thumbnail":["https:\/\/www.anika-net.de\/wp-content\/uploads\/2021\/10\/Mikado.png",290,174,false],"network-partner-icon":["https:\/\/www.anika-net.de\/wp-content\/uploads\/2021\/10\/Mikado-100x100.png",100,100,true],"organiser-icon":["https:\/\/www.anika-net.de\/wp-content\/uploads\/2021\/10\/Mikado-200x174.png",200,174,true],"gform-image-choice-sm":["https:\/\/www.anika-net.de\/wp-content\/uploads\/2021\/10\/Mikado.png",290,174,false],"gform-image-choice-md":["https:\/\/www.anika-net.de\/wp-content\/uploads\/2021\/10\/Mikado.png",290,174,false],"gform-image-choice-lg":["https:\/\/www.anika-net.de\/wp-content\/uploads\/2021\/10\/Mikado.png",290,174,false]},"uagb_author_info":{"display_name":"Andrea Ramirez","author_link":"https:\/\/www.anika-net.de\/tr\/author\/andrea-ramirez\/"},"uagb_comment_info":0,"uagb_excerpt":"K\u00fcl\u00adt\u00fc\u00adr\u00fc, sivil kat\u0131\u00adl\u0131\u00adm\u0131 ve ki\u015fi\u00adsel giri\u00ad\u015fi\u00admi te\u015f\u00advik etmek ve ile\u00adti\u00ad\u015fim i\u00e7in bir yer yaratmak Der\u00adne\u00ad\u011fin ama\u00adc\u0131, di\u011fer \u015fey\u00adle\u00adrin yan\u0131 s\u0131ra, sanat ve k\u00fcl\u00adt\u00fc\u00adr\u00fc tan\u0131tmakt\u0131r. Der\u00adne\u00ad\u011fin ama\u00e7\u00adla\u00adr\u0131 \u015funlard\u0131r: \u0130l\u00e7e k\u00fcl\u00adt\u00fc\u00adr\u00fc\u00adn\u00fcn ve&nbsp;daha fazla okuyun","_links":{"self":[{"href":"https:\/\/www.anika-net.de\/tr\/wp-json\/wp\/v2\/event\/17235","targetHints":{"allow":["GET"]}}],"collection":[{"href":"https:\/\/www.anika-net.de\/tr\/wp-json\/wp\/v2\/event"}],"about":[{"href":"https:\/\/www.anika-net.de\/tr\/wp-json\/wp\/v2\/types\/event"}],"author":[{"embeddable":true,"href":"https:\/\/www.anika-net.de\/tr\/wp-json\/wp\/v2\/users\/12"}],"version-history":[{"count":0,"href":"https:\/\/www.anika-net.de\/tr\/wp-json\/wp\/v2\/event\/17235\/revisions"}],"acf:post":[{"embeddable":true,"href":"https:\/\/www.anika-net.de\/tr\/wp-json\/wp\/v2\/organiser\/16367"}],"acf:term":[{"embeddable":true,"taxonomy":"event_category","href":"https:\/\/www.anika-net.de\/tr\/wp-json\/wp\/v2\/event_category\/97"}],"wp:featuredmedia":[{"embeddable":true,"href":"https:\/\/www.anika-net.de\/tr\/wp-json\/wp\/v2\/media\/16368"}],"wp:attachment":[{"href":"https:\/\/www.anika-net.de\/tr\/wp-json\/wp\/v2\/media?parent=17235"}],"curies":[{"name":"wp","href":"https:\/\/api.w.org\/{rel}","templated":true}]}}

Kül­tür Evi Mika­do&nbsp;eV

<p><strong>Kül­tü­rü, sivil katı­lı­mı ve kişi­sel giri­şi­mi teş­vik etmek ve ile­ti­şim için bir yer yaratmak</strong></p>
<p>Der­ne­ğin ama­cı, diğer şey­le­rin yanı sıra, sanat ve kül­tü­rü tanıtmaktır.<br>
Der­ne­ğin amaç­la­rı şunlardır:<br>
İlçe kül­tü­rü­nün ve çalış­ma­la­rı­nın tanıtımı<br>
Bağ­lı­lı­ğın ve ini­si­ya­ti­fin güçlendirilmesi<br>
Kül­tü­rün teşviki<br>
Ulus­la­ra­ra­sı anla­yı­şa&nbsp;katkı<br>
Ken­di yara­tı­cı­lı­ğı­nın teşviki<br>
Deza­van­taj­lı kişi­le­rin katılımı<br>
Sos­yo-poli­tik eği­tim teklifleri<br>
Çocuk­lar ve genç­ler­le çalışın<br>
Bir ile­ti­şim yeri ola­rak Kulturhaus</p>
<p>Çalış­ma saatleri:</p>
<p>Salı 16.00 — 18.00</p>

<p>Kül­tü­rü, sivil katı­lı­mı ve kişi­sel giri­şi­mi teş­vik etmek ve ile­ti­şim için bir yer yarat­mak Der­ne­ğin ama­cı, diğer şey­le­rin yanı sıra, sanat ve kül­tü­rü tanıt­mak­tır. Der­ne­ğin amaç­la­rı şun­lar­dır: İlçe kül­tü­rü­nün ve çalış­ma­la­rı­nın tanı­tı­mı Bağ­lı­lı­ğın ve ini­si­ya­ti­fin güç­len­di­ril­me­si Kül­tü­rün teş­vi­ki Ulus­la­ra­ra­sı anla­yı­şa&nbsp;kat­kı Ken­di yara­tı­cı­lı­ğı­nın teş­vi­ki Deza­van­taj­lı kişi­le­rin katı­lı­mı Sos­­­yo-poli­­­tik eği­tim tek­lif­le­ri Çocuk­lar ve genç­ler­le çalı­şın Bir ile­ti­şim yeri ola­rak Kul­tur­ha­us Çalış­ma saat­le­ri: Salı 16.00 — 18.00</p>

Kül­tü­rü, sivil katı­lı­mı ve kişi­sel giri­şi­mi teş­vik etmek ve ile­ti­şim için bir yer yaratmak Der­ne­ğin ama­cı, diğer şey­le­rin yanı sıra, sanat ve kül­tü­rü tanıtmaktır. Der­ne­ğin amaç­la­rı şunlardır: İlçe kül­tü­rü­nün ve&nbsp;daha fazla okuyun
