{"id":17230,"date":"2019-02-17T17:32:55","date_gmt":"2019-02-17T16:32:55","guid":{"rendered":"https:\/\/www.anika-net.de\/event\/competence-agency\/"},"modified":"2024-09-11T10:31:18","modified_gmt":"2024-09-11T08:31:18","slug":"yetkinlik-ajansi","status":"publish","type":"event","link":"https:\/\/www.anika-net.de\/tr\/event\/yetkinlik-ajansi\/","title":{"rendered":"Yet\u00adkin\u00adlik Ajan\u00ads\u0131 \u2014 okul\u00addan i\u015fe&nbsp;ge\u00e7i\u015f"},"content":{"rendered":"<h2><span style=\"color: #008080;\">Yet\u00adkin\u00adlik Ajans\u0131<\/span><\/h2>\n<p>  Bu <em><strong>Kom\u00adpe\u00adten\u00adza\u00adgen\u00adtur Karls\u00adru\u00adhe<\/strong><\/em> okul\u00addan i\u015fe ge\u00e7i\u015f\u00adte bir projedir.<br>\nSize \u00e7e\u015fit\u00adli alan\u00adlar\u00adda dan\u0131\u015f\u00adman\u00adl\u0131k yap\u0131\u00adyor ve sorun\u00adla\u00adr\u0131\u00adn\u0131\u00adz\u0131 \u00e7\u00f6z\u00adme\u00adniz\u00adde des\u00adtek oluyoruz.<br>\nSizin\u00adle bir\u00adlik\u00adte fikir\u00adler geli\u015f\u00adti\u00adri\u00adyor ve ola\u00ads\u0131 \u00e7\u00f6z\u00fcm\u00adle\u00adrin yan\u0131 s\u0131ra uygun des\u00adtek ola\u00adnak\u00adla\u00adr\u0131\u00adn\u0131 ara\u015ft\u0131r\u0131yoruz.<br>\nBir\u00adlik\u00adte g\u00fc\u00e7\u00adl\u00fc y\u00f6n\u00adle\u00adri\u00adni\u00adzi ve yete\u00adnek\u00adle\u00adri\u00adni\u00adzi ke\u015f\u00adfe\u00adde\u00adbi\u00adlir ve bun\u00adla\u00adr\u0131 hedef\u00adle\u00adri\u00adni\u00adze ula\u015f\u00admak i\u00e7in nas\u0131l kul\u00adla\u00adna\u00adbi\u00adle\u00adce\u00ad\u011fi\u00adni\u00adzi d\u00fc\u015f\u00fc\u00adne\u00adbi\u00adli\u00adriz. <span style=\"color: #666699;\"><strong>Haf\u00adta\u00adl\u0131k a\u00e7\u0131k ofis saat\u00adle\u00adri Per\u00ad\u015fem\u00adbe 14:00 \u2014 18:00 ara\u00ads\u0131<\/strong><\/span><strong><a href=\"https:\/\/www.anika-net.de\/wp-content\/uploads\/2021\/10\/Flyer_Kompetenzagentur.pdf\" target=\"_blank\" rel=\"noopener\">\ud83d\udcceFlyer<\/a><\/strong>   <\/p>\n","protected":false},"author":12,"featured_media":40151,"template":"","class_list":["post-17230","event","type-event","status-publish","has-post-thumbnail","hentry","event_category-is"],"acf":{"event-recurring":true,"event-category":96,"event-is-language-course":false,"event-recurring-still-active":true,"event-display-details":true,"event-schedules-recurring":[{"event-recurring-week-day":"0","event-recurring-time":"9:00 - 17:00","event-recurring-time-text":""},{"event-recurring-week-day":"1","event-recurring-time":"9:00 - 17:00","event-recurring-time-text":""},{"event-recurring-week-day":"2","event-recurring-time":"9:00 - 17:00","event-recurring-time-text":""},{"event-recurring-week-day":"3","event-recurring-time":"14:00 - 18:00","event-recurring-time-text":""},{"event-recurring-week-day":"4","event-recurring-time":"9:00 - 17:00","event-recurring-time-text":""}],"event-schedules-calendar":null,"event-is-online":false,"event-online-url":"","event-location-building":"Kompetenzagentur","event-location-street":"Hans-Sachs-Str. 15","event-location-zip":"76133","event-location-city":"Karlsruhe","event-location-contact-person":"Gerhard Liebertz","event-location-phone":"0721-350501-25","event-location-phone-2":"","event-location-mail":"gerhard.liebertz@vfj-ka.de","event-location-mail-2":"","event-location-website":"https:\/\/www.vfj-ka.de\/kompetenzagentur.html","event-target-group":[{"target-group":"adults"},{"target-group":"teens"}],"event-target-group-comment":"Karlsruhe'den 15-25 ya\u015f aras\u0131 gen\u00e7ler i\u00e7in","event-free":true,"event-organiser":[16603],"event-header-copyright-overlay":true,"event-copyright-note-description-end":false},"featured_image_urls_v2":{"full":["https:\/\/www.anika-net.de\/wp-content\/uploads\/2019\/02\/ask-4682759_1280.jpg",1280,853,false],"thumbnail":["https:\/\/www.anika-net.de\/wp-content\/uploads\/2019\/02\/ask-4682759_1280-150x150.jpg",150,150,true],"medium":["https:\/\/www.anika-net.de\/wp-content\/uploads\/2019\/02\/ask-4682759_1280-300x200.jpg",300,200,true],"medium_large":["https:\/\/www.anika-net.de\/wp-content\/uploads\/2019\/02\/ask-4682759_1280-768x512.jpg",640,427,true],"large":["https:\/\/www.anika-net.de\/wp-content\/uploads\/2019\/02\/ask-4682759_1280-1024x682.jpg",640,426,true],"1536x1536":["https:\/\/www.anika-net.de\/wp-content\/uploads\/2019\/02\/ask-4682759_1280.jpg",1280,853,false],"2048x2048":["https:\/\/www.anika-net.de\/wp-content\/uploads\/2019\/02\/ask-4682759_1280.jpg",1280,853,false],"event-overview":["https:\/\/www.anika-net.de\/wp-content\/uploads\/2019\/02\/ask-4682759_1280-960x640.jpg",960,640,true],"event-archive-thumb":["https:\/\/www.anika-net.de\/wp-content\/uploads\/2019\/02\/ask-4682759_1280-480x320.jpg",480,320,true],"grid-item-thumbnail":["https:\/\/www.anika-net.de\/wp-content\/uploads\/2019\/02\/ask-4682759_1280-360x200.jpg",360,200,true],"network-partner-icon":["https:\/\/www.anika-net.de\/wp-content\/uploads\/2019\/02\/ask-4682759_1280-100x100.jpg",100,100,true],"organiser-icon":["https:\/\/www.anika-net.de\/wp-content\/uploads\/2019\/02\/ask-4682759_1280-200x200.jpg",200,200,true],"gform-image-choice-sm":["https:\/\/www.anika-net.de\/wp-content\/uploads\/2019\/02\/ask-4682759_1280.jpg",300,200,false],"gform-image-choice-md":["https:\/\/www.anika-net.de\/wp-content\/uploads\/2019\/02\/ask-4682759_1280.jpg",400,267,false],"gform-image-choice-lg":["https:\/\/www.anika-net.de\/wp-content\/uploads\/2019\/02\/ask-4682759_1280.jpg",600,400,false]},"post_excerpt_stackable_v2":"<p>Yet\u00adkin\u00adlik Ajan\u00ads\u0131 Bu Kom\u00adpe\u00adten\u00adza\u00adgen\u00adtur Karls\u00adru\u00adhe okul\u00addan i\u015fe ge\u00e7i\u015f\u00adte bir pro\u00adje\u00addir. Size \u00e7e\u015fit\u00adli alan\u00adlar\u00adda dan\u0131\u015f\u00adman\u00adl\u0131k yap\u0131\u00adyor ve sorun\u00adla\u00adr\u0131\u00adn\u0131\u00adz\u0131 \u00e7\u00f6z\u00adme\u00adniz\u00adde des\u00adtek olu\u00adyo\u00adruz. Sizin\u00adle bir\u00adlik\u00adte fikir\u00adler geli\u015f\u00adti\u00adri\u00adyor ve ola\u00ads\u0131 \u00e7\u00f6z\u00fcm\u00adle\u00adrin yan\u0131 s\u0131ra uygun des\u00adtek ola\u00adnak\u00adla\u00adr\u0131\u00adn\u0131 ara\u015f\u00adt\u0131\u00adr\u0131\u00adyo\u00adruz. Bir\u00adlik\u00adte g\u00fc\u00e7\u00adl\u00fc y\u00f6n\u00adle\u00adri\u00adni\u00adzi ve yete\u00adnek\u00adle\u00adri\u00adni\u00adzi ke\u015f\u00adfe\u00adde\u00adbi\u00adlir ve bun\u00adla\u00adr\u0131 hedef\u00adle\u00adri\u00adni\u00adze ula\u015f\u00admak i\u00e7in nas\u0131l kul\u00adla\u00adna\u00adbi\u00adle\u00adce\u00ad\u011fi\u00adni\u00adzi d\u00fc\u015f\u00fc\u00adne\u00adbi\u00adli\u00adriz. Haf\u00adta\u00adl\u0131k a\u00e7\u0131k ofis saat\u00adle\u00adri Per\u00ad\u015fem\u00adbe 14:00 \u2014 18:00 ara\u00ads\u0131\ud83d\udcceFlyer<\/p>\n","category_list_v2":"","author_info_v2":{"name":"Andrea Ramirez","url":"https:\/\/www.anika-net.de\/tr\/author\/andrea-ramirez\/"},"comments_num_v2":"0 comments","uagb_featured_image_src":{"full":["https:\/\/www.anika-net.de\/wp-content\/uploads\/2019\/02\/ask-4682759_1280.jpg",1280,853,false],"thumbnail":["https:\/\/www.anika-net.de\/wp-content\/uploads\/2019\/02\/ask-4682759_1280-150x150.jpg",150,150,true],"medium":["https:\/\/www.anika-net.de\/wp-content\/uploads\/2019\/02\/ask-4682759_1280-300x200.jpg",300,200,true],"medium_large":["https:\/\/www.anika-net.de\/wp-content\/uploads\/2019\/02\/ask-4682759_1280-768x512.jpg",640,427,true],"large":["https:\/\/www.anika-net.de\/wp-content\/uploads\/2019\/02\/ask-4682759_1280-1024x682.jpg",640,426,true],"1536x1536":["https:\/\/www.anika-net.de\/wp-content\/uploads\/2019\/02\/ask-4682759_1280.jpg",1280,853,false],"2048x2048":["https:\/\/www.anika-net.de\/wp-content\/uploads\/2019\/02\/ask-4682759_1280.jpg",1280,853,false],"event-overview":["https:\/\/www.anika-net.de\/wp-content\/uploads\/2019\/02\/ask-4682759_1280-960x640.jpg",960,640,true],"event-archive-thumb":["https:\/\/www.anika-net.de\/wp-content\/uploads\/2019\/02\/ask-4682759_1280-480x320.jpg",480,320,true],"grid-item-thumbnail":["https:\/\/www.anika-net.de\/wp-content\/uploads\/2019\/02\/ask-4682759_1280-360x200.jpg",360,200,true],"network-partner-icon":["https:\/\/www.anika-net.de\/wp-content\/uploads\/2019\/02\/ask-4682759_1280-100x100.jpg",100,100,true],"organiser-icon":["https:\/\/www.anika-net.de\/wp-content\/uploads\/2019\/02\/ask-4682759_1280-200x200.jpg",200,200,true],"gform-image-choice-sm":["https:\/\/www.anika-net.de\/wp-content\/uploads\/2019\/02\/ask-4682759_1280.jpg",300,200,false],"gform-image-choice-md":["https:\/\/www.anika-net.de\/wp-content\/uploads\/2019\/02\/ask-4682759_1280.jpg",400,267,false],"gform-image-choice-lg":["https:\/\/www.anika-net.de\/wp-content\/uploads\/2019\/02\/ask-4682759_1280.jpg",600,400,false]},"uagb_author_info":{"display_name":"Andrea Ramirez","author_link":"https:\/\/www.anika-net.de\/tr\/author\/andrea-ramirez\/"},"uagb_comment_info":0,"uagb_excerpt":"Yet\u00adkin\u00adlik Ajans\u0131 Bu Kom\u00adpe\u00adten\u00adza\u00adgen\u00adtur Karls\u00adru\u00adhe okul\u00addan i\u015fe ge\u00e7i\u015f\u00adte bir projedir. Size \u00e7e\u015fit\u00adli alan\u00adlar\u00adda dan\u0131\u015f\u00adman\u00adl\u0131k yap\u0131\u00adyor ve sorun\u00adla\u00adr\u0131\u00adn\u0131\u00adz\u0131 \u00e7\u00f6z\u00adme\u00adniz\u00adde des\u00adtek oluyoruz. Sizin\u00adle bir\u00adlik\u00adte fikir\u00adler geli\u015f\u00adti\u00adri\u00adyor ve ola\u00ads\u0131 \u00e7\u00f6z\u00fcm\u00adle\u00adrin yan\u0131 s\u0131ra uygun&nbsp;daha fazla okuyun","_links":{"self":[{"href":"https:\/\/www.anika-net.de\/tr\/wp-json\/wp\/v2\/event\/17230","targetHints":{"allow":["GET"]}}],"collection":[{"href":"https:\/\/www.anika-net.de\/tr\/wp-json\/wp\/v2\/event"}],"about":[{"href":"https:\/\/www.anika-net.de\/tr\/wp-json\/wp\/v2\/types\/event"}],"author":[{"embeddable":true,"href":"https:\/\/www.anika-net.de\/tr\/wp-json\/wp\/v2\/users\/12"}],"version-history":[{"count":1,"href":"https:\/\/www.anika-net.de\/tr\/wp-json\/wp\/v2\/event\/17230\/revisions"}],"predecessor-version":[{"id":53400,"href":"https:\/\/www.anika-net.de\/tr\/wp-json\/wp\/v2\/event\/17230\/revisions\/53400"}],"acf:post":[{"embeddable":true,"href":"https:\/\/www.anika-net.de\/tr\/wp-json\/wp\/v2\/organiser\/16603"}],"acf:term":[{"embeddable":true,"taxonomy":"event_category","href":"https:\/\/www.anika-net.de\/tr\/wp-json\/wp\/v2\/event_category\/96"}],"wp:featuredmedia":[{"embeddable":true,"href":"https:\/\/www.anika-net.de\/tr\/wp-json\/wp\/v2\/media\/40151"}],"wp:attachment":[{"href":"https:\/\/www.anika-net.de\/tr\/wp-json\/wp\/v2\/media?parent=17230"}],"curies":[{"name":"wp","href":"https:\/\/api.w.org\/{rel}","templated":true}]}}

Yet­kin­lik Ajan­sı — okul­dan işe&nbsp;geçiş

<h2><span style="color: #008080;">Yet­kin­lik Ajansı</span></h2>
<p>  Bu <em><strong>Kom­pe­ten­za­gen­tur Karls­ru­he</strong></em> okul­dan işe geçiş­te bir projedir.<br>
Size çeşit­li alan­lar­da danış­man­lık yapı­yor ve sorun­la­rı­nı­zı çöz­me­niz­de des­tek oluyoruz.<br>
Sizin­le bir­lik­te fikir­ler geliş­ti­ri­yor ve ola­sı çözüm­le­rin yanı sıra uygun des­tek ola­nak­la­rı­nı araştırıyoruz.<br>
Bir­lik­te güç­lü yön­le­ri­ni­zi ve yete­nek­le­ri­ni­zi keş­fe­de­bi­lir ve bun­la­rı hedef­le­ri­ni­ze ulaş­mak için nasıl kul­la­na­bi­le­ce­ği­ni­zi düşü­ne­bi­li­riz. <span style="color: #666699;"><strong>Haf­ta­lık açık ofis saat­le­ri Per­şem­be 14:00 — 18:00 ara­sı</strong></span><strong><a href="https://www.anika-net.de/wp-content/uploads/2021/10/Flyer_Kompetenzagentur.pdf" target="_blank" rel="noopener">📎Flyer</a></strong>   </p>

Karlsruhe'den 15-25 yaş arası gençler için

<p>Yet­kin­lik Ajan­sı Bu Kom­pe­ten­za­gen­tur Karls­ru­he okul­dan işe geçiş­te bir pro­je­dir. Size çeşit­li alan­lar­da danış­man­lık yapı­yor ve sorun­la­rı­nı­zı çöz­me­niz­de des­tek olu­yo­ruz. Sizin­le bir­lik­te fikir­ler geliş­ti­ri­yor ve ola­sı çözüm­le­rin yanı sıra uygun des­tek ola­nak­la­rı­nı araş­tı­rı­yo­ruz. Bir­lik­te güç­lü yön­le­ri­ni­zi ve yete­nek­le­ri­ni­zi keş­fe­de­bi­lir ve bun­la­rı hedef­le­ri­ni­ze ulaş­mak için nasıl kul­la­na­bi­le­ce­ği­ni­zi düşü­ne­bi­li­riz. Haf­ta­lık açık ofis saat­le­ri Per­şem­be 14:00 — 18:00 ara­sı📎Flyer</p>

Yet­kin­lik Ajansı Bu Kom­pe­ten­za­gen­tur Karls­ru­he okul­dan işe geçiş­te bir projedir. Size çeşit­li alan­lar­da danış­man­lık yapı­yor ve sorun­la­rı­nı­zı çöz­me­niz­de des­tek oluyoruz. Sizin­le bir­lik­te fikir­ler geliş­ti­ri­yor ve ola­sı çözüm­le­rin yanı sıra uygun&nbsp;daha fazla okuyun
