{"id":17186,"date":"2019-02-07T10:56:32","date_gmt":"2019-02-07T09:56:32","guid":{"rendered":"https:\/\/www.anika-net.de\/event\/equal-opportunity-office\/"},"modified":"2025-01-13T12:40:26","modified_gmt":"2025-01-13T11:40:26","slug":"firsat-esitligi-ofisi","status":"publish","type":"event","link":"https:\/\/www.anika-net.de\/tr\/event\/firsat-esitligi-ofisi\/","title":{"rendered":"Karls\u00adru\u00adhe Bele\u00addi\u00adye\u00adsi F\u0131r\u00adsat E\u015fit\u00adli\u00ad\u011fi&nbsp;Ofisi"},"content":{"rendered":"<blockquote>\n<h3><em><span style=\"color: #993366;\">\u201cErkek\u00adler ve kad\u0131n\u00adlar e\u015fit hak\u00adla\u00adra sahiptir.<\/span><\/em><br>\n<em><span style=\"color: #993366;\">Dev\u00adlet, kad\u0131n\u00adlar ve erkek\u00adler i\u00e7in e\u015fit hak\u00adla\u00adr\u0131n fiilen uygu\u00adlan\u00adma\u00ads\u0131\u00adn\u0131 te\u015f\u00advik eder ve mev\u00adcut deza\u00advan\u00adtaj\u00adla\u00adr\u0131n orta\u00addan kal\u00add\u0131\u00adr\u0131l\u00adma\u00ads\u0131 i\u00e7in \u00e7al\u0131\u015f\u0131r.\u201d<\/span><\/em><\/h3>\n<h6>Temel Kanun Mad\u00adde 3 Parag\u00adraf&nbsp;2<\/h6>\n<\/blockquote>\n<h1><span style=\"color: #ffcc00;\"><strong>Karls\u00adru\u00adhe Bele\u00addi\u00adye\u00adsi F\u0131r\u00adsat E\u015fit\u00adli\u00ad\u011fi&nbsp;Ofisi<\/strong><\/span><\/h1>\n<p>Karls\u00adru\u00adhe \u015eeh\u00adri F\u0131r\u00adsat E\u015fit\u00adli\u00ad\u011fi Ofi\u00adsi, f\u0131r\u00adsat e\u015fit\u00adli\u00ad\u011fi\u00adne ili\u015f\u00adkin \u00f6ne\u00adri, soru ve \u015fika\u00adyet\u00adle\u00adri olan kad\u0131n ve erkek\u00adler i\u00e7in bir ile\u00adti\u00ad\u015fim noktas\u0131d\u0131r.<\/p>\n<h6><img decoding=\"async\" class=\"alignnone size-medium wp-image-57361\" src=\"https:\/\/www.anika-net.de\/wp-content\/uploads\/2019\/02\/Gleichstellungsarbeit-300x223.png\" alt width=\"300\" height=\"223\" srcset=\"https:\/\/www.anika-net.de\/wp-content\/uploads\/2019\/02\/Gleichstellungsarbeit-300x223.png 300w, https:\/\/www.anika-net.de\/wp-content\/uploads\/2019\/02\/Gleichstellungsarbeit-768x571.png 768w, https:\/\/www.anika-net.de\/wp-content\/uploads\/2019\/02\/Gleichstellungsarbeit-480x357.png 480w, https:\/\/www.anika-net.de\/wp-content\/uploads\/2019\/02\/Gleichstellungsarbeit.png 850w\" sizes=\"(max-width: 300px) 100vw, 300px\"><span class=\"copyright-text\">Die Gra\u00adfik zeigt die versc\u00adhi\u00adede\u00adnen Hand\u00adlungs\u00adfel\u00adder der Gle\u00adichs\u00adtel\u00adlungs\u00adbe\u00ada\u00aduft\u00adrag\u00adten auf. \u00a9 Stadt Karls\u00adru\u00adhe, ZJD\/&nbsp;GB<br>\n<\/span><\/h6>\n<h3><span style=\"color: #008080;\"><strong>E\u011fer bizi aray\u0131n:<\/strong><\/span><\/h3>\n<ul>\n<li>bir kad\u0131n ya da erkek ola\u00adrak ayr\u0131m\u00adc\u0131\u00adl\u0131k\u00adtan \u015fika\u00adyet etmek istemez,<\/li>\n<li>hak\u00adla\u00adr\u0131\u00adn\u0131\u00adz\u0131 savun\u00admak i\u00e7in bil\u00adgi veya des\u00adtek isteyin,<\/li>\n<li>Karls\u00adru\u00adhe\u00ad\u2019\u00adde e\u015fit\u00adli\u00ad\u011fin geli\u015f\u00adti\u00adril\u00adme\u00adsi i\u00e7in \u00f6ne\u00adri\u00adler\u00adde bulun\u00admak istiyor.<\/li>\n<\/ul>\n<p>\u2611\ufe0f Ki\u015fi\u00adsel ran\u00adde\u00advu\u00adlar ayar\u00adla\u00adya\u00adbi\u00adlir\u00adsi\u00adniz. \u2611\ufe0f Endi\u00ad\u015fe\u00adle\u00adri\u00adniz giz\u00adli\u00adlik i\u00e7in\u00adde ele al\u0131\u00adna\u00adcak\u00adt\u0131r. \u2611\ufe0f Dan\u0131\u015f\u00adman\u00adl\u0131k \u00fccret\u00adsiz\u00addir \ud83d\udcce <a href=\"https:\/\/www.anika-net.de\/wp-content\/uploads\/2025\/01\/GB_Faltblatt.pdf\"><strong>Bil\u00adgi bro\u00ad\u015f\u00fc\u00adr\u00fc F\u0131r\u00adsat E\u015fit\u00adli\u00ad\u011fi G\u00f6revlisi<\/strong><\/a><\/p>\n","protected":false},"author":12,"featured_media":57407,"template":"","class_list":["post-17186","event","type-event","status-publish","has-post-thumbnail","hentry","event_category-yardim-olanaklari"],"acf":{"event-recurring":true,"event-category":95,"event-is-language-course":false,"event-recurring-still-active":true,"event-display-details":true,"event-schedules-recurring":[{"event-recurring-week-day":"0","event-recurring-time":"8:30 - 12:00 & 14:00 - 15:30","event-recurring-time-text":""},{"event-recurring-week-day":"1","event-recurring-time":"8:30 - 12:00 & 14:00 - 15:30","event-recurring-time-text":""},{"event-recurring-week-day":"2","event-recurring-time":"8:30 - 12:00 & 14:00 - 15:30","event-recurring-time-text":""},{"event-recurring-week-day":"3","event-recurring-time":"8:30 - 12:00 & 14:00 - 15:30","event-recurring-time-text":""},{"event-recurring-week-day":"4","event-recurring-time":"8:30 - 12:00 & 14:00 - 15:30","event-recurring-time-text":""}],"event-schedules-calendar":null,"event-is-online":false,"event-online-url":"","event-location-building":"Gleichstellungsbeauftragte - Rathaus am Marktplatz","event-location-street":"Karl-Friedrich-Stra\u00dfe 10","event-location-zip":"76133","event-location-city":"Karlsruhe","event-location-contact-person":"Verena Meister, Gleich\u00adstel\u00adlungs\u00adbe\u00adauf\u00adtragte der Stadt\u00ad \u00adKarls\u00adruhe","event-location-phone":"0721 133-3062","event-location-phone-2":"","event-location-mail":"gb@karlsruhe.de","event-location-mail-2":"","event-location-website":"https:\/\/www.karlsruhe.de\/bildung-soziales\/integration-chancengerechtigkeit\/gleichberechtigung-von-frauen-und-maennern\/die-gleichstellungsbeauftragte","event-target-group":[{"target-group":"all"}],"event-target-group-comment":"","event-free":true,"event-organiser":[16496],"event-header-copyright-overlay":true,"event-copyright-note-description-end":false},"featured_image_urls_v2":{"full":["https:\/\/www.anika-net.de\/wp-content\/uploads\/2019\/02\/Geschlechtergerecht-scaled.jpg",2560,1801,false],"thumbnail":["https:\/\/www.anika-net.de\/wp-content\/uploads\/2019\/02\/Geschlechtergerecht-150x150.jpg",150,150,true],"medium":["https:\/\/www.anika-net.de\/wp-content\/uploads\/2019\/02\/Geschlechtergerecht-300x211.jpg",300,211,true],"medium_large":["https:\/\/www.anika-net.de\/wp-content\/uploads\/2019\/02\/Geschlechtergerecht-768x540.jpg",640,450,true],"large":["https:\/\/www.anika-net.de\/wp-content\/uploads\/2019\/02\/Geschlechtergerecht-1024x720.jpg",640,450,true],"1536x1536":["https:\/\/www.anika-net.de\/wp-content\/uploads\/2019\/02\/Geschlechtergerecht-1536x1080.jpg",1536,1080,true],"2048x2048":["https:\/\/www.anika-net.de\/wp-content\/uploads\/2019\/02\/Geschlechtergerecht-2048x1440.jpg",2048,1440,true],"event-overview":["https:\/\/www.anika-net.de\/wp-content\/uploads\/2019\/02\/Geschlechtergerecht-960x640.jpg",960,640,true],"event-archive-thumb":["https:\/\/www.anika-net.de\/wp-content\/uploads\/2019\/02\/Geschlechtergerecht-480x338.jpg",480,338,true],"grid-item-thumbnail":["https:\/\/www.anika-net.de\/wp-content\/uploads\/2019\/02\/Geschlechtergerecht-360x200.jpg",360,200,true],"network-partner-icon":["https:\/\/www.anika-net.de\/wp-content\/uploads\/2019\/02\/Geschlechtergerecht-100x100.jpg",100,100,true],"organiser-icon":["https:\/\/www.anika-net.de\/wp-content\/uploads\/2019\/02\/Geschlechtergerecht-200x200.jpg",200,200,true],"gform-image-choice-sm":["https:\/\/www.anika-net.de\/wp-content\/uploads\/2019\/02\/Geschlechtergerecht-300x300.jpg",300,300,true],"gform-image-choice-md":["https:\/\/www.anika-net.de\/wp-content\/uploads\/2019\/02\/Geschlechtergerecht-400x400.jpg",400,400,true],"gform-image-choice-lg":["https:\/\/www.anika-net.de\/wp-content\/uploads\/2019\/02\/Geschlechtergerecht-600x600.jpg",600,600,true]},"post_excerpt_stackable_v2":"<p>\u201cErkek\u00adler ve kad\u0131n\u00adlar e\u015fit hak\u00adla\u00adra sahip\u00adtir. Dev\u00adlet, kad\u0131n\u00adlar ve erkek\u00adler i\u00e7in e\u015fit hak\u00adla\u00adr\u0131n fiilen uygu\u00adlan\u00adma\u00ads\u0131\u00adn\u0131 te\u015f\u00advik eder ve mev\u00adcut deza\u00advan\u00adtaj\u00adla\u00adr\u0131n orta\u00addan kal\u00add\u0131\u00adr\u0131l\u00adma\u00ads\u0131 i\u00e7in \u00e7al\u0131\u00ad\u015f\u0131r.\u201d Temel Kanun Mad\u00adde 3 Parag\u00adraf&nbsp;2 Karls\u00adru\u00adhe Bele\u00addi\u00adye\u00adsi F\u0131r\u00adsat E\u015fit\u00adli\u00ad\u011fi&nbsp;Ofi\u00adsi Karls\u00adru\u00adhe \u015eeh\u00adri F\u0131r\u00adsat E\u015fit\u00adli\u00ad\u011fi Ofi\u00adsi, f\u0131r\u00adsat e\u015fit\u00adli\u00ad\u011fi\u00adne ili\u015f\u00adkin \u00f6ne\u00adri, soru ve \u015fika\u00adyet\u00adle\u00adri olan kad\u0131n ve erkek\u00adler i\u00e7in bir ile\u00adti\u00ad\u015fim nok\u00adta\u00ads\u0131\u00add\u0131r. Die Gra\u00adfik zeigt die versc\u00adhi\u00adede\u00adnen Hand\u00adlungs\u00adfel\u00adder der Gle\u00adichs\u00adtel\u00adlungs\u00adbe\u00ada\u00aduft\u00adrag\u00adten auf. \u00a9 Stadt Karls\u00adru\u00adhe, ZJD\/&nbsp;GB E\u011fer bizi ara\u00ady\u0131n: bir kad\u0131n ya da erkek ola\u00adrak ayr\u0131m\u00adc\u0131\u00adl\u0131k\u00adtan \u015fika\u00adyet etmek iste\u00admez, hak\u00adla\u00adr\u0131\u00adn\u0131\u00adz\u0131 savun\u00admak i\u00e7in bil\u00adgi veya des\u00adtek iste\u00adyin, Karls\u00adru\u00adhe\u00ad\u2019\u00adde e\u015fit\u00adli\u00ad\u011fin geli\u015f\u00adti\u00adril\u00adme\u00adsi i\u00e7in \u00f6ne\u00adri\u00adler\u00adde bulun\u00admak isti\u00adyor. \u2611\ufe0f Ki\u015fi\u00adsel ran\u00adde\u00advu\u00adlar ayar\u00adla\u00adya\u00adbi\u00adlir\u00adsi\u00adniz. \u2611\ufe0f Endi\u00ad\u015fe\u00adle\u00adri\u00adniz gizlilik\u2026<\/p>\n","category_list_v2":"","author_info_v2":{"name":"Andrea Ramirez","url":"https:\/\/www.anika-net.de\/tr\/author\/andrea-ramirez\/"},"comments_num_v2":"0 comments","uagb_featured_image_src":{"full":["https:\/\/www.anika-net.de\/wp-content\/uploads\/2019\/02\/Geschlechtergerecht-scaled.jpg",2560,1801,false],"thumbnail":["https:\/\/www.anika-net.de\/wp-content\/uploads\/2019\/02\/Geschlechtergerecht-150x150.jpg",150,150,true],"medium":["https:\/\/www.anika-net.de\/wp-content\/uploads\/2019\/02\/Geschlechtergerecht-300x211.jpg",300,211,true],"medium_large":["https:\/\/www.anika-net.de\/wp-content\/uploads\/2019\/02\/Geschlechtergerecht-768x540.jpg",640,450,true],"large":["https:\/\/www.anika-net.de\/wp-content\/uploads\/2019\/02\/Geschlechtergerecht-1024x720.jpg",640,450,true],"1536x1536":["https:\/\/www.anika-net.de\/wp-content\/uploads\/2019\/02\/Geschlechtergerecht-1536x1080.jpg",1536,1080,true],"2048x2048":["https:\/\/www.anika-net.de\/wp-content\/uploads\/2019\/02\/Geschlechtergerecht-2048x1440.jpg",2048,1440,true],"event-overview":["https:\/\/www.anika-net.de\/wp-content\/uploads\/2019\/02\/Geschlechtergerecht-960x640.jpg",960,640,true],"event-archive-thumb":["https:\/\/www.anika-net.de\/wp-content\/uploads\/2019\/02\/Geschlechtergerecht-480x338.jpg",480,338,true],"grid-item-thumbnail":["https:\/\/www.anika-net.de\/wp-content\/uploads\/2019\/02\/Geschlechtergerecht-360x200.jpg",360,200,true],"network-partner-icon":["https:\/\/www.anika-net.de\/wp-content\/uploads\/2019\/02\/Geschlechtergerecht-100x100.jpg",100,100,true],"organiser-icon":["https:\/\/www.anika-net.de\/wp-content\/uploads\/2019\/02\/Geschlechtergerecht-200x200.jpg",200,200,true],"gform-image-choice-sm":["https:\/\/www.anika-net.de\/wp-content\/uploads\/2019\/02\/Geschlechtergerecht-300x300.jpg",300,300,true],"gform-image-choice-md":["https:\/\/www.anika-net.de\/wp-content\/uploads\/2019\/02\/Geschlechtergerecht-400x400.jpg",400,400,true],"gform-image-choice-lg":["https:\/\/www.anika-net.de\/wp-content\/uploads\/2019\/02\/Geschlechtergerecht-600x600.jpg",600,600,true]},"uagb_author_info":{"display_name":"Andrea Ramirez","author_link":"https:\/\/www.anika-net.de\/tr\/author\/andrea-ramirez\/"},"uagb_comment_info":0,"uagb_excerpt":"\u201cErkek\u00adler ve kad\u0131n\u00adlar e\u015fit hak\u00adla\u00adra sahiptir. Dev\u00adlet, kad\u0131n\u00adlar ve erkek\u00adler i\u00e7in e\u015fit hak\u00adla\u00adr\u0131n fiilen uygu\u00adlan\u00adma\u00ads\u0131\u00adn\u0131 te\u015f\u00advik eder ve mev\u00adcut deza\u00advan\u00adtaj\u00adla\u00adr\u0131n orta\u00addan kal\u00add\u0131\u00adr\u0131l\u00adma\u00ads\u0131 i\u00e7in \u00e7al\u0131\u015f\u0131r.\u201d Temel Kanun Mad\u00adde 3 Parag\u00adraf&nbsp;2 Karls\u00adru\u00adhe&nbsp;daha fazla okuyun","_links":{"self":[{"href":"https:\/\/www.anika-net.de\/tr\/wp-json\/wp\/v2\/event\/17186","targetHints":{"allow":["GET"]}}],"collection":[{"href":"https:\/\/www.anika-net.de\/tr\/wp-json\/wp\/v2\/event"}],"about":[{"href":"https:\/\/www.anika-net.de\/tr\/wp-json\/wp\/v2\/types\/event"}],"author":[{"embeddable":true,"href":"https:\/\/www.anika-net.de\/tr\/wp-json\/wp\/v2\/users\/12"}],"version-history":[{"count":1,"href":"https:\/\/www.anika-net.de\/tr\/wp-json\/wp\/v2\/event\/17186\/revisions"}],"predecessor-version":[{"id":57417,"href":"https:\/\/www.anika-net.de\/tr\/wp-json\/wp\/v2\/event\/17186\/revisions\/57417"}],"acf:post":[{"embeddable":true,"href":"https:\/\/www.anika-net.de\/tr\/wp-json\/wp\/v2\/organiser\/16496"}],"acf:term":[{"embeddable":true,"taxonomy":"event_category","href":"https:\/\/www.anika-net.de\/tr\/wp-json\/wp\/v2\/event_category\/95"}],"wp:featuredmedia":[{"embeddable":true,"href":"https:\/\/www.anika-net.de\/tr\/wp-json\/wp\/v2\/media\/57407"}],"wp:attachment":[{"href":"https:\/\/www.anika-net.de\/tr\/wp-json\/wp\/v2\/media?parent=17186"}],"curies":[{"name":"wp","href":"https:\/\/api.w.org\/{rel}","templated":true}]}}

Karls­ru­he Bele­di­ye­si Fır­sat Eşit­li­ği&nbsp;Ofisi

<blockquote>
<h3><em><span style="color: #993366;">“Erkek­ler ve kadın­lar eşit hak­la­ra sahiptir.</span></em><br>
<em><span style="color: #993366;">Dev­let, kadın­lar ve erkek­ler için eşit hak­la­rın fiilen uygu­lan­ma­sı­nı teş­vik eder ve mev­cut deza­van­taj­la­rın orta­dan kal­dı­rıl­ma­sı için çalışır.”</span></em></h3>
<h6>Temel Kanun Mad­de 3 Parag­raf&nbsp;2</h6>
</blockquote>
<h1><span style="color: #ffcc00;"><strong>Karls­ru­he Bele­di­ye­si Fır­sat Eşit­li­ği&nbsp;Ofisi</strong></span></h1>
<p>Karls­ru­he Şeh­ri Fır­sat Eşit­li­ği Ofi­si, fır­sat eşit­li­ği­ne iliş­kin öne­ri, soru ve şika­yet­le­ri olan kadın ve erkek­ler için bir ile­ti­şim noktasıdır.</p>
<h6><img decoding="async" class="alignnone size-medium wp-image-57361" src="https://www.anika-net.de/wp-content/uploads/2019/02/Gleichstellungsarbeit-300x223.png" alt width="300" height="223" srcset="https://www.anika-net.de/wp-content/uploads/2019/02/Gleichstellungsarbeit-300x223.png 300w, https://www.anika-net.de/wp-content/uploads/2019/02/Gleichstellungsarbeit-768x571.png 768w, https://www.anika-net.de/wp-content/uploads/2019/02/Gleichstellungsarbeit-480x357.png 480w, https://www.anika-net.de/wp-content/uploads/2019/02/Gleichstellungsarbeit.png 850w" sizes="(max-width: 300px) 100vw, 300px"><span class="copyright-text">Die Gra­fik zeigt die versc­hi­ede­nen Hand­lungs­fel­der der Gle­ichs­tel­lungs­be­a­uft­rag­ten auf. © Stadt Karls­ru­he, ZJD/&nbsp;GB<br>
</span></h6>
<h3><span style="color: #008080;"><strong>Eğer bizi arayın:</strong></span></h3>
<ul>
<li>bir kadın ya da erkek ola­rak ayrım­cı­lık­tan şika­yet etmek istemez,</li>
<li>hak­la­rı­nı­zı savun­mak için bil­gi veya des­tek isteyin,</li>
<li>Karls­ru­he­’­de eşit­li­ğin geliş­ti­ril­me­si için öne­ri­ler­de bulun­mak istiyor.</li>
</ul>
<p>☑️ Kişi­sel ran­de­vu­lar ayar­la­ya­bi­lir­si­niz. ☑️ Endi­şe­le­ri­niz giz­li­lik için­de ele alı­na­cak­tır. ☑️ Danış­man­lık ücret­siz­dir 📎 <a href="https://www.anika-net.de/wp-content/uploads/2025/01/GB_Faltblatt.pdf"><strong>Bil­gi bro­şü­rü Fır­sat Eşit­li­ği Görevlisi</strong></a></p>

Karl-Friedrich-Straße 10

<p>“Erkek­ler ve kadın­lar eşit hak­la­ra sahip­tir. Dev­let, kadın­lar ve erkek­ler için eşit hak­la­rın fiilen uygu­lan­ma­sı­nı teş­vik eder ve mev­cut deza­van­taj­la­rın orta­dan kal­dı­rıl­ma­sı için çalı­şır.” Temel Kanun Mad­de 3 Parag­raf&nbsp;2 Karls­ru­he Bele­di­ye­si Fır­sat Eşit­li­ği&nbsp;Ofi­si Karls­ru­he Şeh­ri Fır­sat Eşit­li­ği Ofi­si, fır­sat eşit­li­ği­ne iliş­kin öne­ri, soru ve şika­yet­le­ri olan kadın ve erkek­ler için bir ile­ti­şim nok­ta­sı­dır. Die Gra­fik zeigt die versc­hi­ede­nen Hand­lungs­fel­der der Gle­ichs­tel­lungs­be­a­uft­rag­ten auf. © Stadt Karls­ru­he, ZJD/&nbsp;GB Eğer bizi ara­yın: bir kadın ya da erkek ola­rak ayrım­cı­lık­tan şika­yet etmek iste­mez, hak­la­rı­nı­zı savun­mak için bil­gi veya des­tek iste­yin, Karls­ru­he­’­de eşit­li­ğin geliş­ti­ril­me­si için öne­ri­ler­de bulun­mak isti­yor. ☑️ Kişi­sel ran­de­vu­lar ayar­la­ya­bi­lir­si­niz. ☑️ Endi­şe­le­ri­niz gizlilik…</p>

“Erkek­ler ve kadın­lar eşit hak­la­ra sahiptir. Dev­let, kadın­lar ve erkek­ler için eşit hak­la­rın fiilen uygu­lan­ma­sı­nı teş­vik eder ve mev­cut deza­van­taj­la­rın orta­dan kal­dı­rıl­ma­sı için çalışır.” Temel Kanun Mad­de 3 Parag­raf&nbsp;2 Karls­ru­he&nbsp;daha fazla okuyun
