{"id":17164,"date":"2019-02-07T10:09:15","date_gmt":"2019-02-07T09:09:15","guid":{"rendered":"https:\/\/www.anika-net.de\/event\/advice-on-migration-issues\/"},"modified":"2022-09-21T13:07:34","modified_gmt":"2022-09-21T11:07:34","slug":"goec-sorunlari-hakkinda-tavsiyeler","status":"publish","type":"event","link":"https:\/\/www.anika-net.de\/tr\/event\/goec-sorunlari-hakkinda-tavsiyeler\/","title":{"rendered":"G\u00f6\u00e7 sorun\u00adla\u00adr\u0131 hak\u00adk\u0131n\u00adda tavsiyeler"},"content":{"rendered":"<p><strong>arKA \u2014 yazar pent\u00adru roma\u00adnii din Karlsruhe<\/strong><\/p>\n<p><strong>Baden W\u00fcrt\u00adtem\u00adberg eV\u2019\u00adde\u00adki Rumen-Alman Derne\u011fi<\/strong><\/p>\n<p>RDVBW, Karls\u00adru\u00adhe\u00ad\u2019\u00adden gelen t\u00fcm g\u00f6\u00e7\u00admen\u00adler i\u00e7in \u2014 \u00f6zel\u00adlik\u00adle Roman\u00adya vatan\u00adda\u015f\u00adla\u00adr\u0131 i\u00e7in \u2014 t\u00fcm ya\u015fam durum\u00adla\u00adr\u0131n\u00adda yar\u00add\u0131m ve des\u00adtek&nbsp;sunar.<\/p>\n<p>Mev\u00adcut teklifler:<\/p>\n<ul>\n<li>Enteg\u00adras\u00adyon dan\u0131\u015fmanl\u0131\u011f\u0131<\/li>\n<li>Kita\u00adlot\u00adsen \u2014 Karls\u00adru\u00adhe \u015feh\u00adri\u00adnin KITA por\u00adta\u00adl\u0131\u00adna kay\u0131t konu\u00adsun\u00adda yard\u0131m<\/li>\n<li>Evsiz\u00adler i\u00e7in dan\u0131\u015fmanl\u0131k<\/li>\n<li>des\u00adtek\u00adle\u00adyi\u00adci aile yard\u0131m\u0131<\/li>\n<li>Kad\u0131n kafe\u00adsi.<\/li>\n<li>Ran\u00adde\u00advu\u00adlar d\u00fczen\u00adle\u00adme\u00adye&nbsp;g\u00f6re.<\/li>\n<\/ul>\n<p><a href=\"https:\/\/www.anika-net.de\/wp-content\/uploads\/2022\/09\/flyer-arKA-romana.pdf\" target=\"_blank\" rel=\"noopener\">\u0130nd\u00adirm\u00adek<\/a> i\u00e7in el&nbsp;ilan\u0131<\/p>\n<p>&nbsp;<\/p>\n","protected":false},"author":12,"featured_media":23320,"template":"","class_list":["post-17164","event","type-event","status-publish","has-post-thumbnail","hentry","event_category-yardim-olanaklari"],"acf":{"event-recurring":true,"event-category":95,"event-is-language-course":false,"event-recurring-still-active":true,"event-display-details":true,"event-schedules-recurring":[{"event-recurring-week-day":"0","event-recurring-time":"9:30 - 12:30","event-recurring-time-text":""},{"event-recurring-week-day":false,"event-recurring-time":"9:30 - 12:30","event-recurring-time-text":""},{"event-recurring-week-day":"2","event-recurring-time":"9:30 - 12:30","event-recurring-time-text":""},{"event-recurring-week-day":"3","event-recurring-time":"9:30 - 15:00 ","event-recurring-time-text":""},{"event-recurring-week-day":"4","event-recurring-time":"9:30 - 12:30","event-recurring-time-text":""}],"event-schedules-calendar":null,"event-is-online":false,"event-online-url":"","event-location-building":"Rum\u00e4nisch-Deutsche Vereinigung in Baden-W\u00fcrttemberg e.V.","event-location-street":"Kaiserallee 12d","event-location-zip":"76133","event-location-city":"Karlsruhe","event-location-contact-person":"Alexandra Demian","event-location-phone":"0177\/ 892 67 88","event-location-phone-2":"","event-location-mail":"alexandra.demian@rdvbw.de","event-location-mail-2":"","event-location-website":"https:\/\/rdvbw.de\/","event-target-group":[{"target-group":"all"}],"event-target-group-comment":"","event-free":true,"event-organiser":[16436],"event-header-copyright-overlay":false,"event-copyright-note-description-end":false},"featured_image_urls_v2":{"full":["https:\/\/www.anika-net.de\/wp-content\/uploads\/2019\/02\/Logo-RDVBW-mit-Schrift-q.png",800,800,false],"thumbnail":["https:\/\/www.anika-net.de\/wp-content\/uploads\/2019\/02\/Logo-RDVBW-mit-Schrift-q-150x150.png",150,150,true],"medium":["https:\/\/www.anika-net.de\/wp-content\/uploads\/2019\/02\/Logo-RDVBW-mit-Schrift-q-300x300.png",300,300,true],"medium_large":["https:\/\/www.anika-net.de\/wp-content\/uploads\/2019\/02\/Logo-RDVBW-mit-Schrift-q-768x768.png",640,640,true],"large":["https:\/\/www.anika-net.de\/wp-content\/uploads\/2019\/02\/Logo-RDVBW-mit-Schrift-q.png",640,640,false],"1536x1536":["https:\/\/www.anika-net.de\/wp-content\/uploads\/2019\/02\/Logo-RDVBW-mit-Schrift-q.png",800,800,false],"2048x2048":["https:\/\/www.anika-net.de\/wp-content\/uploads\/2019\/02\/Logo-RDVBW-mit-Schrift-q.png",800,800,false],"event-overview":["https:\/\/www.anika-net.de\/wp-content\/uploads\/2019\/02\/Logo-RDVBW-mit-Schrift-q-800x640.png",800,640,true],"event-archive-thumb":["https:\/\/www.anika-net.de\/wp-content\/uploads\/2019\/02\/Logo-RDVBW-mit-Schrift-q-480x480.png",480,480,true],"grid-item-thumbnail":["https:\/\/www.anika-net.de\/wp-content\/uploads\/2019\/02\/Logo-RDVBW-mit-Schrift-q-360x200.png",360,200,true],"network-partner-icon":["https:\/\/www.anika-net.de\/wp-content\/uploads\/2019\/02\/Logo-RDVBW-mit-Schrift-q-100x100.png",100,100,true],"organiser-icon":["https:\/\/www.anika-net.de\/wp-content\/uploads\/2019\/02\/Logo-RDVBW-mit-Schrift-q-200x200.png",200,200,true],"gform-image-choice-sm":["https:\/\/www.anika-net.de\/wp-content\/uploads\/2019\/02\/Logo-RDVBW-mit-Schrift-q.png",300,300,false],"gform-image-choice-md":["https:\/\/www.anika-net.de\/wp-content\/uploads\/2019\/02\/Logo-RDVBW-mit-Schrift-q.png",400,400,false],"gform-image-choice-lg":["https:\/\/www.anika-net.de\/wp-content\/uploads\/2019\/02\/Logo-RDVBW-mit-Schrift-q.png",600,600,false]},"post_excerpt_stackable_v2":"<p>arKA \u2014 yazar pent\u00adru roma\u00adnii din Karls\u00adru\u00adhe Baden W\u00fcrt\u00adtem\u00adberg eV\u2019\u00adde\u00adki Rumen-Alman Der\u00adne\u00ad\u011fi RDVBW, Karls\u00adru\u00adhe\u00ad\u2019\u00adden gelen t\u00fcm g\u00f6\u00e7\u00admen\u00adler i\u00e7in \u2014 \u00f6zel\u00adlik\u00adle Roman\u00adya vatan\u00adda\u015f\u00adla\u00adr\u0131 i\u00e7in \u2014 t\u00fcm ya\u015fam durum\u00adla\u00adr\u0131n\u00adda yar\u00add\u0131m ve des\u00adtek&nbsp;sunar. Mev\u00adcut tek\u00adlif\u00adler: Enteg\u00adras\u00adyon dan\u0131\u015f\u00adman\u00adl\u0131\u00ad\u011f\u0131 Kita\u00adlot\u00adsen \u2014 Karls\u00adru\u00adhe \u015feh\u00adri\u00adnin KITA por\u00adta\u00adl\u0131\u00adna kay\u0131t konu\u00adsun\u00adda yar\u00add\u0131m Evsiz\u00adler i\u00e7in dan\u0131\u015f\u00adman\u00adl\u0131k des\u00adtek\u00adle\u00adyi\u00adci aile yar\u00add\u0131\u00adm\u0131 Kad\u0131n kafe\u00adsi. Ran\u00adde\u00advu\u00adlar d\u00fczen\u00adle\u00adme\u00adye&nbsp;g\u00f6re. \u0130nd\u00adirm\u00adek i\u00e7in el&nbsp;ilan\u0131&nbsp;<\/p>\n","category_list_v2":"","author_info_v2":{"name":"Andrea Ramirez","url":"https:\/\/www.anika-net.de\/tr\/author\/andrea-ramirez\/"},"comments_num_v2":"0 comments","uagb_featured_image_src":{"full":["https:\/\/www.anika-net.de\/wp-content\/uploads\/2019\/02\/Logo-RDVBW-mit-Schrift-q.png",800,800,false],"thumbnail":["https:\/\/www.anika-net.de\/wp-content\/uploads\/2019\/02\/Logo-RDVBW-mit-Schrift-q-150x150.png",150,150,true],"medium":["https:\/\/www.anika-net.de\/wp-content\/uploads\/2019\/02\/Logo-RDVBW-mit-Schrift-q-300x300.png",300,300,true],"medium_large":["https:\/\/www.anika-net.de\/wp-content\/uploads\/2019\/02\/Logo-RDVBW-mit-Schrift-q-768x768.png",640,640,true],"large":["https:\/\/www.anika-net.de\/wp-content\/uploads\/2019\/02\/Logo-RDVBW-mit-Schrift-q.png",640,640,false],"1536x1536":["https:\/\/www.anika-net.de\/wp-content\/uploads\/2019\/02\/Logo-RDVBW-mit-Schrift-q.png",800,800,false],"2048x2048":["https:\/\/www.anika-net.de\/wp-content\/uploads\/2019\/02\/Logo-RDVBW-mit-Schrift-q.png",800,800,false],"event-overview":["https:\/\/www.anika-net.de\/wp-content\/uploads\/2019\/02\/Logo-RDVBW-mit-Schrift-q-800x640.png",800,640,true],"event-archive-thumb":["https:\/\/www.anika-net.de\/wp-content\/uploads\/2019\/02\/Logo-RDVBW-mit-Schrift-q-480x480.png",480,480,true],"grid-item-thumbnail":["https:\/\/www.anika-net.de\/wp-content\/uploads\/2019\/02\/Logo-RDVBW-mit-Schrift-q-360x200.png",360,200,true],"network-partner-icon":["https:\/\/www.anika-net.de\/wp-content\/uploads\/2019\/02\/Logo-RDVBW-mit-Schrift-q-100x100.png",100,100,true],"organiser-icon":["https:\/\/www.anika-net.de\/wp-content\/uploads\/2019\/02\/Logo-RDVBW-mit-Schrift-q-200x200.png",200,200,true],"gform-image-choice-sm":["https:\/\/www.anika-net.de\/wp-content\/uploads\/2019\/02\/Logo-RDVBW-mit-Schrift-q.png",300,300,false],"gform-image-choice-md":["https:\/\/www.anika-net.de\/wp-content\/uploads\/2019\/02\/Logo-RDVBW-mit-Schrift-q.png",400,400,false],"gform-image-choice-lg":["https:\/\/www.anika-net.de\/wp-content\/uploads\/2019\/02\/Logo-RDVBW-mit-Schrift-q.png",600,600,false]},"uagb_author_info":{"display_name":"Andrea Ramirez","author_link":"https:\/\/www.anika-net.de\/tr\/author\/andrea-ramirez\/"},"uagb_comment_info":0,"uagb_excerpt":"arKA \u2014 yazar pent\u00adru roma\u00adnii din Karlsruhe Baden W\u00fcrt\u00adtem\u00adberg eV\u2019\u00adde\u00adki Rumen-Alman Derne\u011fi RDVBW, Karls\u00adru\u00adhe\u00ad\u2019\u00adden gelen t\u00fcm g\u00f6\u00e7\u00admen\u00adler i\u00e7in \u2014 \u00f6zel\u00adlik\u00adle Roman\u00adya vatan\u00adda\u015f\u00adla\u00adr\u0131 i\u00e7in \u2014 t\u00fcm ya\u015fam durum\u00adla\u00adr\u0131n\u00adda yar\u00add\u0131m ve des\u00adtek&nbsp;sunar.&nbsp;daha fazla okuyun","_links":{"self":[{"href":"https:\/\/www.anika-net.de\/tr\/wp-json\/wp\/v2\/event\/17164","targetHints":{"allow":["GET"]}}],"collection":[{"href":"https:\/\/www.anika-net.de\/tr\/wp-json\/wp\/v2\/event"}],"about":[{"href":"https:\/\/www.anika-net.de\/tr\/wp-json\/wp\/v2\/types\/event"}],"author":[{"embeddable":true,"href":"https:\/\/www.anika-net.de\/tr\/wp-json\/wp\/v2\/users\/12"}],"version-history":[{"count":0,"href":"https:\/\/www.anika-net.de\/tr\/wp-json\/wp\/v2\/event\/17164\/revisions"}],"acf:post":[{"embeddable":true,"href":"https:\/\/www.anika-net.de\/tr\/wp-json\/wp\/v2\/organiser\/16436"}],"acf:term":[{"embeddable":true,"taxonomy":"event_category","href":"https:\/\/www.anika-net.de\/tr\/wp-json\/wp\/v2\/event_category\/95"}],"wp:featuredmedia":[{"embeddable":true,"href":"https:\/\/www.anika-net.de\/tr\/wp-json\/wp\/v2\/media\/23320"}],"wp:attachment":[{"href":"https:\/\/www.anika-net.de\/tr\/wp-json\/wp\/v2\/media?parent=17164"}],"curies":[{"name":"wp","href":"https:\/\/api.w.org\/{rel}","templated":true}]}}

Göç sorun­la­rı hak­kın­da tavsiyeler

<p><strong>arKA — yazar pent­ru roma­nii din Karlsruhe</strong></p>
<p><strong>Baden Würt­tem­berg eV’­de­ki Rumen-Alman Derneği</strong></p>
<p>RDVBW, Karls­ru­he­’­den gelen tüm göç­men­ler için — özel­lik­le Roman­ya vatan­daş­la­rı için — tüm yaşam durum­la­rın­da yar­dım ve des­tek&nbsp;sunar.</p>
<p>Mev­cut teklifler:</p>
<ul>
<li>Enteg­ras­yon danışmanlığı</li>
<li>Kita­lot­sen — Karls­ru­he şeh­ri­nin KITA por­ta­lı­na kayıt konu­sun­da yardım</li>
<li>Evsiz­ler için danışmanlık</li>
<li>des­tek­le­yi­ci aile yardımı</li>
<li>Kadın kafe­si.</li>
<li>Ran­de­vu­lar düzen­le­me­ye&nbsp;göre.</li>
</ul>
<p><a href="https://www.anika-net.de/wp-content/uploads/2022/09/flyer-arKA-romana.pdf" target="_blank" rel="noopener">İnd­irm­ek</a> için el&nbsp;ilanı</p>
<p>&nbsp;</p>

Rumänisch-Deutsche Vereinigung in Baden-Württemberg e.V.

<p>arKA — yazar pent­ru roma­nii din Karls­ru­he Baden Würt­tem­berg eV’­de­ki Rumen-Alman Der­ne­ği RDVBW, Karls­ru­he­’­den gelen tüm göç­men­ler için — özel­lik­le Roman­ya vatan­daş­la­rı için — tüm yaşam durum­la­rın­da yar­dım ve des­tek&nbsp;sunar. Mev­cut tek­lif­ler: Enteg­ras­yon danış­man­lı­ğı Kita­lot­sen — Karls­ru­he şeh­ri­nin KITA por­ta­lı­na kayıt konu­sun­da yar­dım Evsiz­ler için danış­man­lık des­tek­le­yi­ci aile yar­dı­mı Kadın kafe­si. Ran­de­vu­lar düzen­le­me­ye&nbsp;göre. İnd­irm­ek için el&nbsp;ilanı&nbsp;</p>

arKA — yazar pent­ru roma­nii din Karlsruhe Baden Würt­tem­berg eV’­de­ki Rumen-Alman Derneği RDVBW, Karls­ru­he­’­den gelen tüm göç­men­ler için — özel­lik­le Roman­ya vatan­daş­la­rı için — tüm yaşam durum­la­rın­da yar­dım ve des­tek&nbsp;sunar.&nbsp;daha fazla okuyun
