{"id":17156,"date":"2017-05-22T08:51:17","date_gmt":"2017-05-22T06:51:17","guid":{"rendered":"https:\/\/www.anika-net.de\/event\/lets-talk\/"},"modified":"2025-04-15T13:55:33","modified_gmt":"2025-04-15T11:55:33","slug":"sprechpunkt","status":"publish","type":"event","link":"https:\/\/www.anika-net.de\/tr\/event\/sprechpunkt\/","title":{"rendered":"Sprech\u00adPunkt \u2014 bir\u00adlik\u00adte Alman\u00adca pra\u00adtik&nbsp;yap\u0131n"},"content":{"rendered":"<h3><span style=\"color: #666699;\">K\u00fc\u00e7\u00fck mode\u00adra\u00adt\u00f6r\u00adl\u00fc grup\u00adlar halin\u00adde bir\u00adlik\u00adte Alman\u00adca konu\u015f\u00adma teklifi<\/span><\/h3>\n<h1><span style=\"color: #008080;\"><span style=\"color: #ff6600;\">Sprech\u00adPunkt -<\/span> <\/span><span style=\"color: #ff6600;\"><strong>Bir\u00adlik\u00adte Alman\u00adca pra\u00adtik&nbsp;yap\u0131n<\/strong><\/span><\/h1>\n<p>Alman\u00adca \u00f6\u011fren\u00admek ve pra\u00adtik yap\u00admak isti\u00adyor\u00adsa\u00adn\u0131z, sizi ran\u00adde\u00advu\u00adla\u00adr\u0131\u00adm\u0131\u00adza davet edi\u00adyo\u00adruz. Sprech\u00adPunkt \u00fccret\u00adsiz bir tekliftir.&nbsp;<\/p>\n<p>Grup\u00adlar dil sevi\u00adye\u00adsi\u00adne g\u00f6re olu\u015fturulmaktad\u0131r.<br>\nAlman\u00adca konu\u00ad\u015fan g\u00f6n\u00fcl\u00adl\u00fc\u00adler sizin\u00adle tan\u0131\u015f\u00admak i\u00e7in sab\u0131rs\u0131zlan\u0131yor!<\/p>\n<p><em><strong>Kay\u0131t gerek\u00adli de\u011fildir!<\/strong><\/em><\/p>\n<hr>\n<p><span style=\"color: #666699;\">Ana\u00adlog ve diji\u00adtal top\u00adlan\u00adt\u0131\u00adla\u00adr\u0131\u00adm\u0131z&nbsp;var:<\/span><\/p>\n<h2><span style=\"color: #008080;\"><strong><em>D\u0130J\u0130TAL PAZARTES\u0130<\/em><\/strong><\/span><\/h2>\n<p>\ud83d\udcc6 18:30 \u2014 20:00<\/p>\n<p>Top\u00adlan\u00adt\u0131\u00adlar <strong>Mic\u00adro\u00adsoft Teams<\/strong> \u00fcze\u00adrin\u00adden ger\u00e7ekle\u015ftirilir.<br>\nBa\u011f\u00adlan\u00adt\u0131 <strong>ara\u00adc\u0131\u00adl\u0131\u00ad\u011f\u0131y\u00adla:<\/strong> https:\/\/teams.live.com\/meet\/9334486701936?p=aoq1s0OJBfFGkmvL0G<br>\nweb tara\u00ady\u0131\u00adc\u0131\u00ads\u0131 veya Teams uygu\u00adla\u00adma\u00ads\u0131 ara\u00adc\u0131\u00adl\u0131\u00ad\u011f\u0131y\u00adla kat\u0131labilirsiniz.<\/p>\n<h2><span style=\"color: #333399;\"><strong><em>Ana\u00adlog PER\u015eEMBE<\/em><\/strong><\/span><\/h2>\n<p>\ud83d\udcc6 18:30 \u2014 20.00<\/p>\n<p>\u0130bz\u00ad\u2019\u00adde, e\u011fer d\u0131\u015fa\u00adr\u0131\u00adda hava g\u00fczelse<\/p>\n","protected":false},"author":12,"featured_media":11113,"template":"","class_list":["post-17156","event","type-event","status-publish","has-post-thumbnail","hentry","event_category-egitim"],"acf":{"event-recurring":true,"event-category":94,"event-is-language-course":false,"event-recurring-still-active":true,"event-display-details":true,"event-schedules-recurring":[{"event-recurring-week-day":"0","event-recurring-time":"18:30 - 20:00","event-recurring-time-text":""},{"event-recurring-week-day":"3","event-recurring-time":"18:30 - 20:00","event-recurring-time-text":""}],"event-schedules-calendar":null,"event-is-online":false,"event-online-url":"","event-location-building":"Internationales Begegnungszentrum Karlsruhe e.V. (ibz)","event-location-street":"Kaiserallee 12d","event-location-zip":"76133","event-location-city":"Karlsruhe","event-location-contact-person":"Dr. Gudrun Baumgartner und Maria Dertinger","event-location-phone":"0721 \/ 89 33 37 10","event-location-phone-2":"","event-location-mail":"sprechpunkt@ibz-karlsruhe.org","event-location-mail-2":"","event-location-website":"https:\/\/www.ibz-karlsruhe.de\/ibz-projekte\/sprechpunkt\/","event-target-group":[{"target-group":"all"}],"event-target-group-comment":"","event-free":true,"event-organiser":[16249],"event-header-copyright-overlay":true,"event-copyright-note-description-end":true},"featured_image_urls_v2":{"full":["https:\/\/www.anika-net.de\/wp-content\/uploads\/2021\/10\/20200806_185416-e1776247044533.jpg",1200,800,false],"thumbnail":["https:\/\/www.anika-net.de\/wp-content\/uploads\/2021\/10\/20200806_185416-150x150.jpg",150,150,true],"medium":["https:\/\/www.anika-net.de\/wp-content\/uploads\/2021\/10\/20200806_185416-300x200.jpg",300,200,true],"medium_large":["https:\/\/www.anika-net.de\/wp-content\/uploads\/2021\/10\/20200806_185416-768x512.jpg",640,427,true],"large":["https:\/\/www.anika-net.de\/wp-content\/uploads\/2021\/10\/20200806_185416-1024x683.jpg",640,427,true],"1536x1536":["https:\/\/www.anika-net.de\/wp-content\/uploads\/2021\/10\/20200806_185416-e1776247044533.jpg",1200,800,false],"2048x2048":["https:\/\/www.anika-net.de\/wp-content\/uploads\/2021\/10\/20200806_185416-e1776247044533.jpg",1200,800,false],"event-overview":["https:\/\/www.anika-net.de\/wp-content\/uploads\/2021\/10\/20200806_185416-960x640.jpg",960,640,true],"event-archive-thumb":["https:\/\/www.anika-net.de\/wp-content\/uploads\/2021\/10\/20200806_185416-480x320.jpg",480,320,true],"grid-item-thumbnail":["https:\/\/www.anika-net.de\/wp-content\/uploads\/2021\/10\/20200806_185416-360x200.jpg",360,200,true],"network-partner-icon":["https:\/\/www.anika-net.de\/wp-content\/uploads\/2021\/10\/20200806_185416-100x100.jpg",100,100,true],"organiser-icon":["https:\/\/www.anika-net.de\/wp-content\/uploads\/2021\/10\/20200806_185416-200x200.jpg",200,200,true],"gform-image-choice-sm":["https:\/\/www.anika-net.de\/wp-content\/uploads\/2021\/10\/20200806_185416-e1776247044533.jpg",300,200,false],"gform-image-choice-md":["https:\/\/www.anika-net.de\/wp-content\/uploads\/2021\/10\/20200806_185416-e1776247044533.jpg",400,267,false],"gform-image-choice-lg":["https:\/\/www.anika-net.de\/wp-content\/uploads\/2021\/10\/20200806_185416-e1776247044533.jpg",600,400,false]},"post_excerpt_stackable_v2":"<p>K\u00fc\u00e7\u00fck mode\u00adra\u00adt\u00f6r\u00adl\u00fc grup\u00adlar halin\u00adde bir\u00adlik\u00adte Alman\u00adca konu\u015f\u00adma tek\u00adli\u00adfi Sprech\u00adPunkt \u2014 Bir\u00adlik\u00adte Alman\u00adca pra\u00adtik&nbsp;yap\u0131n Alman\u00adca \u00f6\u011fren\u00admek ve pra\u00adtik yap\u00admak isti\u00adyor\u00adsa\u00adn\u0131z, sizi ran\u00adde\u00advu\u00adla\u00adr\u0131\u00adm\u0131\u00adza davet edi\u00adyo\u00adruz. Sprech\u00adPunkt \u00fccret\u00adsiz bir tek\u00adlif\u00adtir.&nbsp; Grup\u00adlar dil sevi\u00adye\u00adsi\u00adne g\u00f6re olu\u015f\u00adtu\u00adrul\u00admak\u00adta\u00add\u0131r. Alman\u00adca konu\u00ad\u015fan g\u00f6n\u00fcl\u00adl\u00fc\u00adler sizin\u00adle tan\u0131\u015f\u00admak i\u00e7in sab\u0131r\u00ads\u0131z\u00adla\u00adn\u0131\u00adyor! Kay\u0131t gerek\u00adli de\u011fil\u00addir! Ana\u00adlog ve diji\u00adtal top\u00adlan\u00adt\u0131\u00adla\u00adr\u0131\u00adm\u0131z&nbsp;var: D\u0130J\u0130TAL PAZARTES\u0130 \ud83d\udcc6 18:30 \u2014 20:00 Top\u00adlan\u00adt\u0131\u00adlar Mic\u00adro\u00adsoft Teams \u00fcze\u00adrin\u00adden ger\u00ad\u00e7ek\u00adle\u015f\u00adti\u00adri\u00adlir. Ba\u011f\u00adlan\u00adt\u0131 ara\u00adc\u0131\u00adl\u0131\u00ad\u011f\u0131y\u00adla: https:\/\/teams.live.com\/meet\/9334486701936?p=aoq1s0OJBfFGkmvL0G web tara\u00ady\u0131\u00adc\u0131\u00ads\u0131 veya Teams uygu\u00adla\u00adma\u00ads\u0131 ara\u00adc\u0131\u00adl\u0131\u00ad\u011f\u0131y\u00adla kat\u0131\u00adla\u00adbi\u00adlir\u00adsi\u00adniz. Ana\u00adlog PER\u015eEMBE \ud83d\udcc6 18:30 \u2014 20.00 \u0130bz\u00ad\u2019\u00adde, e\u011fer d\u0131\u015fa\u00adr\u0131\u00adda hava g\u00fczelse<\/p>\n","category_list_v2":"","author_info_v2":{"name":"Andrea Ramirez","url":"https:\/\/www.anika-net.de\/tr\/author\/andrea-ramirez\/"},"comments_num_v2":"0 comments","uagb_featured_image_src":{"full":["https:\/\/www.anika-net.de\/wp-content\/uploads\/2021\/10\/20200806_185416-e1776247044533.jpg",1200,800,false],"thumbnail":["https:\/\/www.anika-net.de\/wp-content\/uploads\/2021\/10\/20200806_185416-150x150.jpg",150,150,true],"medium":["https:\/\/www.anika-net.de\/wp-content\/uploads\/2021\/10\/20200806_185416-300x200.jpg",300,200,true],"medium_large":["https:\/\/www.anika-net.de\/wp-content\/uploads\/2021\/10\/20200806_185416-768x512.jpg",640,427,true],"large":["https:\/\/www.anika-net.de\/wp-content\/uploads\/2021\/10\/20200806_185416-1024x683.jpg",640,427,true],"1536x1536":["https:\/\/www.anika-net.de\/wp-content\/uploads\/2021\/10\/20200806_185416-e1776247044533.jpg",1200,800,false],"2048x2048":["https:\/\/www.anika-net.de\/wp-content\/uploads\/2021\/10\/20200806_185416-e1776247044533.jpg",1200,800,false],"event-overview":["https:\/\/www.anika-net.de\/wp-content\/uploads\/2021\/10\/20200806_185416-960x640.jpg",960,640,true],"event-archive-thumb":["https:\/\/www.anika-net.de\/wp-content\/uploads\/2021\/10\/20200806_185416-480x320.jpg",480,320,true],"grid-item-thumbnail":["https:\/\/www.anika-net.de\/wp-content\/uploads\/2021\/10\/20200806_185416-360x200.jpg",360,200,true],"network-partner-icon":["https:\/\/www.anika-net.de\/wp-content\/uploads\/2021\/10\/20200806_185416-100x100.jpg",100,100,true],"organiser-icon":["https:\/\/www.anika-net.de\/wp-content\/uploads\/2021\/10\/20200806_185416-200x200.jpg",200,200,true],"gform-image-choice-sm":["https:\/\/www.anika-net.de\/wp-content\/uploads\/2021\/10\/20200806_185416-e1776247044533.jpg",300,200,false],"gform-image-choice-md":["https:\/\/www.anika-net.de\/wp-content\/uploads\/2021\/10\/20200806_185416-e1776247044533.jpg",400,267,false],"gform-image-choice-lg":["https:\/\/www.anika-net.de\/wp-content\/uploads\/2021\/10\/20200806_185416-e1776247044533.jpg",600,400,false]},"uagb_author_info":{"display_name":"Andrea Ramirez","author_link":"https:\/\/www.anika-net.de\/tr\/author\/andrea-ramirez\/"},"uagb_comment_info":0,"uagb_excerpt":"K\u00fc\u00e7\u00fck mode\u00adra\u00adt\u00f6r\u00adl\u00fc grup\u00adlar halin\u00adde bir\u00adlik\u00adte Alman\u00adca konu\u015f\u00adma teklifi Sprech\u00adPunkt - Bir\u00adlik\u00adte Alman\u00adca pra\u00adtik&nbsp;yap\u0131n Alman\u00adca \u00f6\u011fren\u00admek ve pra\u00adtik yap\u00admak isti\u00adyor\u00adsa\u00adn\u0131z, sizi ran\u00adde\u00advu\u00adla\u00adr\u0131\u00adm\u0131\u00adza davet edi\u00adyo\u00adruz. Sprech\u00adPunkt \u00fccret\u00adsiz bir tekliftir.&nbsp; Grup\u00adlar dil sevi\u00adye\u00adsi\u00adne&nbsp;daha fazla okuyun","_links":{"self":[{"href":"https:\/\/www.anika-net.de\/tr\/wp-json\/wp\/v2\/event\/17156","targetHints":{"allow":["GET"]}}],"collection":[{"href":"https:\/\/www.anika-net.de\/tr\/wp-json\/wp\/v2\/event"}],"about":[{"href":"https:\/\/www.anika-net.de\/tr\/wp-json\/wp\/v2\/types\/event"}],"author":[{"embeddable":true,"href":"https:\/\/www.anika-net.de\/tr\/wp-json\/wp\/v2\/users\/12"}],"version-history":[{"count":1,"href":"https:\/\/www.anika-net.de\/tr\/wp-json\/wp\/v2\/event\/17156\/revisions"}],"predecessor-version":[{"id":60536,"href":"https:\/\/www.anika-net.de\/tr\/wp-json\/wp\/v2\/event\/17156\/revisions\/60536"}],"acf:post":[{"embeddable":true,"href":"https:\/\/www.anika-net.de\/tr\/wp-json\/wp\/v2\/organiser\/16249"}],"acf:term":[{"embeddable":true,"taxonomy":"event_category","href":"https:\/\/www.anika-net.de\/tr\/wp-json\/wp\/v2\/event_category\/94"}],"wp:featuredmedia":[{"embeddable":true,"href":"https:\/\/www.anika-net.de\/tr\/wp-json\/wp\/v2\/media\/11113"}],"wp:attachment":[{"href":"https:\/\/www.anika-net.de\/tr\/wp-json\/wp\/v2\/media?parent=17156"}],"curies":[{"name":"wp","href":"https:\/\/api.w.org\/{rel}","templated":true}]}}

Sprech­Punkt — bir­lik­te Alman­ca pra­tik&nbsp;yapın

<h3><span style="color: #666699;">Küçük mode­ra­tör­lü grup­lar halin­de bir­lik­te Alman­ca konuş­ma teklifi</span></h3>
<h1><span style="color: #008080;"><span style="color: #ff6600;">Sprech­Punkt -</span> </span><span style="color: #ff6600;"><strong>Bir­lik­te Alman­ca pra­tik&nbsp;yapın</strong></span></h1>
<p>Alman­ca öğren­mek ve pra­tik yap­mak isti­yor­sa­nız, sizi ran­de­vu­la­rı­mı­za davet edi­yo­ruz. Sprech­Punkt ücret­siz bir tekliftir.&nbsp;</p>
<p>Grup­lar dil sevi­ye­si­ne göre oluşturulmaktadır.<br>
Alman­ca konu­şan gönül­lü­ler sizin­le tanış­mak için sabırsızlanıyor!</p>
<p><em><strong>Kayıt gerek­li değildir!</strong></em></p>
<hr>
<p><span style="color: #666699;">Ana­log ve diji­tal top­lan­tı­la­rı­mız&nbsp;var:</span></p>
<h2><span style="color: #008080;"><strong><em>DİJİTAL PAZARTESİ</em></strong></span></h2>
<p>📆 18:30 — 20:00</p>
<p>Top­lan­tı­lar <strong>Mic­ro­soft Teams</strong> üze­rin­den gerçekleştirilir.<br>
Bağ­lan­tı <strong>ara­cı­lı­ğıy­la:</strong> https://teams.live.com/meet/9334486701936?p=aoq1s0OJBfFGkmvL0G<br>
web tara­yı­cı­sı veya Teams uygu­la­ma­sı ara­cı­lı­ğıy­la katılabilirsiniz.</p>
<h2><span style="color: #333399;"><strong><em>Ana­log PERŞEMBE</em></strong></span></h2>
<p>📆 18:30 — 20.00</p>
<p>İbz­’­de, eğer dışa­rı­da hava güzelse</p>

<p>Küçük mode­ra­tör­lü grup­lar halin­de bir­lik­te Alman­ca konuş­ma tek­li­fi Sprech­Punkt — Bir­lik­te Alman­ca pra­tik&nbsp;yapın Alman­ca öğren­mek ve pra­tik yap­mak isti­yor­sa­nız, sizi ran­de­vu­la­rı­mı­za davet edi­yo­ruz. Sprech­Punkt ücret­siz bir tek­lif­tir.&nbsp; Grup­lar dil sevi­ye­si­ne göre oluş­tu­rul­mak­ta­dır. Alman­ca konu­şan gönül­lü­ler sizin­le tanış­mak için sabır­sız­la­nı­yor! Kayıt gerek­li değil­dir! Ana­log ve diji­tal top­lan­tı­la­rı­mız&nbsp;var: DİJİTAL PAZARTESİ 📆 18:30 — 20:00 Top­lan­tı­lar Mic­ro­soft Teams üze­rin­den ger­çek­leş­ti­ri­lir. Bağ­lan­tı ara­cı­lı­ğıy­la: https://teams.live.com/meet/9334486701936?p=aoq1s0OJBfFGkmvL0G web tara­yı­cı­sı veya Teams uygu­la­ma­sı ara­cı­lı­ğıy­la katı­la­bi­lir­si­niz. Ana­log PERŞEMBE 📆 18:30 — 20.00 İbz­’­de, eğer dışa­rı­da hava güzelse</p>

Küçük mode­ra­tör­lü grup­lar halin­de bir­lik­te Alman­ca konuş­ma teklifi Sprech­Punkt - Bir­lik­te Alman­ca pra­tik&nbsp;yapın Alman­ca öğren­mek ve pra­tik yap­mak isti­yor­sa­nız, sizi ran­de­vu­la­rı­mı­za davet edi­yo­ruz. Sprech­Punkt ücret­siz bir tekliftir.&nbsp; Grup­lar dil sevi­ye­si­ne&nbsp;daha fazla okuyun
