{"id":17064,"date":"2021-11-03T12:10:23","date_gmt":"2021-11-03T11:10:23","guid":{"rendered":"https:\/\/www.anika-net.de\/event\/winterplayroom\/"},"modified":"2022-03-10T21:39:52","modified_gmt":"2022-03-10T20:39:52","slug":"kisplayroom","status":"publish","type":"event","link":"https:\/\/www.anika-net.de\/tr\/event\/kisplayroom\/","title":{"rendered":"k\u0131\u015fP\u00adLAY\u00adRO\u00adOM"},"content":{"rendered":"<p>So\u011fuk mev\u00adsim\u00adde, \u00e7ocuk\u00adla\u00adr\u0131n ev d\u0131\u015f\u0131n\u00adda oyna\u00adma\u00ads\u0131 i\u00e7in daha az f\u0131r\u00adsat var\u00add\u0131r. Sal\u00adg\u0131n nede\u00adniy\u00adle ara ver\u00addik\u00adten son\u00adra, \u201cKita-Eins\u00adti\u00adeg: Erken E\u011fi\u00adtim\u00adde K\u00f6p\u00adr\u00fc\u00adler \u0130n\u015fa Et\u201d fede\u00adral prog\u00adra\u00adm\u0131\u00adn\u0131n Karls\u00adru\u00adhe eki\u00adbi <strong>8 Kas\u0131m 2021\u2019den iti\u00adba\u00adren yeni\u00adden SPIELZIMMER k\u0131\u015f\u0131\u00adn\u0131 d\u00fczen\u00adli\u00adyor.<\/strong> \u00c7ocuk\u00adlar ora\u00adda ebe\u00adveyn\u00adle\u00adriy\u00adle ve bir\u00adbir\u00adle\u00adriy\u00adle oyna\u00adya\u00adbi\u00adlir\u00adler. Ebe\u00adveyn\u00adler bura\u00adda di\u011fer ebe\u00adveyn\u00adler\u00adle tan\u0131\u00ad\u015f\u0131r ve ile\u00adti\u00ad\u015fim kura\u00adbi\u00adlir ve fikir al\u0131\u015f\u00adve\u00adri\u00ad\u015fin\u00adde bulu\u00adna\u00adbi\u00adlir. Bu s\u00fcre zar\u00adf\u0131n\u00adda, \u201cKita-Eins\u00adti\u00adeg\u201d uzman\u00adla\u00adr\u0131 size <strong>\u00e7ocuk g\u00fcn\u00add\u00fcz bak\u0131\u00adm\u0131 ola\u00adnak\u00adla\u00adr\u0131 hak\u00adk\u0131n\u00adda tav\u00adsi\u00adye\u00adler\u00adde bulunacakt\u0131r.<\/strong><\/p>\n<p>&nbsp;<\/p>\n<p><strong>Kuzey kasa\u00adba\u00ads\u0131 k\u0131\u015f oyun&nbsp;odas\u0131:<\/strong><br>\n8 Kas\u0131m 2021 \u2014 28 Mart 2022 Pazartesi<br>\nKre\u015f, Rho\u00adde-Island-Allee, 76149 Karlsruhe<br>\n9:30 \u2014 11:30<\/p>\n<p>Tele\u00adfon: 0151 11413992<br>\nE\u2011posta: brueckenbauen@sjb.karlsruhe.de<\/p>\n<p>Nords\u00adtadt: <a href=\"https:\/\/www.anika-net.de\/wp-content\/uploads\/2021\/11\/211025_A4_Plakat_Winterspielzimmer_Nordstadt.pdf\" target=\"_blank\" rel=\"noopener\">afi\u015f<\/a> \u2014 <a href=\"https:\/\/www.anika-net.de\/wp-content\/uploads\/2021\/11\/211025_Karte_Winterspielzimmer_Nordstadt.pdf\" target=\"_blank\" rel=\"noopener\">hari\u00adta<\/a><\/p>\n<p>&nbsp;<\/p>\n<p><strong>K\u0131\u015f oyun oda\u00ads\u0131 g\u00fcney kasabas\u0131:<\/strong><br>\n9 Kas\u0131m 2021 Sal\u0131 \u2014 29 Mart&nbsp;2022<br>\n9:30 \u2014 11:30<br>\n\u00c7ocuk ve gen\u00e7\u00adlik mer\u00adke\u00adzi, Augar\u00adtenst\u00adras\u00adse 21, 76137 Karlsruhe<\/p>\n<p>Tele\u00adfon: 0177 2881128 ve 0171 1845349<br>\nE\u2011posta: brueckenbauen@allerheiligen-ka.de,<br>\nsilke.teltscher@reha-suedwest.de<\/p>\n<p>S\u00fcds\u00adtadt: <a href=\"https:\/\/www.anika-net.de\/wp-content\/uploads\/2021\/11\/211025_A4_Plakat_Winterspielzimmer_Suedstadt.pdf\" target=\"_blank\" rel=\"noopener\">Pos\u00adter<\/a> \u2014 <a href=\"https:\/\/www.anika-net.de\/wp-content\/uploads\/2021\/11\/211025_Karte_Winterspielzimmer_Suedstadt.pdf\" target=\"_blank\" rel=\"noopener\">Hari\u00adta<\/a><\/p>\n","protected":false},"author":12,"featured_media":11147,"template":"","class_list":["post-17064","event","type-event","status-publish","has-post-thumbnail","hentry"],"acf":{"event-recurring":true,"event-category":false,"event-is-language-course":false,"event-recurring-still-active":true,"event-display-details":true,"event-schedules-recurring":null,"event-schedules-calendar":null,"event-is-online":false,"event-online-url":"","event-location-building":"","event-location-street":"","event-location-zip":"","event-location-city":"","event-location-contact-person":"","event-location-phone":"","event-location-phone-2":"","event-location-mail":"","event-location-mail-2":"","event-location-website":"","event-target-group":[{"target-group":""}],"event-target-group-comment":"1 ila 6 ya\u015f aras\u0131 \u00e7ocuklar i\u00e7in","event-free":true,"event-organiser":7217,"event-header-copyright-overlay":false,"event-copyright-note-description-end":true},"featured_image_urls_v2":{"full":["https:\/\/www.anika-net.de\/wp-content\/uploads\/2021\/10\/kindergarten-gbc81269f0_1280.jpg",1280,853,false],"thumbnail":["https:\/\/www.anika-net.de\/wp-content\/uploads\/2021\/10\/kindergarten-gbc81269f0_1280-150x150.jpg",150,150,true],"medium":["https:\/\/www.anika-net.de\/wp-content\/uploads\/2021\/10\/kindergarten-gbc81269f0_1280-300x200.jpg",300,200,true],"medium_large":["https:\/\/www.anika-net.de\/wp-content\/uploads\/2021\/10\/kindergarten-gbc81269f0_1280-768x512.jpg",640,427,true],"large":["https:\/\/www.anika-net.de\/wp-content\/uploads\/2021\/10\/kindergarten-gbc81269f0_1280-1024x682.jpg",640,426,true],"1536x1536":["https:\/\/www.anika-net.de\/wp-content\/uploads\/2021\/10\/kindergarten-gbc81269f0_1280.jpg",1280,853,false],"2048x2048":["https:\/\/www.anika-net.de\/wp-content\/uploads\/2021\/10\/kindergarten-gbc81269f0_1280.jpg",1280,853,false],"event-overview":["https:\/\/www.anika-net.de\/wp-content\/uploads\/2021\/10\/kindergarten-gbc81269f0_1280-960x640.jpg",960,640,true],"event-archive-thumb":["https:\/\/www.anika-net.de\/wp-content\/uploads\/2021\/10\/kindergarten-gbc81269f0_1280-480x320.jpg",480,320,true],"grid-item-thumbnail":["https:\/\/www.anika-net.de\/wp-content\/uploads\/2021\/10\/kindergarten-gbc81269f0_1280-360x200.jpg",360,200,true],"network-partner-icon":["https:\/\/www.anika-net.de\/wp-content\/uploads\/2021\/10\/kindergarten-gbc81269f0_1280-100x100.jpg",100,100,true],"organiser-icon":["https:\/\/www.anika-net.de\/wp-content\/uploads\/2021\/10\/kindergarten-gbc81269f0_1280-200x200.jpg",200,200,true],"gform-image-choice-sm":["https:\/\/www.anika-net.de\/wp-content\/uploads\/2021\/10\/kindergarten-gbc81269f0_1280.jpg",300,200,false],"gform-image-choice-md":["https:\/\/www.anika-net.de\/wp-content\/uploads\/2021\/10\/kindergarten-gbc81269f0_1280.jpg",400,267,false],"gform-image-choice-lg":["https:\/\/www.anika-net.de\/wp-content\/uploads\/2021\/10\/kindergarten-gbc81269f0_1280.jpg",600,400,false]},"post_excerpt_stackable_v2":"<p>So\u011fuk mev\u00adsim\u00adde, \u00e7ocuk\u00adla\u00adr\u0131n ev d\u0131\u015f\u0131n\u00adda oyna\u00adma\u00ads\u0131 i\u00e7in daha az f\u0131r\u00adsat var\u00add\u0131r. Sal\u00adg\u0131n nede\u00adniy\u00adle ara ver\u00addik\u00adten son\u00adra, \u201cKita-Ein\u00ads\u00ad\u00ad\u00adti\u00ad\u00adeg: Erken E\u011fi\u00adtim\u00adde K\u00f6p\u00adr\u00fc\u00adler \u0130n\u015fa Et\u201d fede\u00adral prog\u00adra\u00adm\u0131\u00adn\u0131n Karls\u00adru\u00adhe eki\u00adbi 8 Kas\u0131m 2021\u2019den iti\u00adba\u00adren yeni\u00adden SPIELZIMMER k\u0131\u015f\u0131\u00adn\u0131 d\u00fczen\u00adli\u00adyor. \u00c7ocuk\u00adlar ora\u00adda ebe\u00adveyn\u00adle\u00adriy\u00adle ve bir\u00adbir\u00adle\u00adriy\u00adle oyna\u00adya\u00adbi\u00adlir\u00adler. Ebe\u00adveyn\u00adler bura\u00adda di\u011fer ebe\u00adveyn\u00adler\u00adle tan\u0131\u00ad\u015f\u0131r ve ile\u00adti\u00ad\u015fim kura\u00adbi\u00adlir ve fikir al\u0131\u015f\u00adve\u00adri\u00ad\u015fin\u00adde bulu\u00adna\u00adbi\u00adlir. Bu s\u00fcre zar\u00adf\u0131n\u00adda, \u201cKita-Ein\u00ads\u00ad\u00ad\u00adti\u00ad\u00adeg\u201d uzman\u00adla\u00adr\u0131 size \u00e7ocuk g\u00fcn\u00add\u00fcz bak\u0131\u00adm\u0131 ola\u00adnak\u00adla\u00adr\u0131 hak\u00adk\u0131n\u00adda tav\u00adsi\u00adye\u00adler\u00adde bulu\u00adna\u00adcak\u00adt\u0131r. &nbsp; Kuzey kasa\u00adba\u00ads\u0131 k\u0131\u015f oyun&nbsp;oda\u00ads\u0131: 8 Kas\u0131m 2021 \u2014 28 Mart 2022 Pazar\u00adte\u00adsi Kre\u015f, Rho\u00ad\u00ad\u00adde-Island-Allee, 76149 Karls\u00adru\u00adhe 9:30 \u2014 11:30 Tele\u00adfon: 0151 11413992 E\u2011posta: brueckenbauen@sjb.karlsruhe.de Nords\u00adtadt: afi\u015f \u2014 hari\u00adta &nbsp; K\u0131\u015f oyun oda\u00ads\u0131 g\u00fcney kasabas\u0131:\u2026<\/p>\n","category_list_v2":"","author_info_v2":{"name":"Andrea Ramirez","url":"https:\/\/www.anika-net.de\/tr\/author\/andrea-ramirez\/"},"comments_num_v2":"0 comments","uagb_featured_image_src":{"full":["https:\/\/www.anika-net.de\/wp-content\/uploads\/2021\/10\/kindergarten-gbc81269f0_1280.jpg",1280,853,false],"thumbnail":["https:\/\/www.anika-net.de\/wp-content\/uploads\/2021\/10\/kindergarten-gbc81269f0_1280-150x150.jpg",150,150,true],"medium":["https:\/\/www.anika-net.de\/wp-content\/uploads\/2021\/10\/kindergarten-gbc81269f0_1280-300x200.jpg",300,200,true],"medium_large":["https:\/\/www.anika-net.de\/wp-content\/uploads\/2021\/10\/kindergarten-gbc81269f0_1280-768x512.jpg",640,427,true],"large":["https:\/\/www.anika-net.de\/wp-content\/uploads\/2021\/10\/kindergarten-gbc81269f0_1280-1024x682.jpg",640,426,true],"1536x1536":["https:\/\/www.anika-net.de\/wp-content\/uploads\/2021\/10\/kindergarten-gbc81269f0_1280.jpg",1280,853,false],"2048x2048":["https:\/\/www.anika-net.de\/wp-content\/uploads\/2021\/10\/kindergarten-gbc81269f0_1280.jpg",1280,853,false],"event-overview":["https:\/\/www.anika-net.de\/wp-content\/uploads\/2021\/10\/kindergarten-gbc81269f0_1280-960x640.jpg",960,640,true],"event-archive-thumb":["https:\/\/www.anika-net.de\/wp-content\/uploads\/2021\/10\/kindergarten-gbc81269f0_1280-480x320.jpg",480,320,true],"grid-item-thumbnail":["https:\/\/www.anika-net.de\/wp-content\/uploads\/2021\/10\/kindergarten-gbc81269f0_1280-360x200.jpg",360,200,true],"network-partner-icon":["https:\/\/www.anika-net.de\/wp-content\/uploads\/2021\/10\/kindergarten-gbc81269f0_1280-100x100.jpg",100,100,true],"organiser-icon":["https:\/\/www.anika-net.de\/wp-content\/uploads\/2021\/10\/kindergarten-gbc81269f0_1280-200x200.jpg",200,200,true],"gform-image-choice-sm":["https:\/\/www.anika-net.de\/wp-content\/uploads\/2021\/10\/kindergarten-gbc81269f0_1280.jpg",300,200,false],"gform-image-choice-md":["https:\/\/www.anika-net.de\/wp-content\/uploads\/2021\/10\/kindergarten-gbc81269f0_1280.jpg",400,267,false],"gform-image-choice-lg":["https:\/\/www.anika-net.de\/wp-content\/uploads\/2021\/10\/kindergarten-gbc81269f0_1280.jpg",600,400,false]},"uagb_author_info":{"display_name":"Andrea Ramirez","author_link":"https:\/\/www.anika-net.de\/tr\/author\/andrea-ramirez\/"},"uagb_comment_info":0,"uagb_excerpt":"So\u011fuk mev\u00adsim\u00adde, \u00e7ocuk\u00adla\u00adr\u0131n ev d\u0131\u015f\u0131n\u00adda oyna\u00adma\u00ads\u0131 i\u00e7in daha az f\u0131r\u00adsat var\u00add\u0131r. Sal\u00adg\u0131n nede\u00adniy\u00adle ara ver\u00addik\u00adten son\u00adra, \u201cKita-Eins\u00adti\u00adeg: Erken E\u011fi\u00adtim\u00adde K\u00f6p\u00adr\u00fc\u00adler \u0130n\u015fa Et\u201d fede\u00adral prog\u00adra\u00adm\u0131\u00adn\u0131n Karls\u00adru\u00adhe eki\u00adbi 8 Kas\u0131m 2021\u2019den iti\u00adba\u00adren&nbsp;daha fazla okuyun","_links":{"self":[{"href":"https:\/\/www.anika-net.de\/tr\/wp-json\/wp\/v2\/event\/17064","targetHints":{"allow":["GET"]}}],"collection":[{"href":"https:\/\/www.anika-net.de\/tr\/wp-json\/wp\/v2\/event"}],"about":[{"href":"https:\/\/www.anika-net.de\/tr\/wp-json\/wp\/v2\/types\/event"}],"author":[{"embeddable":true,"href":"https:\/\/www.anika-net.de\/tr\/wp-json\/wp\/v2\/users\/12"}],"version-history":[{"count":0,"href":"https:\/\/www.anika-net.de\/tr\/wp-json\/wp\/v2\/event\/17064\/revisions"}],"acf:post":[{"embeddable":true,"href":"https:\/\/www.anika-net.de\/tr\/wp-json\/wp\/v2\/organiser\/7217"}],"wp:featuredmedia":[{"embeddable":true,"href":"https:\/\/www.anika-net.de\/tr\/wp-json\/wp\/v2\/media\/11147"}],"wp:attachment":[{"href":"https:\/\/www.anika-net.de\/tr\/wp-json\/wp\/v2\/media?parent=17064"}],"curies":[{"name":"wp","href":"https:\/\/api.w.org\/{rel}","templated":true}]}}

kışP­LAY­RO­OM

<p>Soğuk mev­sim­de, çocuk­la­rın ev dışın­da oyna­ma­sı için daha az fır­sat var­dır. Sal­gın nede­niy­le ara ver­dik­ten son­ra, “Kita-Eins­ti­eg: Erken Eği­tim­de Köp­rü­ler İnşa Et” fede­ral prog­ra­mı­nın Karls­ru­he eki­bi <strong>8 Kasım 2021’den iti­ba­ren yeni­den SPIELZIMMER kışı­nı düzen­li­yor.</strong> Çocuk­lar ora­da ebe­veyn­le­riy­le ve bir­bir­le­riy­le oyna­ya­bi­lir­ler. Ebe­veyn­ler bura­da diğer ebe­veyn­ler­le tanı­şır ve ile­ti­şim kura­bi­lir ve fikir alış­ve­ri­şin­de bulu­na­bi­lir. Bu süre zar­fın­da, “Kita-Eins­ti­eg” uzman­la­rı size <strong>çocuk gün­düz bakı­mı ola­nak­la­rı hak­kın­da tav­si­ye­ler­de bulunacaktır.</strong></p>
<p>&nbsp;</p>
<p><strong>Kuzey kasa­ba­sı kış oyun&nbsp;odası:</strong><br>
8 Kasım 2021 — 28 Mart 2022 Pazartesi<br>
Kreş, Rho­de-Island-Allee, 76149 Karlsruhe<br>
9:30 — 11:30</p>
<p>Tele­fon: 0151 11413992<br>
E‑posta: brueckenbauen@sjb.karlsruhe.de</p>
<p>Nords­tadt: <a href="https://www.anika-net.de/wp-content/uploads/2021/11/211025_A4_Plakat_Winterspielzimmer_Nordstadt.pdf" target="_blank" rel="noopener">afiş</a> — <a href="https://www.anika-net.de/wp-content/uploads/2021/11/211025_Karte_Winterspielzimmer_Nordstadt.pdf" target="_blank" rel="noopener">hari­ta</a></p>
<p>&nbsp;</p>
<p><strong>Kış oyun oda­sı güney kasabası:</strong><br>
9 Kasım 2021 Salı — 29 Mart&nbsp;2022<br>
9:30 — 11:30<br>
Çocuk ve genç­lik mer­ke­zi, Augar­tenst­ras­se 21, 76137 Karlsruhe</p>
<p>Tele­fon: 0177 2881128 ve 0171 1845349<br>
E‑posta: brueckenbauen@allerheiligen-ka.de,<br>
silke.teltscher@reha-suedwest.de</p>
<p>Süds­tadt: <a href="https://www.anika-net.de/wp-content/uploads/2021/11/211025_A4_Plakat_Winterspielzimmer_Suedstadt.pdf" target="_blank" rel="noopener">Pos­ter</a> — <a href="https://www.anika-net.de/wp-content/uploads/2021/11/211025_Karte_Winterspielzimmer_Suedstadt.pdf" target="_blank" rel="noopener">Hari­ta</a></p>

1 ila 6 yaş arası çocuklar için

<p>Soğuk mev­sim­de, çocuk­la­rın ev dışın­da oyna­ma­sı için daha az fır­sat var­dır. Sal­gın nede­niy­le ara ver­dik­ten son­ra, “Kita-Ein­s­­­ti­­eg: Erken Eği­tim­de Köp­rü­ler İnşa Et” fede­ral prog­ra­mı­nın Karls­ru­he eki­bi 8 Kasım 2021’den iti­ba­ren yeni­den SPIELZIMMER kışı­nı düzen­li­yor. Çocuk­lar ora­da ebe­veyn­le­riy­le ve bir­bir­le­riy­le oyna­ya­bi­lir­ler. Ebe­veyn­ler bura­da diğer ebe­veyn­ler­le tanı­şır ve ile­ti­şim kura­bi­lir ve fikir alış­ve­ri­şin­de bulu­na­bi­lir. Bu süre zar­fın­da, “Kita-Ein­s­­­ti­­eg” uzman­la­rı size çocuk gün­düz bakı­mı ola­nak­la­rı hak­kın­da tav­si­ye­ler­de bulu­na­cak­tır. &nbsp; Kuzey kasa­ba­sı kış oyun&nbsp;oda­sı: 8 Kasım 2021 — 28 Mart 2022 Pazar­te­si Kreş, Rho­­­de-Island-Allee, 76149 Karls­ru­he 9:30 — 11:30 Tele­fon: 0151 11413992 E‑posta: brueckenbauen@sjb.karlsruhe.de Nords­tadt: afiş — hari­ta &nbsp; Kış oyun oda­sı güney kasabası:…</p>

Soğuk mev­sim­de, çocuk­la­rın ev dışın­da oyna­ma­sı için daha az fır­sat var­dır. Sal­gın nede­niy­le ara ver­dik­ten son­ra, “Kita-Eins­ti­eg: Erken Eği­tim­de Köp­rü­ler İnşa Et” fede­ral prog­ra­mı­nın Karls­ru­he eki­bi 8 Kasım 2021’den iti­ba­ren&nbsp;daha fazla okuyun
