{"id":17015,"date":"2020-07-28T12:20:21","date_gmt":"2020-07-28T10:20:21","guid":{"rendered":"https:\/\/www.anika-net.de\/event\/fairtrade-city-karlsruhe\/"},"modified":"2022-03-20T14:20:41","modified_gmt":"2022-03-20T13:20:41","slug":"adil-ticaret-sehri-karlsruhe","status":"publish","type":"event","link":"https:\/\/www.anika-net.de\/tr\/event\/adil-ticaret-sehri-karlsruhe\/","title":{"rendered":"Adil Tica\u00adret \u015eeh\u00adri Karlsruhe"},"content":{"rendered":"<p><strong>Adil Tica\u00adret Taahh\u00fcd\u00fc<\/strong><\/p>\n<p>Adil Tica\u00adret \u015eeh\u00adri Karls\u00adru\u00adhe\u00ad\u2019\u00adnin arka\u00ads\u0131n\u00adda Adil Tica\u00adret \u00fcr\u00fcn\u00adle\u00adri sat\u0131n alan, insan\u00adla\u00adr\u0131 Adil Tica\u00adret hak\u00adk\u0131n\u00adda bil\u00adgi\u00adlen\u00addi\u00adren, ba\u015f\u00adka\u00adla\u00adr\u0131\u00adna bu konu\u00adda bil\u00adgi veren ve World Shop, Agen\u00adda 21 Karls\u00adru\u00adhe eV ve konuy\u00adla ilgi\u00adli di\u011fer giri\u00ad\u015fim\u00adle\u00adre kat\u0131\u00adlan t\u00fcm insan\u00adlar var. Onla\u00adr\u0131 tan\u0131\u00admak i\u00e7in en iyi zaman, Karls\u00adru\u00adhe\u00ad\u2019\u00adnin Fair Week\u00ad\u2019in \u00fclke \u00e7ap\u0131n\u00adda\u00adki kam\u00adpan\u00adya d\u00f6ne\u00admin\u00adde \u00e7e\u015fit\u00adli bir prog\u00adram\u00adla kat\u0131l\u00add\u0131\u00ad\u011f\u0131 her y\u0131l Eyl\u00fcl ve Ekim ayla\u00adr\u0131\u00add\u0131r. D\u00fcn\u00adya ma\u011fa\u00adza\u00ads\u0131n\u00adda al\u0131\u015f\u00adve\u00adri\u015f yapa\u00adrak veya say\u0131\u00ads\u0131z giri\u00ad\u015fi\u00admi ziya\u00adret ede\u00adrek, \u00fcre\u00adti\u00adci\u00adle\u00adre des\u00adtek olma ve y\u0131l boyun\u00adca One World grup\u00adla\u00adr\u0131\u00adn\u0131n akt\u00f6r\u00adle\u00adriy\u00adle a\u011f kur\u00adma f\u0131r\u00adsa\u00adt\u0131\u00adna sahipsiniz.<\/p>\n","protected":false},"author":12,"featured_media":38801,"template":"","class_list":["post-17015","event","type-event","status-publish","has-post-thumbnail","hentry","event_category-bos-vakit"],"acf":{"event-recurring":true,"event-category":97,"event-is-language-course":false,"event-recurring-still-active":true,"event-display-details":true,"event-schedules-recurring":null,"event-schedules-calendar":null,"event-is-online":false,"event-online-url":"","event-location-building":"Stadt Karlsruhe, Umwelt- und Arbeitsschutz","event-location-street":"Markgrafenstra\u00dfe 14","event-location-zip":"76131","event-location-city":"Karlsruhe","event-location-contact-person":"Susanne Gerner","event-location-phone":"0721\/133 3101","event-location-phone-2":"","event-location-mail":"umwelt-arbeitsschutz@karlsruhe.de","event-location-mail-2":"","event-location-website":"https:\/\/www.karlsruhe.de\/fair","event-target-group":[{"target-group":"all"}],"event-target-group-comment":"","event-free":true,"event-organiser":[16486],"event-header-copyright-overlay":true,"event-copyright-note-description-end":true},"featured_image_urls_v2":{"full":["https:\/\/www.anika-net.de\/wp-content\/uploads\/2020\/07\/Fairtrade_Aufkleber_2015_DIN-A3_page-0001.jpg",2481,1754,false],"thumbnail":["https:\/\/www.anika-net.de\/wp-content\/uploads\/2020\/07\/Fairtrade_Aufkleber_2015_DIN-A3_page-0001-150x150.jpg",150,150,true],"medium":["https:\/\/www.anika-net.de\/wp-content\/uploads\/2020\/07\/Fairtrade_Aufkleber_2015_DIN-A3_page-0001-300x212.jpg",300,212,true],"medium_large":["https:\/\/www.anika-net.de\/wp-content\/uploads\/2020\/07\/Fairtrade_Aufkleber_2015_DIN-A3_page-0001-768x543.jpg",640,453,true],"large":["https:\/\/www.anika-net.de\/wp-content\/uploads\/2020\/07\/Fairtrade_Aufkleber_2015_DIN-A3_page-0001-1024x724.jpg",640,453,true],"1536x1536":["https:\/\/www.anika-net.de\/wp-content\/uploads\/2020\/07\/Fairtrade_Aufkleber_2015_DIN-A3_page-0001-1536x1086.jpg",1536,1086,true],"2048x2048":["https:\/\/www.anika-net.de\/wp-content\/uploads\/2020\/07\/Fairtrade_Aufkleber_2015_DIN-A3_page-0001-2048x1448.jpg",2048,1448,true],"event-overview":["https:\/\/www.anika-net.de\/wp-content\/uploads\/2020\/07\/Fairtrade_Aufkleber_2015_DIN-A3_page-0001-960x640.jpg",960,640,true],"event-archive-thumb":["https:\/\/www.anika-net.de\/wp-content\/uploads\/2020\/07\/Fairtrade_Aufkleber_2015_DIN-A3_page-0001-480x339.jpg",480,339,true],"grid-item-thumbnail":["https:\/\/www.anika-net.de\/wp-content\/uploads\/2020\/07\/Fairtrade_Aufkleber_2015_DIN-A3_page-0001-360x200.jpg",360,200,true],"network-partner-icon":["https:\/\/www.anika-net.de\/wp-content\/uploads\/2020\/07\/Fairtrade_Aufkleber_2015_DIN-A3_page-0001-100x100.jpg",100,100,true],"organiser-icon":["https:\/\/www.anika-net.de\/wp-content\/uploads\/2020\/07\/Fairtrade_Aufkleber_2015_DIN-A3_page-0001-200x200.jpg",200,200,true],"gform-image-choice-sm":["https:\/\/www.anika-net.de\/wp-content\/uploads\/2020\/07\/Fairtrade_Aufkleber_2015_DIN-A3_page-0001.jpg",300,212,false],"gform-image-choice-md":["https:\/\/www.anika-net.de\/wp-content\/uploads\/2020\/07\/Fairtrade_Aufkleber_2015_DIN-A3_page-0001.jpg",400,283,false],"gform-image-choice-lg":["https:\/\/www.anika-net.de\/wp-content\/uploads\/2020\/07\/Fairtrade_Aufkleber_2015_DIN-A3_page-0001.jpg",600,424,false]},"post_excerpt_stackable_v2":"<p>Adil Tica\u00adret Taah\u00adh\u00fc\u00add\u00fc Adil Tica\u00adret \u015eeh\u00adri Karls\u00adru\u00adhe\u00ad\u2019\u00adnin arka\u00ads\u0131n\u00adda Adil Tica\u00adret \u00fcr\u00fcn\u00adle\u00adri sat\u0131n alan, insan\u00adla\u00adr\u0131 Adil Tica\u00adret hak\u00adk\u0131n\u00adda bil\u00adgi\u00adlen\u00addi\u00adren, ba\u015f\u00adka\u00adla\u00adr\u0131\u00adna bu konu\u00adda bil\u00adgi veren ve World Shop, Agen\u00adda 21 Karls\u00adru\u00adhe eV ve konuy\u00adla ilgi\u00adli di\u011fer giri\u00ad\u015fim\u00adle\u00adre kat\u0131\u00adlan t\u00fcm insan\u00adlar var. Onla\u00adr\u0131 tan\u0131\u00admak i\u00e7in en iyi zaman, Karls\u00adru\u00adhe\u00ad\u2019\u00adnin Fair Week\u00ad\u2019in \u00fclke \u00e7ap\u0131n\u00adda\u00adki kam\u00adpan\u00adya d\u00f6ne\u00admin\u00adde \u00e7e\u015fit\u00adli bir prog\u00adram\u00adla kat\u0131l\u00add\u0131\u00ad\u011f\u0131 her y\u0131l Eyl\u00fcl ve Ekim ayla\u00adr\u0131\u00add\u0131r. D\u00fcn\u00adya ma\u011fa\u00adza\u00ads\u0131n\u00adda al\u0131\u015f\u00adve\u00adri\u015f yapa\u00adrak veya say\u0131\u00ads\u0131z giri\u00ad\u015fi\u00admi ziya\u00adret ede\u00adrek, \u00fcre\u00adti\u00adci\u00adle\u00adre des\u00adtek olma ve y\u0131l boyun\u00adca One World grup\u00adla\u00adr\u0131\u00adn\u0131n akt\u00f6r\u00adle\u00adriy\u00adle a\u011f kur\u00adma f\u0131r\u00adsa\u00adt\u0131\u00adna sahipsiniz.<\/p>\n","category_list_v2":"","author_info_v2":{"name":"Andrea Ramirez","url":"https:\/\/www.anika-net.de\/tr\/author\/andrea-ramirez\/"},"comments_num_v2":"0 comments","uagb_featured_image_src":{"full":["https:\/\/www.anika-net.de\/wp-content\/uploads\/2020\/07\/Fairtrade_Aufkleber_2015_DIN-A3_page-0001.jpg",2481,1754,false],"thumbnail":["https:\/\/www.anika-net.de\/wp-content\/uploads\/2020\/07\/Fairtrade_Aufkleber_2015_DIN-A3_page-0001-150x150.jpg",150,150,true],"medium":["https:\/\/www.anika-net.de\/wp-content\/uploads\/2020\/07\/Fairtrade_Aufkleber_2015_DIN-A3_page-0001-300x212.jpg",300,212,true],"medium_large":["https:\/\/www.anika-net.de\/wp-content\/uploads\/2020\/07\/Fairtrade_Aufkleber_2015_DIN-A3_page-0001-768x543.jpg",640,453,true],"large":["https:\/\/www.anika-net.de\/wp-content\/uploads\/2020\/07\/Fairtrade_Aufkleber_2015_DIN-A3_page-0001-1024x724.jpg",640,453,true],"1536x1536":["https:\/\/www.anika-net.de\/wp-content\/uploads\/2020\/07\/Fairtrade_Aufkleber_2015_DIN-A3_page-0001-1536x1086.jpg",1536,1086,true],"2048x2048":["https:\/\/www.anika-net.de\/wp-content\/uploads\/2020\/07\/Fairtrade_Aufkleber_2015_DIN-A3_page-0001-2048x1448.jpg",2048,1448,true],"event-overview":["https:\/\/www.anika-net.de\/wp-content\/uploads\/2020\/07\/Fairtrade_Aufkleber_2015_DIN-A3_page-0001-960x640.jpg",960,640,true],"event-archive-thumb":["https:\/\/www.anika-net.de\/wp-content\/uploads\/2020\/07\/Fairtrade_Aufkleber_2015_DIN-A3_page-0001-480x339.jpg",480,339,true],"grid-item-thumbnail":["https:\/\/www.anika-net.de\/wp-content\/uploads\/2020\/07\/Fairtrade_Aufkleber_2015_DIN-A3_page-0001-360x200.jpg",360,200,true],"network-partner-icon":["https:\/\/www.anika-net.de\/wp-content\/uploads\/2020\/07\/Fairtrade_Aufkleber_2015_DIN-A3_page-0001-100x100.jpg",100,100,true],"organiser-icon":["https:\/\/www.anika-net.de\/wp-content\/uploads\/2020\/07\/Fairtrade_Aufkleber_2015_DIN-A3_page-0001-200x200.jpg",200,200,true],"gform-image-choice-sm":["https:\/\/www.anika-net.de\/wp-content\/uploads\/2020\/07\/Fairtrade_Aufkleber_2015_DIN-A3_page-0001.jpg",300,212,false],"gform-image-choice-md":["https:\/\/www.anika-net.de\/wp-content\/uploads\/2020\/07\/Fairtrade_Aufkleber_2015_DIN-A3_page-0001.jpg",400,283,false],"gform-image-choice-lg":["https:\/\/www.anika-net.de\/wp-content\/uploads\/2020\/07\/Fairtrade_Aufkleber_2015_DIN-A3_page-0001.jpg",600,424,false]},"uagb_author_info":{"display_name":"Andrea Ramirez","author_link":"https:\/\/www.anika-net.de\/tr\/author\/andrea-ramirez\/"},"uagb_comment_info":0,"uagb_excerpt":"Adil Tica\u00adret Taahh\u00fcd\u00fc Adil Tica\u00adret \u015eeh\u00adri Karls\u00adru\u00adhe\u00ad\u2019\u00adnin arka\u00ads\u0131n\u00adda Adil Tica\u00adret \u00fcr\u00fcn\u00adle\u00adri sat\u0131n alan, insan\u00adla\u00adr\u0131 Adil Tica\u00adret hak\u00adk\u0131n\u00adda bil\u00adgi\u00adlen\u00addi\u00adren, ba\u015f\u00adka\u00adla\u00adr\u0131\u00adna bu konu\u00adda bil\u00adgi veren ve World Shop, Agen\u00adda 21 Karls\u00adru\u00adhe eV&nbsp;daha fazla okuyun","_links":{"self":[{"href":"https:\/\/www.anika-net.de\/tr\/wp-json\/wp\/v2\/event\/17015","targetHints":{"allow":["GET"]}}],"collection":[{"href":"https:\/\/www.anika-net.de\/tr\/wp-json\/wp\/v2\/event"}],"about":[{"href":"https:\/\/www.anika-net.de\/tr\/wp-json\/wp\/v2\/types\/event"}],"author":[{"embeddable":true,"href":"https:\/\/www.anika-net.de\/tr\/wp-json\/wp\/v2\/users\/12"}],"version-history":[{"count":0,"href":"https:\/\/www.anika-net.de\/tr\/wp-json\/wp\/v2\/event\/17015\/revisions"}],"acf:post":[{"embeddable":true,"href":"https:\/\/www.anika-net.de\/tr\/wp-json\/wp\/v2\/organiser\/16486"}],"acf:term":[{"embeddable":true,"taxonomy":"event_category","href":"https:\/\/www.anika-net.de\/tr\/wp-json\/wp\/v2\/event_category\/97"}],"wp:featuredmedia":[{"embeddable":true,"href":"https:\/\/www.anika-net.de\/tr\/wp-json\/wp\/v2\/media\/38801"}],"wp:attachment":[{"href":"https:\/\/www.anika-net.de\/tr\/wp-json\/wp\/v2\/media?parent=17015"}],"curies":[{"name":"wp","href":"https:\/\/api.w.org\/{rel}","templated":true}]}}

Adil Tica­ret Şeh­ri Karlsruhe

<p><strong>Adil Tica­ret Taahhüdü</strong></p>
<p>Adil Tica­ret Şeh­ri Karls­ru­he­’­nin arka­sın­da Adil Tica­ret ürün­le­ri satın alan, insan­la­rı Adil Tica­ret hak­kın­da bil­gi­len­di­ren, baş­ka­la­rı­na bu konu­da bil­gi veren ve World Shop, Agen­da 21 Karls­ru­he eV ve konuy­la ilgi­li diğer giri­şim­le­re katı­lan tüm insan­lar var. Onla­rı tanı­mak için en iyi zaman, Karls­ru­he­’­nin Fair Week­’in ülke çapın­da­ki kam­pan­ya döne­min­de çeşit­li bir prog­ram­la katıl­dı­ğı her yıl Eylül ve Ekim ayla­rı­dır. Dün­ya mağa­za­sın­da alış­ve­riş yapa­rak veya sayı­sız giri­şi­mi ziya­ret ede­rek, üre­ti­ci­le­re des­tek olma ve yıl boyun­ca One World grup­la­rı­nın aktör­le­riy­le ağ kur­ma fır­sa­tı­na sahipsiniz.</p>

Markgrafenstraße 14

<p>Adil Tica­ret Taah­hü­dü Adil Tica­ret Şeh­ri Karls­ru­he­’­nin arka­sın­da Adil Tica­ret ürün­le­ri satın alan, insan­la­rı Adil Tica­ret hak­kın­da bil­gi­len­di­ren, baş­ka­la­rı­na bu konu­da bil­gi veren ve World Shop, Agen­da 21 Karls­ru­he eV ve konuy­la ilgi­li diğer giri­şim­le­re katı­lan tüm insan­lar var. Onla­rı tanı­mak için en iyi zaman, Karls­ru­he­’­nin Fair Week­’in ülke çapın­da­ki kam­pan­ya döne­min­de çeşit­li bir prog­ram­la katıl­dı­ğı her yıl Eylül ve Ekim ayla­rı­dır. Dün­ya mağa­za­sın­da alış­ve­riş yapa­rak veya sayı­sız giri­şi­mi ziya­ret ede­rek, üre­ti­ci­le­re des­tek olma ve yıl boyun­ca One World grup­la­rı­nın aktör­le­riy­le ağ kur­ma fır­sa­tı­na sahipsiniz.</p>

Adil Tica­ret Taahhüdü Adil Tica­ret Şeh­ri Karls­ru­he­’­nin arka­sın­da Adil Tica­ret ürün­le­ri satın alan, insan­la­rı Adil Tica­ret hak­kın­da bil­gi­len­di­ren, baş­ka­la­rı­na bu konu­da bil­gi veren ve World Shop, Agen­da 21 Karls­ru­he eV&nbsp;daha fazla okuyun
