{"id":17003,"date":"2020-07-28T12:28:19","date_gmt":"2020-07-28T10:28:19","guid":{"rendered":"https:\/\/www.anika-net.de\/event\/karlsruhe-nub-network\/"},"modified":"2022-03-10T21:20:50","modified_gmt":"2022-03-10T20:20:50","slug":"karlsruhe-nub-agi","status":"publish","type":"event","link":"https:\/\/www.anika-net.de\/tr\/event\/karlsruhe-nub-agi\/","title":{"rendered":"Karls\u00adru\u00adhe NUB&nbsp;A\u011f\u0131"},"content":{"rendered":"<p><strong>Do\u011fa\u00ady\u0131 ve \u00e7ev\u00adre\u00adyi bir\u00adlik\u00adte ke\u015ffetmek<\/strong><\/p>\n<p>Karls\u00adru\u00adhe\u00ad\u2019\u00adde\u00adki do\u011fa ve \u00e7ev\u00adre e\u011fi\u00adti\u00admi akt\u00f6r\u00adle\u00adri, \u00e7e\u015fit\u00adli prog\u00adram tek\u00adlif\u00adle\u00adriy\u00adle insan\u00adla\u00adr\u0131 do\u011fa i\u00e7in ve s\u00fcr\u00add\u00fc\u00adr\u00fc\u00adle\u00adbi\u00adlir bir ya\u015fam tar\u00adz\u0131 i\u00e7in kazan\u00adma\u00ady\u0131, bil\u00adgi ve anla\u00ady\u0131\u00ad\u015f\u0131 geli\u015f\u00adtir\u00adme\u00adnin yan\u0131 s\u0131ra do\u011fa\u00adn\u0131n ve do\u011fa\u00adn\u0131n korun\u00adma\u00ads\u0131\u00adna olan ba\u011f\u00adl\u0131\u00adl\u0131k\u00adla\u00adr\u0131\u00adn\u0131 te\u015f\u00advik etme\u00adyi g\u00f6rev edin\u00addi\u00adler.&nbsp;\u00c7evre.<br>\nKarls\u00adru\u00adhe Do\u011fa ve \u00c7ev\u00adre E\u011fi\u00adti\u00admi A\u011f\u0131\u00ad\u2019\u00adn\u0131n kurul\u00adma\u00ads\u0131, i\u015fbir\u00adli\u00ad\u011fi ortak\u00adla\u00adr\u0131 tara\u00adf\u0131n\u00addan sunu\u00adlan \u00e7e\u015fit\u00adli e\u011fi\u00adtim ve dene\u00adyim\u00adsel prog\u00adram\u00adlar i\u00e7in bil\u00adgi\u00adle\u00adri mer\u00adke\u00adzi bir plat\u00adform\u00adda bir\u00adle\u015f\u00adtir\u00adme\u00adyi m\u00fcm\u00adk\u00fcn k\u0131l\u00add\u0131. Bura\u00adda Karls\u00adru\u00adhe\u00ad\u2019\u00adde\u00adki \u00e7e\u015fit\u00adli tek\u00adlif\u00adler hak\u00adk\u0131n\u00adda geni\u015f bir genel bak\u0131\u015f bulacaks\u0131n\u0131z.<\/p>\n","protected":false},"author":12,"featured_media":8757,"template":"","class_list":["post-17003","event","type-event","status-publish","has-post-thumbnail","hentry","event_category-egitim"],"acf":{"event-recurring":true,"event-category":94,"event-is-language-course":false,"event-recurring-still-active":true,"event-display-details":true,"event-schedules-recurring":null,"event-schedules-calendar":null,"event-is-online":false,"event-online-url":"","event-location-building":"Karlsruher Netzwerk f\u00fcr Natur- und Umweltbildung, c\/o Umwelt- und Arbeitsschutz der Stadt Karlsruhe","event-location-street":"Umwelt\u00adp\u00e4d\u00adago\u00adgik","event-location-zip":"76131","event-location-city":"Karlsruhe","event-location-contact-person":"Susanne Gerner","event-location-phone":"0721\/133 3101","event-location-phone-2":"","event-location-mail":"nubnetzwerk@karlsruhe.de","event-location-mail-2":"","event-location-website":"https:\/\/www.karlsruhe.de\/b3\/natur_und_umwelt\/nubnetzwerk\/netzwerk","event-target-group":[{"target-group":"all"}],"event-target-group-comment":"","event-free":true,"event-organiser":[16486],"event-header-copyright-overlay":true,"event-copyright-note-description-end":false},"featured_image_urls_v2":{"full":["https:\/\/www.anika-net.de\/wp-content\/uploads\/2021\/10\/NUB-1.png",1202,800,false],"thumbnail":["https:\/\/www.anika-net.de\/wp-content\/uploads\/2021\/10\/NUB-1-150x150.png",150,150,true],"medium":["https:\/\/www.anika-net.de\/wp-content\/uploads\/2021\/10\/NUB-1-300x200.png",300,200,true],"medium_large":["https:\/\/www.anika-net.de\/wp-content\/uploads\/2021\/10\/NUB-1-768x511.png",640,426,true],"large":["https:\/\/www.anika-net.de\/wp-content\/uploads\/2021\/10\/NUB-1-1024x682.png",640,426,true],"1536x1536":["https:\/\/www.anika-net.de\/wp-content\/uploads\/2021\/10\/NUB-1.png",1202,800,false],"2048x2048":["https:\/\/www.anika-net.de\/wp-content\/uploads\/2021\/10\/NUB-1.png",1202,800,false],"event-overview":["https:\/\/www.anika-net.de\/wp-content\/uploads\/2021\/10\/NUB-1-960x640.png",960,640,true],"event-archive-thumb":["https:\/\/www.anika-net.de\/wp-content\/uploads\/2021\/10\/NUB-1-480x319.png",480,319,true],"grid-item-thumbnail":["https:\/\/www.anika-net.de\/wp-content\/uploads\/2021\/10\/NUB-1-360x200.png",360,200,true],"network-partner-icon":["https:\/\/www.anika-net.de\/wp-content\/uploads\/2021\/10\/NUB-1-100x100.png",100,100,true],"organiser-icon":["https:\/\/www.anika-net.de\/wp-content\/uploads\/2021\/10\/NUB-1-200x200.png",200,200,true],"gform-image-choice-sm":["https:\/\/www.anika-net.de\/wp-content\/uploads\/2021\/10\/NUB-1.png",300,200,false],"gform-image-choice-md":["https:\/\/www.anika-net.de\/wp-content\/uploads\/2021\/10\/NUB-1.png",400,266,false],"gform-image-choice-lg":["https:\/\/www.anika-net.de\/wp-content\/uploads\/2021\/10\/NUB-1.png",600,399,false]},"post_excerpt_stackable_v2":"<p>Do\u011fa\u00ady\u0131 ve \u00e7ev\u00adre\u00adyi bir\u00adlik\u00adte ke\u015f\u00adfet\u00admek Karls\u00adru\u00adhe\u00ad\u2019\u00adde\u00adki do\u011fa ve \u00e7ev\u00adre e\u011fi\u00adti\u00admi akt\u00f6r\u00adle\u00adri, \u00e7e\u015fit\u00adli prog\u00adram tek\u00adlif\u00adle\u00adriy\u00adle insan\u00adla\u00adr\u0131 do\u011fa i\u00e7in ve s\u00fcr\u00add\u00fc\u00adr\u00fc\u00adle\u00adbi\u00adlir bir ya\u015fam tar\u00adz\u0131 i\u00e7in kazan\u00adma\u00ady\u0131, bil\u00adgi ve anla\u00ady\u0131\u00ad\u015f\u0131 geli\u015f\u00adtir\u00adme\u00adnin yan\u0131 s\u0131ra do\u011fa\u00adn\u0131n ve do\u011fa\u00adn\u0131n korun\u00adma\u00ads\u0131\u00adna olan ba\u011f\u00adl\u0131\u00adl\u0131k\u00adla\u00adr\u0131\u00adn\u0131 te\u015f\u00advik etme\u00adyi g\u00f6rev edin\u00addi\u00adler.&nbsp;\u00c7ev\u00adre. Karls\u00adru\u00adhe Do\u011fa ve \u00c7ev\u00adre E\u011fi\u00adti\u00admi A\u011f\u0131\u00ad\u2019\u00adn\u0131n kurul\u00adma\u00ads\u0131, i\u015fbir\u00adli\u00ad\u011fi ortak\u00adla\u00adr\u0131 tara\u00adf\u0131n\u00addan sunu\u00adlan \u00e7e\u015fit\u00adli e\u011fi\u00adtim ve dene\u00adyim\u00adsel prog\u00adram\u00adlar i\u00e7in bil\u00adgi\u00adle\u00adri mer\u00adke\u00adzi bir plat\u00adform\u00adda bir\u00adle\u015f\u00adtir\u00adme\u00adyi m\u00fcm\u00adk\u00fcn k\u0131l\u00add\u0131. Bura\u00adda Karls\u00adru\u00adhe\u00ad\u2019\u00adde\u00adki \u00e7e\u015fit\u00adli tek\u00adlif\u00adler hak\u00adk\u0131n\u00adda geni\u015f bir genel bak\u0131\u015f bulacaks\u0131n\u0131z.<\/p>\n","category_list_v2":"","author_info_v2":{"name":"Andrea Ramirez","url":"https:\/\/www.anika-net.de\/tr\/author\/andrea-ramirez\/"},"comments_num_v2":"0 comments","uagb_featured_image_src":{"full":["https:\/\/www.anika-net.de\/wp-content\/uploads\/2021\/10\/NUB-1.png",1202,800,false],"thumbnail":["https:\/\/www.anika-net.de\/wp-content\/uploads\/2021\/10\/NUB-1-150x150.png",150,150,true],"medium":["https:\/\/www.anika-net.de\/wp-content\/uploads\/2021\/10\/NUB-1-300x200.png",300,200,true],"medium_large":["https:\/\/www.anika-net.de\/wp-content\/uploads\/2021\/10\/NUB-1-768x511.png",640,426,true],"large":["https:\/\/www.anika-net.de\/wp-content\/uploads\/2021\/10\/NUB-1-1024x682.png",640,426,true],"1536x1536":["https:\/\/www.anika-net.de\/wp-content\/uploads\/2021\/10\/NUB-1.png",1202,800,false],"2048x2048":["https:\/\/www.anika-net.de\/wp-content\/uploads\/2021\/10\/NUB-1.png",1202,800,false],"event-overview":["https:\/\/www.anika-net.de\/wp-content\/uploads\/2021\/10\/NUB-1-960x640.png",960,640,true],"event-archive-thumb":["https:\/\/www.anika-net.de\/wp-content\/uploads\/2021\/10\/NUB-1-480x319.png",480,319,true],"grid-item-thumbnail":["https:\/\/www.anika-net.de\/wp-content\/uploads\/2021\/10\/NUB-1-360x200.png",360,200,true],"network-partner-icon":["https:\/\/www.anika-net.de\/wp-content\/uploads\/2021\/10\/NUB-1-100x100.png",100,100,true],"organiser-icon":["https:\/\/www.anika-net.de\/wp-content\/uploads\/2021\/10\/NUB-1-200x200.png",200,200,true],"gform-image-choice-sm":["https:\/\/www.anika-net.de\/wp-content\/uploads\/2021\/10\/NUB-1.png",300,200,false],"gform-image-choice-md":["https:\/\/www.anika-net.de\/wp-content\/uploads\/2021\/10\/NUB-1.png",400,266,false],"gform-image-choice-lg":["https:\/\/www.anika-net.de\/wp-content\/uploads\/2021\/10\/NUB-1.png",600,399,false]},"uagb_author_info":{"display_name":"Andrea Ramirez","author_link":"https:\/\/www.anika-net.de\/tr\/author\/andrea-ramirez\/"},"uagb_comment_info":0,"uagb_excerpt":"Do\u011fa\u00ady\u0131 ve \u00e7ev\u00adre\u00adyi bir\u00adlik\u00adte ke\u015ffetmek Karls\u00adru\u00adhe\u00ad\u2019\u00adde\u00adki do\u011fa ve \u00e7ev\u00adre e\u011fi\u00adti\u00admi akt\u00f6r\u00adle\u00adri, \u00e7e\u015fit\u00adli prog\u00adram tek\u00adlif\u00adle\u00adriy\u00adle insan\u00adla\u00adr\u0131 do\u011fa i\u00e7in ve s\u00fcr\u00add\u00fc\u00adr\u00fc\u00adle\u00adbi\u00adlir bir ya\u015fam tar\u00adz\u0131 i\u00e7in kazan\u00adma\u00ady\u0131, bil\u00adgi ve anla\u00ady\u0131\u00ad\u015f\u0131 geli\u015f\u00adtir\u00adme\u00adnin yan\u0131 s\u0131ra&nbsp;daha fazla okuyun","_links":{"self":[{"href":"https:\/\/www.anika-net.de\/tr\/wp-json\/wp\/v2\/event\/17003","targetHints":{"allow":["GET"]}}],"collection":[{"href":"https:\/\/www.anika-net.de\/tr\/wp-json\/wp\/v2\/event"}],"about":[{"href":"https:\/\/www.anika-net.de\/tr\/wp-json\/wp\/v2\/types\/event"}],"author":[{"embeddable":true,"href":"https:\/\/www.anika-net.de\/tr\/wp-json\/wp\/v2\/users\/12"}],"version-history":[{"count":0,"href":"https:\/\/www.anika-net.de\/tr\/wp-json\/wp\/v2\/event\/17003\/revisions"}],"acf:post":[{"embeddable":true,"href":"https:\/\/www.anika-net.de\/tr\/wp-json\/wp\/v2\/organiser\/16486"}],"acf:term":[{"embeddable":true,"taxonomy":"event_category","href":"https:\/\/www.anika-net.de\/tr\/wp-json\/wp\/v2\/event_category\/94"}],"wp:featuredmedia":[{"embeddable":true,"href":"https:\/\/www.anika-net.de\/tr\/wp-json\/wp\/v2\/media\/8757"}],"wp:attachment":[{"href":"https:\/\/www.anika-net.de\/tr\/wp-json\/wp\/v2\/media?parent=17003"}],"curies":[{"name":"wp","href":"https:\/\/api.w.org\/{rel}","templated":true}]}}

Karls­ru­he NUB&nbsp;Ağı

<p><strong>Doğa­yı ve çev­re­yi bir­lik­te keşfetmek</strong></p>
<p>Karls­ru­he­’­de­ki doğa ve çev­re eği­ti­mi aktör­le­ri, çeşit­li prog­ram tek­lif­le­riy­le insan­la­rı doğa için ve sür­dü­rü­le­bi­lir bir yaşam tar­zı için kazan­ma­yı, bil­gi ve anla­yı­şı geliş­tir­me­nin yanı sıra doğa­nın ve doğa­nın korun­ma­sı­na olan bağ­lı­lık­la­rı­nı teş­vik etme­yi görev edin­di­ler.&nbsp;Çevre.<br>
Karls­ru­he Doğa ve Çev­re Eği­ti­mi Ağı­’­nın kurul­ma­sı, işbir­li­ği ortak­la­rı tara­fın­dan sunu­lan çeşit­li eği­tim ve dene­yim­sel prog­ram­lar için bil­gi­le­ri mer­ke­zi bir plat­form­da bir­leş­tir­me­yi müm­kün kıl­dı. Bura­da Karls­ru­he­’­de­ki çeşit­li tek­lif­ler hak­kın­da geniş bir genel bakış bulacaksınız.</p>

Karlsruher Netzwerk für Natur- und Umweltbildung, c/o Umwelt- und Arbeitsschutz der Stadt Karlsruhe

Umwelt­päd­ago­gik

<p>Doğa­yı ve çev­re­yi bir­lik­te keş­fet­mek Karls­ru­he­’­de­ki doğa ve çev­re eği­ti­mi aktör­le­ri, çeşit­li prog­ram tek­lif­le­riy­le insan­la­rı doğa için ve sür­dü­rü­le­bi­lir bir yaşam tar­zı için kazan­ma­yı, bil­gi ve anla­yı­şı geliş­tir­me­nin yanı sıra doğa­nın ve doğa­nın korun­ma­sı­na olan bağ­lı­lık­la­rı­nı teş­vik etme­yi görev edin­di­ler.&nbsp;Çev­re. Karls­ru­he Doğa ve Çev­re Eği­ti­mi Ağı­’­nın kurul­ma­sı, işbir­li­ği ortak­la­rı tara­fın­dan sunu­lan çeşit­li eği­tim ve dene­yim­sel prog­ram­lar için bil­gi­le­ri mer­ke­zi bir plat­form­da bir­leş­tir­me­yi müm­kün kıl­dı. Bura­da Karls­ru­he­’­de­ki çeşit­li tek­lif­ler hak­kın­da geniş bir genel bakış bulacaksınız.</p>

Doğa­yı ve çev­re­yi bir­lik­te keşfetmek Karls­ru­he­’­de­ki doğa ve çev­re eği­ti­mi aktör­le­ri, çeşit­li prog­ram tek­lif­le­riy­le insan­la­rı doğa için ve sür­dü­rü­le­bi­lir bir yaşam tar­zı için kazan­ma­yı, bil­gi ve anla­yı­şı geliş­tir­me­nin yanı sıra&nbsp;daha fazla okuyun
