{"id":16973,"date":"2018-11-13T15:30:11","date_gmt":"2018-11-13T14:30:11","guid":{"rendered":"https:\/\/www.anika-net.de\/event\/bike-school-bike-tours-courses-and-self-help-workshop\/"},"modified":"2022-03-10T21:03:47","modified_gmt":"2022-03-10T20:03:47","slug":"bisiklet-okulu-bisiklet-turlari-kurslar-ve-kendi-kendine-yardim-atoelyesi","status":"publish","type":"event","link":"https:\/\/www.anika-net.de\/tr\/event\/bisiklet-okulu-bisiklet-turlari-kurslar-ve-kendi-kendine-yardim-atoelyesi\/","title":{"rendered":"Bisik\u00adlet oku\u00adlu, bisik\u00adlet tur\u00adla\u00adr\u0131, kurs\u00adlar ve ken\u00addi ken\u00addi\u00adne yar\u00add\u0131m at\u00f6lyesi"},"content":{"rendered":"<p><strong>ADFC (All\u00adge\u00adme\u00adiner Deutsc\u00adher Fahr\u00adradc\u00adlub Kre\u00adis\u00adver\u00adband Karlsruhe)<\/strong><\/p>\n<p>ADFC \u2014 All\u00adge\u00adme\u00adiner Deutsc\u00adher Fahr\u00adradc\u00adlub Kre\u00adis\u00adver\u00adband Karls\u00adru\u00adhe, her ya\u015f\u00adtan g\u00fcn\u00adl\u00fck ve hobi bisik\u00adlet\u00ad\u00e7i\u00adle\u00adri\u00adnin \u00e7\u0131kar\u00adla\u00adr\u0131\u00adn\u0131 tem\u00adsil eden bir&nbsp;kul\u00fcp.<br>\nBa\u015f\u00adl\u0131\u00adca \u00e7al\u0131\u015f\u00adma alanlar\u0131:<br>\n\u2014 Bisik\u00adlet tur\u00adla\u00adr\u0131\u00adn\u0131n plan\u00adlan\u00adma\u00ads\u0131 ve y\u00f6nlendirilmesi<br>\n\u2014 Etkin\u00adlik\u00adler ve bil\u00adgi stand\u00adla\u00adr\u0131 etkin\u00adlik\u00adler\u00adde, \u015fir\u00adket\u00adler\u00adde veya sade\u00adce e\u011flen\u00adce&nbsp;i\u00e7in!<br>\n\u2014 Halk\u00adla ili\u015f\u00adki\u00adler: B\u00fcl\u00adten, ana say\u00adfa veya bas\u0131n b\u00fcl\u00adte\u00adni ile bisik\u00adlet\u00ad\u00e7i\u00adle\u00adri bilgilendirin<br>\n\u2014 Karls\u00adru\u00adhe\u00ad\u2019\u00adde bisik\u00adlet tra\u00adfi\u00ad\u011fi\u00adnin d\u00fczen\u00adlen\u00adme\u00adsi\u00adne yar\u00add\u0131m\u00adc\u0131&nbsp;olmak<br>\n\u2014 Bisik\u00adlet ofi\u00adsin\u00adde veya bisik\u00adlet ofi\u00adsin\u00adde des\u00adtek: ADF\u00adC\u00ad\u2019\u00adnin t\u00fcm bisik\u00adlet\u00ad\u00e7i\u00adler i\u00e7in haf\u00adta\u00adl\u0131k hizmeti<br>\n\u2014 Bisik\u00adlet h\u0131r\u00ads\u0131z\u00adl\u0131\u00ad\u011f\u0131\u00adn\u0131n \u00f6nlen\u00adme\u00adsi: Kod\u00adla\u00adma ve kilit tavsiyesi<br>\n\u2014 Bisik\u00adlet kont\u00adro\u00adl\u00fc ve bisik\u00adlet tamiri<\/p>\n","protected":false},"author":12,"featured_media":28479,"template":"","class_list":["post-16973","event","type-event","status-publish","has-post-thumbnail","hentry","event_category-bos-vakit"],"acf":{"event-recurring":true,"event-category":97,"event-is-language-course":false,"event-recurring-still-active":true,"event-display-details":true,"event-schedules-recurring":[{"event-recurring-week-day":"2","event-recurring-time":"15:00 - 18:00","event-recurring-time-text":""},{"event-recurring-week-day":"3","event-recurring-time":"15:00 - 18:00","event-recurring-time-text":""}],"event-schedules-calendar":null,"event-is-online":false,"event-online-url":"","event-location-building":"Allgemeiner Deutscher Fahrradclub Kreisverband Karlsruhe","event-location-street":"Kronenstra\u00dfe  9","event-location-zip":"76133","event-location-city":"Karlsruhe","event-location-contact-person":"Allgemeiner Deutscher Fahrradclub (adfc)","event-location-phone":"721\/ 38 48 942 1","event-location-phone-2":"","event-location-mail":"karlsruhe@adfc-bw.de","event-location-mail-2":"","event-location-website":"https:\/\/bw.adfc.de\/","event-target-group":[{"target-group":"all"}],"event-target-group-comment":"","event-free":false,"event-organiser":[15845],"event-header-copyright-overlay":true,"event-copyright-note-description-end":true},"featured_image_urls_v2":{"full":["https:\/\/www.anika-net.de\/wp-content\/uploads\/2018\/11\/bike-path-5776664_1920.jpg",1920,1077,false],"thumbnail":["https:\/\/www.anika-net.de\/wp-content\/uploads\/2018\/11\/bike-path-5776664_1920-150x150.jpg",150,150,true],"medium":["https:\/\/www.anika-net.de\/wp-content\/uploads\/2018\/11\/bike-path-5776664_1920-300x168.jpg",300,168,true],"medium_large":["https:\/\/www.anika-net.de\/wp-content\/uploads\/2018\/11\/bike-path-5776664_1920-768x431.jpg",640,359,true],"large":["https:\/\/www.anika-net.de\/wp-content\/uploads\/2018\/11\/bike-path-5776664_1920-1024x574.jpg",640,359,true],"1536x1536":["https:\/\/www.anika-net.de\/wp-content\/uploads\/2018\/11\/bike-path-5776664_1920-1536x862.jpg",1536,862,true],"2048x2048":["https:\/\/www.anika-net.de\/wp-content\/uploads\/2018\/11\/bike-path-5776664_1920.jpg",1920,1077,false],"event-overview":["https:\/\/www.anika-net.de\/wp-content\/uploads\/2018\/11\/bike-path-5776664_1920-960x640.jpg",960,640,true],"event-archive-thumb":["https:\/\/www.anika-net.de\/wp-content\/uploads\/2018\/11\/bike-path-5776664_1920-480x269.jpg",480,269,true],"grid-item-thumbnail":["https:\/\/www.anika-net.de\/wp-content\/uploads\/2018\/11\/bike-path-5776664_1920-360x200.jpg",360,200,true],"network-partner-icon":["https:\/\/www.anika-net.de\/wp-content\/uploads\/2018\/11\/bike-path-5776664_1920-100x100.jpg",100,100,true],"organiser-icon":["https:\/\/www.anika-net.de\/wp-content\/uploads\/2018\/11\/bike-path-5776664_1920-200x200.jpg",200,200,true],"gform-image-choice-sm":["https:\/\/www.anika-net.de\/wp-content\/uploads\/2018\/11\/bike-path-5776664_1920.jpg",300,168,false],"gform-image-choice-md":["https:\/\/www.anika-net.de\/wp-content\/uploads\/2018\/11\/bike-path-5776664_1920.jpg",400,224,false],"gform-image-choice-lg":["https:\/\/www.anika-net.de\/wp-content\/uploads\/2018\/11\/bike-path-5776664_1920.jpg",600,337,false]},"post_excerpt_stackable_v2":"<p>ADFC (All\u00adge\u00adme\u00adiner Deutsc\u00adher Fahr\u00adradc\u00adlub Kre\u00adis\u00adver\u00adband Karls\u00adru\u00adhe) ADFC \u2014 All\u00adge\u00adme\u00adiner Deutsc\u00adher Fahr\u00adradc\u00adlub Kre\u00adis\u00adver\u00adband Karls\u00adru\u00adhe, her ya\u015f\u00adtan g\u00fcn\u00adl\u00fck ve hobi bisik\u00adlet\u00ad\u00e7i\u00adle\u00adri\u00adnin \u00e7\u0131kar\u00adla\u00adr\u0131\u00adn\u0131 tem\u00adsil eden bir&nbsp;kul\u00fcp. Ba\u015f\u00adl\u0131\u00adca \u00e7al\u0131\u015f\u00adma alan\u00adla\u00adr\u0131: \u2014 Bisik\u00adlet tur\u00adla\u00adr\u0131\u00adn\u0131n plan\u00adlan\u00adma\u00ads\u0131 ve y\u00f6n\u00adlen\u00addi\u00adril\u00adme\u00adsi \u2014 Etkin\u00adlik\u00adler ve bil\u00adgi stand\u00adla\u00adr\u0131 etkin\u00adlik\u00adler\u00adde, \u015fir\u00adket\u00adler\u00adde veya sade\u00adce e\u011flen\u00adce&nbsp;i\u00e7in! \u2014 Halk\u00adla ili\u015f\u00adki\u00adler: B\u00fcl\u00adten, ana say\u00adfa veya bas\u0131n b\u00fcl\u00adte\u00adni ile bisik\u00adlet\u00ad\u00e7i\u00adle\u00adri bil\u00adgi\u00adlen\u00addi\u00adrin \u2014 Karls\u00adru\u00adhe\u00ad\u2019\u00adde bisik\u00adlet tra\u00adfi\u00ad\u011fi\u00adnin d\u00fczen\u00adlen\u00adme\u00adsi\u00adne yar\u00add\u0131m\u00adc\u0131&nbsp;olmak \u2014 Bisik\u00adlet ofi\u00adsin\u00adde veya bisik\u00adlet ofi\u00adsin\u00adde des\u00adtek: ADF\u00adC\u00ad\u2019\u00adnin t\u00fcm bisik\u00adlet\u00ad\u00e7i\u00adler i\u00e7in haf\u00adta\u00adl\u0131k hiz\u00adme\u00adti \u2014 Bisik\u00adlet h\u0131r\u00ads\u0131z\u00adl\u0131\u00ad\u011f\u0131\u00adn\u0131n \u00f6nlen\u00adme\u00adsi: Kod\u00adla\u00adma ve kilit tav\u00adsi\u00adye\u00adsi \u2014 Bisik\u00adlet kont\u00adro\u00adl\u00fc ve bisik\u00adlet tamiri<\/p>\n","category_list_v2":"","author_info_v2":{"name":"Andrea Ramirez","url":"https:\/\/www.anika-net.de\/tr\/author\/andrea-ramirez\/"},"comments_num_v2":"0 comments","uagb_featured_image_src":{"full":["https:\/\/www.anika-net.de\/wp-content\/uploads\/2018\/11\/bike-path-5776664_1920.jpg",1920,1077,false],"thumbnail":["https:\/\/www.anika-net.de\/wp-content\/uploads\/2018\/11\/bike-path-5776664_1920-150x150.jpg",150,150,true],"medium":["https:\/\/www.anika-net.de\/wp-content\/uploads\/2018\/11\/bike-path-5776664_1920-300x168.jpg",300,168,true],"medium_large":["https:\/\/www.anika-net.de\/wp-content\/uploads\/2018\/11\/bike-path-5776664_1920-768x431.jpg",640,359,true],"large":["https:\/\/www.anika-net.de\/wp-content\/uploads\/2018\/11\/bike-path-5776664_1920-1024x574.jpg",640,359,true],"1536x1536":["https:\/\/www.anika-net.de\/wp-content\/uploads\/2018\/11\/bike-path-5776664_1920-1536x862.jpg",1536,862,true],"2048x2048":["https:\/\/www.anika-net.de\/wp-content\/uploads\/2018\/11\/bike-path-5776664_1920.jpg",1920,1077,false],"event-overview":["https:\/\/www.anika-net.de\/wp-content\/uploads\/2018\/11\/bike-path-5776664_1920-960x640.jpg",960,640,true],"event-archive-thumb":["https:\/\/www.anika-net.de\/wp-content\/uploads\/2018\/11\/bike-path-5776664_1920-480x269.jpg",480,269,true],"grid-item-thumbnail":["https:\/\/www.anika-net.de\/wp-content\/uploads\/2018\/11\/bike-path-5776664_1920-360x200.jpg",360,200,true],"network-partner-icon":["https:\/\/www.anika-net.de\/wp-content\/uploads\/2018\/11\/bike-path-5776664_1920-100x100.jpg",100,100,true],"organiser-icon":["https:\/\/www.anika-net.de\/wp-content\/uploads\/2018\/11\/bike-path-5776664_1920-200x200.jpg",200,200,true],"gform-image-choice-sm":["https:\/\/www.anika-net.de\/wp-content\/uploads\/2018\/11\/bike-path-5776664_1920.jpg",300,168,false],"gform-image-choice-md":["https:\/\/www.anika-net.de\/wp-content\/uploads\/2018\/11\/bike-path-5776664_1920.jpg",400,224,false],"gform-image-choice-lg":["https:\/\/www.anika-net.de\/wp-content\/uploads\/2018\/11\/bike-path-5776664_1920.jpg",600,337,false]},"uagb_author_info":{"display_name":"Andrea Ramirez","author_link":"https:\/\/www.anika-net.de\/tr\/author\/andrea-ramirez\/"},"uagb_comment_info":0,"uagb_excerpt":"ADFC (All\u00adge\u00adme\u00adiner Deutsc\u00adher Fahr\u00adradc\u00adlub Kre\u00adis\u00adver\u00adband Karlsruhe) ADFC \u2014 All\u00adge\u00adme\u00adiner Deutsc\u00adher Fahr\u00adradc\u00adlub Kre\u00adis\u00adver\u00adband Karls\u00adru\u00adhe, her ya\u015f\u00adtan g\u00fcn\u00adl\u00fck ve hobi bisik\u00adlet\u00ad\u00e7i\u00adle\u00adri\u00adnin \u00e7\u0131kar\u00adla\u00adr\u0131\u00adn\u0131 tem\u00adsil eden bir&nbsp;kul\u00fcp. Ba\u015f\u00adl\u0131\u00adca \u00e7al\u0131\u015f\u00adma alanlar\u0131: \u2014 Bisik\u00adlet tur\u00adla\u00adr\u0131\u00adn\u0131n plan\u00adlan\u00adma\u00ads\u0131&nbsp;daha fazla okuyun","_links":{"self":[{"href":"https:\/\/www.anika-net.de\/tr\/wp-json\/wp\/v2\/event\/16973","targetHints":{"allow":["GET"]}}],"collection":[{"href":"https:\/\/www.anika-net.de\/tr\/wp-json\/wp\/v2\/event"}],"about":[{"href":"https:\/\/www.anika-net.de\/tr\/wp-json\/wp\/v2\/types\/event"}],"author":[{"embeddable":true,"href":"https:\/\/www.anika-net.de\/tr\/wp-json\/wp\/v2\/users\/12"}],"version-history":[{"count":0,"href":"https:\/\/www.anika-net.de\/tr\/wp-json\/wp\/v2\/event\/16973\/revisions"}],"acf:post":[{"embeddable":true,"href":"https:\/\/www.anika-net.de\/tr\/wp-json\/wp\/v2\/organiser\/15845"}],"acf:term":[{"embeddable":true,"taxonomy":"event_category","href":"https:\/\/www.anika-net.de\/tr\/wp-json\/wp\/v2\/event_category\/97"}],"wp:featuredmedia":[{"embeddable":true,"href":"https:\/\/www.anika-net.de\/tr\/wp-json\/wp\/v2\/media\/28479"}],"wp:attachment":[{"href":"https:\/\/www.anika-net.de\/tr\/wp-json\/wp\/v2\/media?parent=16973"}],"curies":[{"name":"wp","href":"https:\/\/api.w.org\/{rel}","templated":true}]}}

Bisik­let oku­lu, bisik­let tur­la­rı, kurs­lar ve ken­di ken­di­ne yar­dım atölyesi

<p><strong>ADFC (All­ge­me­iner Deutsc­her Fahr­radc­lub Kre­is­ver­band Karlsruhe)</strong></p>
<p>ADFC — All­ge­me­iner Deutsc­her Fahr­radc­lub Kre­is­ver­band Karls­ru­he, her yaş­tan gün­lük ve hobi bisik­let­çi­le­ri­nin çıkar­la­rı­nı tem­sil eden bir&nbsp;kulüp.<br>
Baş­lı­ca çalış­ma alanları:<br>
— Bisik­let tur­la­rı­nın plan­lan­ma­sı ve yönlendirilmesi<br>
— Etkin­lik­ler ve bil­gi stand­la­rı etkin­lik­ler­de, şir­ket­ler­de veya sade­ce eğlen­ce&nbsp;için!<br>
— Halk­la iliş­ki­ler: Bül­ten, ana say­fa veya basın bül­te­ni ile bisik­let­çi­le­ri bilgilendirin<br>
— Karls­ru­he­’­de bisik­let tra­fi­ği­nin düzen­len­me­si­ne yar­dım­cı&nbsp;olmak<br>
— Bisik­let ofi­sin­de veya bisik­let ofi­sin­de des­tek: ADF­C­’­nin tüm bisik­let­çi­ler için haf­ta­lık hizmeti<br>
— Bisik­let hır­sız­lı­ğı­nın önlen­me­si: Kod­la­ma ve kilit tavsiyesi<br>
— Bisik­let kont­ro­lü ve bisik­let tamiri</p>

Kronenstraße  9

<p>ADFC (All­ge­me­iner Deutsc­her Fahr­radc­lub Kre­is­ver­band Karls­ru­he) ADFC — All­ge­me­iner Deutsc­her Fahr­radc­lub Kre­is­ver­band Karls­ru­he, her yaş­tan gün­lük ve hobi bisik­let­çi­le­ri­nin çıkar­la­rı­nı tem­sil eden bir&nbsp;kulüp. Baş­lı­ca çalış­ma alan­la­rı: — Bisik­let tur­la­rı­nın plan­lan­ma­sı ve yön­len­di­ril­me­si — Etkin­lik­ler ve bil­gi stand­la­rı etkin­lik­ler­de, şir­ket­ler­de veya sade­ce eğlen­ce&nbsp;için! — Halk­la iliş­ki­ler: Bül­ten, ana say­fa veya basın bül­te­ni ile bisik­let­çi­le­ri bil­gi­len­di­rin — Karls­ru­he­’­de bisik­let tra­fi­ği­nin düzen­len­me­si­ne yar­dım­cı&nbsp;olmak — Bisik­let ofi­sin­de veya bisik­let ofi­sin­de des­tek: ADF­C­’­nin tüm bisik­let­çi­ler için haf­ta­lık hiz­me­ti — Bisik­let hır­sız­lı­ğı­nın önlen­me­si: Kod­la­ma ve kilit tav­si­ye­si — Bisik­let kont­ro­lü ve bisik­let tamiri</p>

ADFC (All­ge­me­iner Deutsc­her Fahr­radc­lub Kre­is­ver­band Karlsruhe) ADFC — All­ge­me­iner Deutsc­her Fahr­radc­lub Kre­is­ver­band Karls­ru­he, her yaş­tan gün­lük ve hobi bisik­let­çi­le­ri­nin çıkar­la­rı­nı tem­sil eden bir&nbsp;kulüp. Baş­lı­ca çalış­ma alanları: — Bisik­let tur­la­rı­nın plan­lan­ma­sı&nbsp;daha fazla okuyun
