{"id":16932,"date":"2019-05-07T11:24:03","date_gmt":"2019-05-07T09:24:03","guid":{"rendered":"https:\/\/www.anika-net.de\/event\/digital-learning-workshop-for-german-as-a-second-language\/"},"modified":"2023-09-04T13:16:18","modified_gmt":"2023-09-04T11:16:18","slug":"digital-learning-workshop-for-german-as-a-second-language","status":"publish","type":"event","link":"https:\/\/www.anika-net.de\/tr\/event\/digital-learning-workshop-for-german-as-a-second-language\/","title":{"rendered":"A\u00e7\u0131k \u00d6\u011fren\u00adme At\u00f6l\u00adye\u00adsi: Oku\u00adma ve Yaz\u00adma Toplant\u0131s\u0131"},"content":{"rendered":"<h2><span style=\"color: #008080;\">A\u00e7\u0131k \u00d6\u011fren\u00adme At\u00f6l\u00adye\u00adsi: Oku\u00adma ve Yaz\u00adma Toplant\u0131s\u0131<\/span><\/h2>\n<p><strong>vhs Karls\u00adru\u00adhe\u00ad\u2019\u00adde<\/strong><\/p>\n<p><strong><span style=\"color: #000080;\">Hece\u00adler \u2014 keli\u00adme\u00adler \u2014 c\u00fcmleler<\/span><\/strong><br>\nOku\u00adma ve yaz\u00adma pra\u00adti\u00ad\u011fi yap\u0131\u00adyo\u00adruz, hata\u00adla\u00adr\u0131\u00adm\u0131\u00adz\u0131 d\u00fczelt\u00adme\u00adyi \u00f6\u011freniyoruz.<br>\nAyr\u0131\u00adca metin\u00adler \u00fcre\u00adti\u00adyor ve bizi hare\u00adke\u00adte ge\u00e7i\u00adren \u015fey\u00adle\u00adri yaz\u0131\u00adyo\u00adruz. Bazen bir kitap\u00adla da \u00e7al\u0131\u015f\u0131yoruz.<\/p>\n<p>Bun\u00adlar k\u00fc\u00e7\u00fck gruplar.<\/p>\n<p>Ba\u015f\u00adla\u00admak her zaman m\u00fcmk\u00fcnd\u00fcr.<\/p>\n<p>Ziya\u00adret\u00ad\u00e7i\u00adler kay\u0131t olma\u00addan ve iste\u00addi\u00ad\u011fi\u00adniz s\u0131k\u00adl\u0131k\u00adta&nbsp;gelir.<br>\nTek\u00adlif \u00fccretsizdir.<\/p>\n","protected":false},"author":12,"featured_media":11054,"template":"","class_list":["post-16932","event","type-event","status-publish","has-post-thumbnail","hentry","event_category-egitim"],"acf":{"event-recurring":false,"event-category":94,"event-is-language-course":false,"event-recurring-still-active":true,"event-display-details":true,"event-schedules-recurring":[{"event-recurring-week-day":"0","event-recurring-time":"16:30 - 18:30","event-recurring-time-text":""},{"event-recurring-week-day":"2","event-recurring-time":"16:30 - 18:30","event-recurring-time-text":""}],"event-schedules-calendar":[{"event-calendar-day":"20231108","event-calendar-time":"17:00 - 18:00","event-calendar-time-text":""},{"event-calendar-day":"20231115","event-calendar-time":"17:00 - 18:00","event-calendar-time-text":""},{"event-calendar-day":"20231122","event-calendar-time":"17:00 - 18:00","event-calendar-time-text":""}],"event-is-online":false,"event-online-url":"","event-location-building":"vhs Karlsruhe e.V.","event-location-street":"Kaiserallee 12e","event-location-zip":"76133","event-location-city":"Karlsruhe","event-location-contact-person":"Alexa Preu\u00df or Stefanie Baius","event-location-phone":" 0721 98 575 76","event-location-phone-2":"","event-location-mail":"info@vhs-karlsruhe.de","event-location-mail-2":"","event-location-website":"https:\/\/www.vhs-karlsruhe.de\/p\/lesen-schreiben\/offene-lernwerkstatt-lese-und-schreib-treff\/in-der-vhs-699-C-232-70650","event-target-group":[{"target-group":""}],"event-target-group-comment":"okuma ve yazmada sorun ya\u015fayan yeti\u015fkinler i\u00e7in","event-free":true,"event-organiser":[16646],"event-header-copyright-overlay":false,"event-copyright-note-description-end":false},"featured_image_urls_v2":{"full":["https:\/\/www.anika-net.de\/wp-content\/uploads\/2021\/10\/vhs.jpg",225,225,false],"thumbnail":["https:\/\/www.anika-net.de\/wp-content\/uploads\/2021\/10\/vhs-150x150.jpg",150,150,true],"medium":["https:\/\/www.anika-net.de\/wp-content\/uploads\/2021\/10\/vhs.jpg",225,225,false],"medium_large":["https:\/\/www.anika-net.de\/wp-content\/uploads\/2021\/10\/vhs.jpg",225,225,false],"large":["https:\/\/www.anika-net.de\/wp-content\/uploads\/2021\/10\/vhs.jpg",225,225,false],"1536x1536":["https:\/\/www.anika-net.de\/wp-content\/uploads\/2021\/10\/vhs.jpg",225,225,false],"2048x2048":["https:\/\/www.anika-net.de\/wp-content\/uploads\/2021\/10\/vhs.jpg",225,225,false],"event-overview":["https:\/\/www.anika-net.de\/wp-content\/uploads\/2021\/10\/vhs.jpg",225,225,false],"event-archive-thumb":["https:\/\/www.anika-net.de\/wp-content\/uploads\/2021\/10\/vhs.jpg",225,225,false],"grid-item-thumbnail":["https:\/\/www.anika-net.de\/wp-content\/uploads\/2021\/10\/vhs-225x200.jpg",225,200,true],"network-partner-icon":["https:\/\/www.anika-net.de\/wp-content\/uploads\/2021\/10\/vhs-100x100.jpg",100,100,true],"organiser-icon":["https:\/\/www.anika-net.de\/wp-content\/uploads\/2021\/10\/vhs-200x200.jpg",200,200,true],"gform-image-choice-sm":["https:\/\/www.anika-net.de\/wp-content\/uploads\/2021\/10\/vhs.jpg",225,225,false],"gform-image-choice-md":["https:\/\/www.anika-net.de\/wp-content\/uploads\/2021\/10\/vhs.jpg",225,225,false],"gform-image-choice-lg":["https:\/\/www.anika-net.de\/wp-content\/uploads\/2021\/10\/vhs.jpg",225,225,false]},"post_excerpt_stackable_v2":"<p>A\u00e7\u0131k \u00d6\u011fren\u00adme At\u00f6l\u00adye\u00adsi: Oku\u00adma ve Yaz\u00adma Top\u00adlan\u00adt\u0131\u00ads\u0131 vhs Karls\u00adru\u00adhe\u00ad\u2019\u00adde Hece\u00adler \u2014 keli\u00adme\u00adler \u2014 c\u00fcm\u00adle\u00adler Oku\u00adma ve yaz\u00adma pra\u00adti\u00ad\u011fi yap\u0131\u00adyo\u00adruz, hata\u00adla\u00adr\u0131\u00adm\u0131\u00adz\u0131 d\u00fczelt\u00adme\u00adyi \u00f6\u011fre\u00adni\u00adyo\u00adruz. Ayr\u0131\u00adca metin\u00adler \u00fcre\u00adti\u00adyor ve bizi hare\u00adke\u00adte ge\u00e7i\u00adren \u015fey\u00adle\u00adri yaz\u0131\u00adyo\u00adruz. Bazen bir kitap\u00adla da \u00e7al\u0131\u00ad\u015f\u0131\u00adyo\u00adruz. Bun\u00adlar k\u00fc\u00e7\u00fck grup\u00adlar. Ba\u015f\u00adla\u00admak her zaman m\u00fcm\u00adk\u00fcn\u00add\u00fcr. Ziya\u00adret\u00ad\u00e7i\u00adler kay\u0131t olma\u00addan ve iste\u00addi\u00ad\u011fi\u00adniz s\u0131k\u00adl\u0131k\u00adta&nbsp;gelir. Tek\u00adlif \u00fccretsizdir.<\/p>\n","category_list_v2":"","author_info_v2":{"name":"Andrea Ramirez","url":"https:\/\/www.anika-net.de\/tr\/author\/andrea-ramirez\/"},"comments_num_v2":"0 comments","uagb_featured_image_src":{"full":["https:\/\/www.anika-net.de\/wp-content\/uploads\/2021\/10\/vhs.jpg",225,225,false],"thumbnail":["https:\/\/www.anika-net.de\/wp-content\/uploads\/2021\/10\/vhs-150x150.jpg",150,150,true],"medium":["https:\/\/www.anika-net.de\/wp-content\/uploads\/2021\/10\/vhs.jpg",225,225,false],"medium_large":["https:\/\/www.anika-net.de\/wp-content\/uploads\/2021\/10\/vhs.jpg",225,225,false],"large":["https:\/\/www.anika-net.de\/wp-content\/uploads\/2021\/10\/vhs.jpg",225,225,false],"1536x1536":["https:\/\/www.anika-net.de\/wp-content\/uploads\/2021\/10\/vhs.jpg",225,225,false],"2048x2048":["https:\/\/www.anika-net.de\/wp-content\/uploads\/2021\/10\/vhs.jpg",225,225,false],"event-overview":["https:\/\/www.anika-net.de\/wp-content\/uploads\/2021\/10\/vhs.jpg",225,225,false],"event-archive-thumb":["https:\/\/www.anika-net.de\/wp-content\/uploads\/2021\/10\/vhs.jpg",225,225,false],"grid-item-thumbnail":["https:\/\/www.anika-net.de\/wp-content\/uploads\/2021\/10\/vhs-225x200.jpg",225,200,true],"network-partner-icon":["https:\/\/www.anika-net.de\/wp-content\/uploads\/2021\/10\/vhs-100x100.jpg",100,100,true],"organiser-icon":["https:\/\/www.anika-net.de\/wp-content\/uploads\/2021\/10\/vhs-200x200.jpg",200,200,true],"gform-image-choice-sm":["https:\/\/www.anika-net.de\/wp-content\/uploads\/2021\/10\/vhs.jpg",225,225,false],"gform-image-choice-md":["https:\/\/www.anika-net.de\/wp-content\/uploads\/2021\/10\/vhs.jpg",225,225,false],"gform-image-choice-lg":["https:\/\/www.anika-net.de\/wp-content\/uploads\/2021\/10\/vhs.jpg",225,225,false]},"uagb_author_info":{"display_name":"Andrea Ramirez","author_link":"https:\/\/www.anika-net.de\/tr\/author\/andrea-ramirez\/"},"uagb_comment_info":0,"uagb_excerpt":"A\u00e7\u0131k \u00d6\u011fren\u00adme At\u00f6l\u00adye\u00adsi: Oku\u00adma ve Yaz\u00adma Toplant\u0131s\u0131 vhs Karls\u00adru\u00adhe\u00ad\u2019\u00adde Hece\u00adler \u2014 keli\u00adme\u00adler \u2014 c\u00fcmleler Oku\u00adma ve yaz\u00adma pra\u00adti\u00ad\u011fi yap\u0131\u00adyo\u00adruz, hata\u00adla\u00adr\u0131\u00adm\u0131\u00adz\u0131 d\u00fczelt\u00adme\u00adyi \u00f6\u011freniyoruz. Ayr\u0131\u00adca metin\u00adler \u00fcre\u00adti\u00adyor ve bizi hare\u00adke\u00adte ge\u00e7i\u00adren \u015fey\u00adle\u00adri&nbsp;daha fazla okuyun","_links":{"self":[{"href":"https:\/\/www.anika-net.de\/tr\/wp-json\/wp\/v2\/event\/16932","targetHints":{"allow":["GET"]}}],"collection":[{"href":"https:\/\/www.anika-net.de\/tr\/wp-json\/wp\/v2\/event"}],"about":[{"href":"https:\/\/www.anika-net.de\/tr\/wp-json\/wp\/v2\/types\/event"}],"author":[{"embeddable":true,"href":"https:\/\/www.anika-net.de\/tr\/wp-json\/wp\/v2\/users\/12"}],"version-history":[{"count":0,"href":"https:\/\/www.anika-net.de\/tr\/wp-json\/wp\/v2\/event\/16932\/revisions"}],"acf:post":[{"embeddable":true,"href":"https:\/\/www.anika-net.de\/tr\/wp-json\/wp\/v2\/organiser\/16646"}],"acf:term":[{"embeddable":true,"taxonomy":"event_category","href":"https:\/\/www.anika-net.de\/tr\/wp-json\/wp\/v2\/event_category\/94"}],"wp:featuredmedia":[{"embeddable":true,"href":"https:\/\/www.anika-net.de\/tr\/wp-json\/wp\/v2\/media\/11054"}],"wp:attachment":[{"href":"https:\/\/www.anika-net.de\/tr\/wp-json\/wp\/v2\/media?parent=16932"}],"curies":[{"name":"wp","href":"https:\/\/api.w.org\/{rel}","templated":true}]}}

Açık Öğren­me Atöl­ye­si: Oku­ma ve Yaz­ma Toplantısı

<h2><span style="color: #008080;">Açık Öğren­me Atöl­ye­si: Oku­ma ve Yaz­ma Toplantısı</span></h2>
<p><strong>vhs Karls­ru­he­’­de</strong></p>
<p><strong><span style="color: #000080;">Hece­ler — keli­me­ler — cümleler</span></strong><br>
Oku­ma ve yaz­ma pra­ti­ği yapı­yo­ruz, hata­la­rı­mı­zı düzelt­me­yi öğreniyoruz.<br>
Ayrı­ca metin­ler üre­ti­yor ve bizi hare­ke­te geçi­ren şey­le­ri yazı­yo­ruz. Bazen bir kitap­la da çalışıyoruz.</p>
<p>Bun­lar küçük gruplar.</p>
<p>Baş­la­mak her zaman mümkündür.</p>
<p>Ziya­ret­çi­ler kayıt olma­dan ve iste­di­ği­niz sık­lık­ta&nbsp;gelir.<br>
Tek­lif ücretsizdir.</p>

Alexa Preuß or Stefanie Baius

okuma ve yazmada sorun yaşayan yetişkinler için

<p>Açık Öğren­me Atöl­ye­si: Oku­ma ve Yaz­ma Top­lan­tı­sı vhs Karls­ru­he­’­de Hece­ler — keli­me­ler — cüm­le­ler Oku­ma ve yaz­ma pra­ti­ği yapı­yo­ruz, hata­la­rı­mı­zı düzelt­me­yi öğre­ni­yo­ruz. Ayrı­ca metin­ler üre­ti­yor ve bizi hare­ke­te geçi­ren şey­le­ri yazı­yo­ruz. Bazen bir kitap­la da çalı­şı­yo­ruz. Bun­lar küçük grup­lar. Baş­la­mak her zaman müm­kün­dür. Ziya­ret­çi­ler kayıt olma­dan ve iste­di­ği­niz sık­lık­ta&nbsp;gelir. Tek­lif ücretsizdir.</p>

Açık Öğren­me Atöl­ye­si: Oku­ma ve Yaz­ma Toplantısı vhs Karls­ru­he­’­de Hece­ler — keli­me­ler — cümleler Oku­ma ve yaz­ma pra­ti­ği yapı­yo­ruz, hata­la­rı­mı­zı düzelt­me­yi öğreniyoruz. Ayrı­ca metin­ler üre­ti­yor ve bizi hare­ke­te geçi­ren şey­le­ri&nbsp;daha fazla okuyun
