{"id":16827,"date":"2020-01-07T09:52:29","date_gmt":"2020-01-07T08:52:29","guid":{"rendered":"https:\/\/www.anika-net.de\/event\/de-beratung-zum-wiedereinstieg\/"},"modified":"2022-11-08T12:45:45","modified_gmt":"2022-11-08T11:45:45","slug":"yeniden-giris-icin-tavsiye","status":"publish","type":"event","link":"https:\/\/www.anika-net.de\/tr\/event\/yeniden-giris-icin-tavsiye\/","title":{"rendered":"Yeni\u00adden giri\u015f i\u00e7in tavsiye"},"content":{"rendered":"<h3><strong>Pro\u00adfes\u00adyo\u00adnel yeni\u00adden&nbsp;giri\u015f<\/strong><\/h3>\n<p>Bazen mev\u00adcut i\u015f piya\u00adsa\u00ads\u0131n\u00adda \u015fan\u00ads\u0131\u00adn\u0131z olup olma\u00add\u0131\u00ad\u011f\u0131\u00adn\u0131 merak edi\u00adyor musunuz?<br>\nYok\u00adsa \u00e7\u0131rak\u00adl\u0131k yap\u00adma\u00adn\u0131n m\u00fcm\u00adk\u00fcn olup olma\u00adya\u00adca\u00ad\u011f\u0131\u00adn\u0131 d\u00fc\u015f\u00fc\u00adn\u00fc\u00adyor musu\u00adnuz? Bel\u00adki yar\u0131 zaman\u00adl\u0131&nbsp;bile?<br>\nBel\u00adki de sizi tat\u00admin eden ve mad\u00addi yar\u00add\u0131m alma\u00addan ya\u015fa\u00adma\u00adn\u0131\u00adza izin veren bir meslekte?<\/p>\n<p><strong>\u00dccret\u00adsiz ve y\u00fck\u00fcm\u00adl\u00fc\u00adl\u00fck olmaks\u0131z\u0131n<\/strong><br>\nKari\u00adyer dan\u0131\u015f\u00adman\u00adla\u00adr\u0131\u00adm\u0131z, oryan\u00adtas\u00adyon dan\u0131\u015f\u00adman\u00adl\u0131\u00ad\u011f\u0131 i\u00e7in t\u00fcm bil\u00adgi ve ba\u011f\u00adlan\u00adt\u0131\u00adla\u00adr\u0131y\u00adla hiz\u00adme\u00adti\u00adniz\u00adde\u00addir. Endi\u00ad\u015fe\u00adle\u00adri\u00adniz i\u00e7in zaman ay\u0131\u00adr\u0131r\u00adlar ve fikir\u00adle\u00adri\u00adni\u00adzi sizin\u00adle tar\u00adt\u0131\u00ad\u015fa\u00adbi\u00adlir ve bel\u00adki de bir son\u00adra\u00adki ad\u0131m\u00adla\u00adr\u0131 ba\u015flatabilirler.<\/p>\n<p> <a href=\"https:\/\/www.anika-net.de\/wp-content\/uploads\/2022\/11\/2106_Flyer-BBiE.pdf\">Bro\u00ad\u015f\u00fc\u00adr\u00fc<\/a> indir<\/p>\n<p>\u00a9Flyer-Bun\u00adde\u00adsa\u00adgen\u00adtur f\u00fcr Arbeit<\/p>\n<p>&nbsp;<\/p>\n","protected":false},"author":12,"featured_media":9009,"template":"","class_list":["post-16827","event","type-event","status-publish","has-post-thumbnail","hentry","event_category-is"],"acf":{"event-recurring":true,"event-category":96,"event-is-language-course":false,"event-recurring-still-active":true,"event-display-details":true,"event-schedules-recurring":null,"event-schedules-calendar":null,"event-is-online":false,"event-online-url":"","event-location-building":"Agentur f\u00fcr Arbeit Karlsruhe-Rastatt","event-location-street":"Brauerstr. 10","event-location-zip":"76135","event-location-city":"Karlsruhe","event-location-contact-person":"Berufsberatung im Erwerbsleben (BBiE)","event-location-phone":"+49 721 823 2555 Beratungshotline","event-location-phone-2":"","event-location-mail":"Oberrhein.BBiE@arbeitsagentur.de","event-location-mail-2":"","event-location-website":"https:\/\/www.arbeitsagentur.de\/datei\/die-lebensbegleitende-berufsberatung-der-ba_ba035445.pdf","event-target-group":[{"target-group":"all"}],"event-target-group-comment":"Profesyonel yeniden giri\u015ften \u00f6nceki ki\u015filer","event-free":true,"event-organiser":[15941],"event-header-copyright-overlay":false,"event-copyright-note-description-end":true},"featured_image_urls_v2":{"full":["https:\/\/www.anika-net.de\/wp-content\/uploads\/2021\/10\/870x489_bundesagentur_fuer_arbeit_logo-1280x640-1.jpg",870,489,false],"thumbnail":["https:\/\/www.anika-net.de\/wp-content\/uploads\/2021\/10\/870x489_bundesagentur_fuer_arbeit_logo-1280x640-1-150x150.jpg",150,150,true],"medium":["https:\/\/www.anika-net.de\/wp-content\/uploads\/2021\/10\/870x489_bundesagentur_fuer_arbeit_logo-1280x640-1-300x169.jpg",300,169,true],"medium_large":["https:\/\/www.anika-net.de\/wp-content\/uploads\/2021\/10\/870x489_bundesagentur_fuer_arbeit_logo-1280x640-1-768x432.jpg",640,360,true],"large":["https:\/\/www.anika-net.de\/wp-content\/uploads\/2021\/10\/870x489_bundesagentur_fuer_arbeit_logo-1280x640-1.jpg",640,360,false],"1536x1536":["https:\/\/www.anika-net.de\/wp-content\/uploads\/2021\/10\/870x489_bundesagentur_fuer_arbeit_logo-1280x640-1.jpg",870,489,false],"2048x2048":["https:\/\/www.anika-net.de\/wp-content\/uploads\/2021\/10\/870x489_bundesagentur_fuer_arbeit_logo-1280x640-1.jpg",870,489,false],"event-overview":["https:\/\/www.anika-net.de\/wp-content\/uploads\/2021\/10\/870x489_bundesagentur_fuer_arbeit_logo-1280x640-1.jpg",870,489,false],"event-archive-thumb":["https:\/\/www.anika-net.de\/wp-content\/uploads\/2021\/10\/870x489_bundesagentur_fuer_arbeit_logo-1280x640-1-480x270.jpg",480,270,true],"grid-item-thumbnail":["https:\/\/www.anika-net.de\/wp-content\/uploads\/2021\/10\/870x489_bundesagentur_fuer_arbeit_logo-1280x640-1-360x200.jpg",360,200,true],"network-partner-icon":["https:\/\/www.anika-net.de\/wp-content\/uploads\/2021\/10\/870x489_bundesagentur_fuer_arbeit_logo-1280x640-1-100x100.jpg",100,100,true],"organiser-icon":["https:\/\/www.anika-net.de\/wp-content\/uploads\/2021\/10\/870x489_bundesagentur_fuer_arbeit_logo-1280x640-1-200x200.jpg",200,200,true],"gform-image-choice-sm":["https:\/\/www.anika-net.de\/wp-content\/uploads\/2021\/10\/870x489_bundesagentur_fuer_arbeit_logo-1280x640-1.jpg",300,169,false],"gform-image-choice-md":["https:\/\/www.anika-net.de\/wp-content\/uploads\/2021\/10\/870x489_bundesagentur_fuer_arbeit_logo-1280x640-1.jpg",400,225,false],"gform-image-choice-lg":["https:\/\/www.anika-net.de\/wp-content\/uploads\/2021\/10\/870x489_bundesagentur_fuer_arbeit_logo-1280x640-1.jpg",600,337,false]},"post_excerpt_stackable_v2":"<p>Pro\u00adfes\u00adyo\u00adnel yeni\u00adden&nbsp;giri\u015f Bazen mev\u00adcut i\u015f piya\u00adsa\u00ads\u0131n\u00adda \u015fan\u00ads\u0131\u00adn\u0131z olup olma\u00add\u0131\u00ad\u011f\u0131\u00adn\u0131 merak edi\u00adyor musu\u00adnuz? Yok\u00adsa \u00e7\u0131rak\u00adl\u0131k yap\u00adma\u00adn\u0131n m\u00fcm\u00adk\u00fcn olup olma\u00adya\u00adca\u00ad\u011f\u0131\u00adn\u0131 d\u00fc\u015f\u00fc\u00adn\u00fc\u00adyor musu\u00adnuz? Bel\u00adki yar\u0131 zaman\u00adl\u0131&nbsp;bile? Bel\u00adki de sizi tat\u00admin eden ve mad\u00addi yar\u00add\u0131m alma\u00addan ya\u015fa\u00adma\u00adn\u0131\u00adza izin veren bir mes\u00adlek\u00adte? \u00dccret\u00adsiz ve y\u00fck\u00fcm\u00adl\u00fc\u00adl\u00fck olmak\u00ads\u0131\u00adz\u0131n Kari\u00adyer dan\u0131\u015f\u00adman\u00adla\u00adr\u0131\u00adm\u0131z, oryan\u00adtas\u00adyon dan\u0131\u015f\u00adman\u00adl\u0131\u00ad\u011f\u0131 i\u00e7in t\u00fcm bil\u00adgi ve ba\u011f\u00adlan\u00adt\u0131\u00adla\u00adr\u0131y\u00adla hiz\u00adme\u00adti\u00adniz\u00adde\u00addir. Endi\u00ad\u015fe\u00adle\u00adri\u00adniz i\u00e7in zaman ay\u0131\u00adr\u0131r\u00adlar ve fikir\u00adle\u00adri\u00adni\u00adzi sizin\u00adle tar\u00adt\u0131\u00ad\u015fa\u00adbi\u00adlir ve bel\u00adki de bir son\u00adra\u00adki ad\u0131m\u00adla\u00adr\u0131 ba\u015f\u00adla\u00adta\u00adbi\u00adlir\u00adler. Bro\u00ad\u015f\u00fc\u00adr\u00fc indir \u00a9Flyer-Bun\u00ad\u00ad\u00adde\u00ad\u00ad\u00adsa\u00ad\u00ad\u00adge\u00adn\u00ad\u00ad\u00adtur f\u00fcr Arbeit&nbsp;<\/p>\n","category_list_v2":"","author_info_v2":{"name":"Andrea Ramirez","url":"https:\/\/www.anika-net.de\/tr\/author\/andrea-ramirez\/"},"comments_num_v2":"0 comments","uagb_featured_image_src":{"full":["https:\/\/www.anika-net.de\/wp-content\/uploads\/2021\/10\/870x489_bundesagentur_fuer_arbeit_logo-1280x640-1.jpg",870,489,false],"thumbnail":["https:\/\/www.anika-net.de\/wp-content\/uploads\/2021\/10\/870x489_bundesagentur_fuer_arbeit_logo-1280x640-1-150x150.jpg",150,150,true],"medium":["https:\/\/www.anika-net.de\/wp-content\/uploads\/2021\/10\/870x489_bundesagentur_fuer_arbeit_logo-1280x640-1-300x169.jpg",300,169,true],"medium_large":["https:\/\/www.anika-net.de\/wp-content\/uploads\/2021\/10\/870x489_bundesagentur_fuer_arbeit_logo-1280x640-1-768x432.jpg",640,360,true],"large":["https:\/\/www.anika-net.de\/wp-content\/uploads\/2021\/10\/870x489_bundesagentur_fuer_arbeit_logo-1280x640-1.jpg",640,360,false],"1536x1536":["https:\/\/www.anika-net.de\/wp-content\/uploads\/2021\/10\/870x489_bundesagentur_fuer_arbeit_logo-1280x640-1.jpg",870,489,false],"2048x2048":["https:\/\/www.anika-net.de\/wp-content\/uploads\/2021\/10\/870x489_bundesagentur_fuer_arbeit_logo-1280x640-1.jpg",870,489,false],"event-overview":["https:\/\/www.anika-net.de\/wp-content\/uploads\/2021\/10\/870x489_bundesagentur_fuer_arbeit_logo-1280x640-1.jpg",870,489,false],"event-archive-thumb":["https:\/\/www.anika-net.de\/wp-content\/uploads\/2021\/10\/870x489_bundesagentur_fuer_arbeit_logo-1280x640-1-480x270.jpg",480,270,true],"grid-item-thumbnail":["https:\/\/www.anika-net.de\/wp-content\/uploads\/2021\/10\/870x489_bundesagentur_fuer_arbeit_logo-1280x640-1-360x200.jpg",360,200,true],"network-partner-icon":["https:\/\/www.anika-net.de\/wp-content\/uploads\/2021\/10\/870x489_bundesagentur_fuer_arbeit_logo-1280x640-1-100x100.jpg",100,100,true],"organiser-icon":["https:\/\/www.anika-net.de\/wp-content\/uploads\/2021\/10\/870x489_bundesagentur_fuer_arbeit_logo-1280x640-1-200x200.jpg",200,200,true],"gform-image-choice-sm":["https:\/\/www.anika-net.de\/wp-content\/uploads\/2021\/10\/870x489_bundesagentur_fuer_arbeit_logo-1280x640-1.jpg",300,169,false],"gform-image-choice-md":["https:\/\/www.anika-net.de\/wp-content\/uploads\/2021\/10\/870x489_bundesagentur_fuer_arbeit_logo-1280x640-1.jpg",400,225,false],"gform-image-choice-lg":["https:\/\/www.anika-net.de\/wp-content\/uploads\/2021\/10\/870x489_bundesagentur_fuer_arbeit_logo-1280x640-1.jpg",600,337,false]},"uagb_author_info":{"display_name":"Andrea Ramirez","author_link":"https:\/\/www.anika-net.de\/tr\/author\/andrea-ramirez\/"},"uagb_comment_info":0,"uagb_excerpt":"Pro\u00adfes\u00adyo\u00adnel yeni\u00adden&nbsp;giri\u015f Bazen mev\u00adcut i\u015f piya\u00adsa\u00ads\u0131n\u00adda \u015fan\u00ads\u0131\u00adn\u0131z olup olma\u00add\u0131\u00ad\u011f\u0131\u00adn\u0131 merak edi\u00adyor musunuz? Yok\u00adsa \u00e7\u0131rak\u00adl\u0131k yap\u00adma\u00adn\u0131n m\u00fcm\u00adk\u00fcn olup olma\u00adya\u00adca\u00ad\u011f\u0131\u00adn\u0131 d\u00fc\u015f\u00fc\u00adn\u00fc\u00adyor musu\u00adnuz? Bel\u00adki yar\u0131 zaman\u00adl\u0131&nbsp;bile? Bel\u00adki de sizi tat\u00admin eden ve mad\u00addi&nbsp;daha fazla okuyun","_links":{"self":[{"href":"https:\/\/www.anika-net.de\/tr\/wp-json\/wp\/v2\/event\/16827","targetHints":{"allow":["GET"]}}],"collection":[{"href":"https:\/\/www.anika-net.de\/tr\/wp-json\/wp\/v2\/event"}],"about":[{"href":"https:\/\/www.anika-net.de\/tr\/wp-json\/wp\/v2\/types\/event"}],"author":[{"embeddable":true,"href":"https:\/\/www.anika-net.de\/tr\/wp-json\/wp\/v2\/users\/12"}],"version-history":[{"count":0,"href":"https:\/\/www.anika-net.de\/tr\/wp-json\/wp\/v2\/event\/16827\/revisions"}],"acf:post":[{"embeddable":true,"href":"https:\/\/www.anika-net.de\/tr\/wp-json\/wp\/v2\/organiser\/15941"}],"acf:term":[{"embeddable":true,"taxonomy":"event_category","href":"https:\/\/www.anika-net.de\/tr\/wp-json\/wp\/v2\/event_category\/96"}],"wp:featuredmedia":[{"embeddable":true,"href":"https:\/\/www.anika-net.de\/tr\/wp-json\/wp\/v2\/media\/9009"}],"wp:attachment":[{"href":"https:\/\/www.anika-net.de\/tr\/wp-json\/wp\/v2\/media?parent=16827"}],"curies":[{"name":"wp","href":"https:\/\/api.w.org\/{rel}","templated":true}]}}

Yeni­den giriş için tavsiye

<h3><strong>Pro­fes­yo­nel yeni­den&nbsp;giriş</strong></h3>
<p>Bazen mev­cut iş piya­sa­sın­da şan­sı­nız olup olma­dı­ğı­nı merak edi­yor musunuz?<br>
Yok­sa çırak­lık yap­ma­nın müm­kün olup olma­ya­ca­ğı­nı düşü­nü­yor musu­nuz? Bel­ki yarı zaman­lı&nbsp;bile?<br>
Bel­ki de sizi tat­min eden ve mad­di yar­dım alma­dan yaşa­ma­nı­za izin veren bir meslekte?</p>
<p><strong>Ücret­siz ve yüküm­lü­lük olmaksızın</strong><br>
Kari­yer danış­man­la­rı­mız, oryan­tas­yon danış­man­lı­ğı için tüm bil­gi ve bağ­lan­tı­la­rıy­la hiz­me­ti­niz­de­dir. Endi­şe­le­ri­niz için zaman ayı­rır­lar ve fikir­le­ri­ni­zi sizin­le tar­tı­şa­bi­lir ve bel­ki de bir son­ra­ki adım­la­rı başlatabilirler.</p>
<p> <a href="https://www.anika-net.de/wp-content/uploads/2022/11/2106_Flyer-BBiE.pdf">Bro­şü­rü</a> indir</p>
<p>©Flyer-Bun­de­sa­gen­tur für Arbeit</p>
<p>&nbsp;</p>

Agentur für Arbeit Karlsruhe-Rastatt

Profesyonel yeniden girişten önceki kişiler

<p>Pro­fes­yo­nel yeni­den&nbsp;giriş Bazen mev­cut iş piya­sa­sın­da şan­sı­nız olup olma­dı­ğı­nı merak edi­yor musu­nuz? Yok­sa çırak­lık yap­ma­nın müm­kün olup olma­ya­ca­ğı­nı düşü­nü­yor musu­nuz? Bel­ki yarı zaman­lı&nbsp;bile? Bel­ki de sizi tat­min eden ve mad­di yar­dım alma­dan yaşa­ma­nı­za izin veren bir mes­lek­te? Ücret­siz ve yüküm­lü­lük olmak­sı­zın Kari­yer danış­man­la­rı­mız, oryan­tas­yon danış­man­lı­ğı için tüm bil­gi ve bağ­lan­tı­la­rıy­la hiz­me­ti­niz­de­dir. Endi­şe­le­ri­niz için zaman ayı­rır­lar ve fikir­le­ri­ni­zi sizin­le tar­tı­şa­bi­lir ve bel­ki de bir son­ra­ki adım­la­rı baş­la­ta­bi­lir­ler. Bro­şü­rü indir ©Flyer-Bun­­­de­­­sa­­­ge­n­­­tur für Arbeit&nbsp;</p>

Pro­fes­yo­nel yeni­den&nbsp;giriş Bazen mev­cut iş piya­sa­sın­da şan­sı­nız olup olma­dı­ğı­nı merak edi­yor musunuz? Yok­sa çırak­lık yap­ma­nın müm­kün olup olma­ya­ca­ğı­nı düşü­nü­yor musu­nuz? Bel­ki yarı zaman­lı&nbsp;bile? Bel­ki de sizi tat­min eden ve mad­di&nbsp;daha fazla okuyun
