{"id":16807,"date":"2019-05-08T11:19:43","date_gmt":"2019-05-08T09:19:43","guid":{"rendered":"https:\/\/www.anika-net.de\/event\/meeting-points-for-moms-and-dads\/"},"modified":"2022-03-20T14:16:41","modified_gmt":"2022-03-20T13:16:41","slug":"anne-ve-babalar-icin-bulusma-noktasi","status":"publish","type":"event","link":"https:\/\/www.anika-net.de\/tr\/event\/anne-ve-babalar-icin-bulusma-noktasi\/","title":{"rendered":"Anne ve baba\u00adlar i\u00e7in bulu\u015f\u00adma noktas\u0131"},"content":{"rendered":"<p><strong>Anne Kafe\u00adle\u00adri, Ebe\u00adveyn Kafe\u00adle\u00adri, Ba\u015f\u00adlan\u00adg\u0131\u00e7 nok\u00adta\u00ads\u0131- ebe\u00adveyn Kafe\u00adle\u00adri, emzi\u00adren anne bulu\u015f\u00adma\u00adla\u00adr\u0131 ve baba bulu\u015fmalar\u0131<\/strong><\/p>\n<p>Fark\u00adl\u0131 ebe\u00adveyn ve aile bulu\u015f\u00adma nok\u00adta\u00adla\u00adr\u0131 siz\u00adle\u00adrin ba\u015f\u00adka aile\u00adler\u00adle ile\u00adti\u00ad\u015fim kur\u00adma\u00adn\u0131\u00adz\u0131 sa\u011flar.<\/p>\n<p><a href=\"https:\/\/www.anika-net.de\/wp-content\/uploads\/2021\/10\/Flyer_Stadt_Karlsruhe_Kinderbuero_Broschuere_Treffpunkte.pdf\" target=\"_blank\" rel=\"noopener\">\u0130nd\u00adirm\u00adek i\u00e7in el&nbsp;ilan\u0131<\/a><\/p>\n","protected":false},"author":12,"featured_media":11147,"template":"","class_list":["post-16807","event","type-event","status-publish","has-post-thumbnail","hentry","event_category-bos-vakit"],"acf":{"event-recurring":true,"event-category":97,"event-is-language-course":false,"event-recurring-still-active":true,"event-display-details":true,"event-schedules-recurring":null,"event-schedules-calendar":null,"event-is-online":false,"event-online-url":"","event-location-building":"Kinderb\u00fcro  Fachbereich Familienbildung","event-location-street":"S\u00fcdendstra\u00dfe 42","event-location-zip":"76135","event-location-city":"Karlsruhe","event-location-contact-person":"Kinderb\u00fcro  Fachbereich Familienbildung","event-location-phone":"0721 133-5044","event-location-phone-2":"","event-location-mail":"familienbildung@sjb.karlsruhe.de","event-location-mail-2":"","event-location-website":"https:\/\/www.karlsruhe.de\/kinderbuero","event-target-group":[{"target-group":"children"},{"target-group":"parents"}],"event-target-group-comment":"","event-free":true,"event-organiser":[16486],"event-header-copyright-overlay":true,"event-copyright-note-description-end":true},"featured_image_urls_v2":{"full":["https:\/\/www.anika-net.de\/wp-content\/uploads\/2021\/10\/kindergarten-gbc81269f0_1280.jpg",1280,853,false],"thumbnail":["https:\/\/www.anika-net.de\/wp-content\/uploads\/2021\/10\/kindergarten-gbc81269f0_1280-150x150.jpg",150,150,true],"medium":["https:\/\/www.anika-net.de\/wp-content\/uploads\/2021\/10\/kindergarten-gbc81269f0_1280-300x200.jpg",300,200,true],"medium_large":["https:\/\/www.anika-net.de\/wp-content\/uploads\/2021\/10\/kindergarten-gbc81269f0_1280-768x512.jpg",640,427,true],"large":["https:\/\/www.anika-net.de\/wp-content\/uploads\/2021\/10\/kindergarten-gbc81269f0_1280-1024x682.jpg",640,426,true],"1536x1536":["https:\/\/www.anika-net.de\/wp-content\/uploads\/2021\/10\/kindergarten-gbc81269f0_1280.jpg",1280,853,false],"2048x2048":["https:\/\/www.anika-net.de\/wp-content\/uploads\/2021\/10\/kindergarten-gbc81269f0_1280.jpg",1280,853,false],"event-overview":["https:\/\/www.anika-net.de\/wp-content\/uploads\/2021\/10\/kindergarten-gbc81269f0_1280-960x640.jpg",960,640,true],"event-archive-thumb":["https:\/\/www.anika-net.de\/wp-content\/uploads\/2021\/10\/kindergarten-gbc81269f0_1280-480x320.jpg",480,320,true],"grid-item-thumbnail":["https:\/\/www.anika-net.de\/wp-content\/uploads\/2021\/10\/kindergarten-gbc81269f0_1280-360x200.jpg",360,200,true],"network-partner-icon":["https:\/\/www.anika-net.de\/wp-content\/uploads\/2021\/10\/kindergarten-gbc81269f0_1280-100x100.jpg",100,100,true],"organiser-icon":["https:\/\/www.anika-net.de\/wp-content\/uploads\/2021\/10\/kindergarten-gbc81269f0_1280-200x200.jpg",200,200,true],"gform-image-choice-sm":["https:\/\/www.anika-net.de\/wp-content\/uploads\/2021\/10\/kindergarten-gbc81269f0_1280.jpg",300,200,false],"gform-image-choice-md":["https:\/\/www.anika-net.de\/wp-content\/uploads\/2021\/10\/kindergarten-gbc81269f0_1280.jpg",400,267,false],"gform-image-choice-lg":["https:\/\/www.anika-net.de\/wp-content\/uploads\/2021\/10\/kindergarten-gbc81269f0_1280.jpg",600,400,false]},"post_excerpt_stackable_v2":"<p>Anne Kafe\u00adle\u00adri, Ebe\u00adveyn Kafe\u00adle\u00adri, Ba\u015f\u00adlan\u00adg\u0131\u00e7 nok\u00ad\u00ad\u00adta\u00ad\u00ad\u00ads\u0131- ebe\u00adveyn Kafe\u00adle\u00adri, emzi\u00adren anne bulu\u015f\u00adma\u00adla\u00adr\u0131 ve baba bulu\u015f\u00adma\u00adla\u00adr\u0131 Fark\u00adl\u0131 ebe\u00adveyn ve aile bulu\u015f\u00adma nok\u00adta\u00adla\u00adr\u0131 siz\u00adle\u00adrin ba\u015f\u00adka aile\u00adler\u00adle ile\u00adti\u00ad\u015fim kur\u00adma\u00adn\u0131\u00adz\u0131 sa\u011f\u00adlar. \u0130nd\u00adirm\u00adek i\u00e7in el&nbsp;ilan\u0131<\/p>\n","category_list_v2":"","author_info_v2":{"name":"Andrea Ramirez","url":"https:\/\/www.anika-net.de\/tr\/author\/andrea-ramirez\/"},"comments_num_v2":"0 comments","uagb_featured_image_src":{"full":["https:\/\/www.anika-net.de\/wp-content\/uploads\/2021\/10\/kindergarten-gbc81269f0_1280.jpg",1280,853,false],"thumbnail":["https:\/\/www.anika-net.de\/wp-content\/uploads\/2021\/10\/kindergarten-gbc81269f0_1280-150x150.jpg",150,150,true],"medium":["https:\/\/www.anika-net.de\/wp-content\/uploads\/2021\/10\/kindergarten-gbc81269f0_1280-300x200.jpg",300,200,true],"medium_large":["https:\/\/www.anika-net.de\/wp-content\/uploads\/2021\/10\/kindergarten-gbc81269f0_1280-768x512.jpg",640,427,true],"large":["https:\/\/www.anika-net.de\/wp-content\/uploads\/2021\/10\/kindergarten-gbc81269f0_1280-1024x682.jpg",640,426,true],"1536x1536":["https:\/\/www.anika-net.de\/wp-content\/uploads\/2021\/10\/kindergarten-gbc81269f0_1280.jpg",1280,853,false],"2048x2048":["https:\/\/www.anika-net.de\/wp-content\/uploads\/2021\/10\/kindergarten-gbc81269f0_1280.jpg",1280,853,false],"event-overview":["https:\/\/www.anika-net.de\/wp-content\/uploads\/2021\/10\/kindergarten-gbc81269f0_1280-960x640.jpg",960,640,true],"event-archive-thumb":["https:\/\/www.anika-net.de\/wp-content\/uploads\/2021\/10\/kindergarten-gbc81269f0_1280-480x320.jpg",480,320,true],"grid-item-thumbnail":["https:\/\/www.anika-net.de\/wp-content\/uploads\/2021\/10\/kindergarten-gbc81269f0_1280-360x200.jpg",360,200,true],"network-partner-icon":["https:\/\/www.anika-net.de\/wp-content\/uploads\/2021\/10\/kindergarten-gbc81269f0_1280-100x100.jpg",100,100,true],"organiser-icon":["https:\/\/www.anika-net.de\/wp-content\/uploads\/2021\/10\/kindergarten-gbc81269f0_1280-200x200.jpg",200,200,true],"gform-image-choice-sm":["https:\/\/www.anika-net.de\/wp-content\/uploads\/2021\/10\/kindergarten-gbc81269f0_1280.jpg",300,200,false],"gform-image-choice-md":["https:\/\/www.anika-net.de\/wp-content\/uploads\/2021\/10\/kindergarten-gbc81269f0_1280.jpg",400,267,false],"gform-image-choice-lg":["https:\/\/www.anika-net.de\/wp-content\/uploads\/2021\/10\/kindergarten-gbc81269f0_1280.jpg",600,400,false]},"uagb_author_info":{"display_name":"Andrea Ramirez","author_link":"https:\/\/www.anika-net.de\/tr\/author\/andrea-ramirez\/"},"uagb_comment_info":0,"uagb_excerpt":"Anne Kafe\u00adle\u00adri, Ebe\u00adveyn Kafe\u00adle\u00adri, Ba\u015f\u00adlan\u00adg\u0131\u00e7 nok\u00adta\u00ads\u0131- ebe\u00adveyn Kafe\u00adle\u00adri, emzi\u00adren anne bulu\u015f\u00adma\u00adla\u00adr\u0131 ve baba bulu\u015fmalar\u0131 Fark\u00adl\u0131 ebe\u00adveyn ve aile bulu\u015f\u00adma nok\u00adta\u00adla\u00adr\u0131 siz\u00adle\u00adrin ba\u015f\u00adka aile\u00adler\u00adle ile\u00adti\u00ad\u015fim kur\u00adma\u00adn\u0131\u00adz\u0131 sa\u011flar. \u0130nd\u00adirm\u00adek i\u00e7in el&nbsp;ilan\u0131","_links":{"self":[{"href":"https:\/\/www.anika-net.de\/tr\/wp-json\/wp\/v2\/event\/16807","targetHints":{"allow":["GET"]}}],"collection":[{"href":"https:\/\/www.anika-net.de\/tr\/wp-json\/wp\/v2\/event"}],"about":[{"href":"https:\/\/www.anika-net.de\/tr\/wp-json\/wp\/v2\/types\/event"}],"author":[{"embeddable":true,"href":"https:\/\/www.anika-net.de\/tr\/wp-json\/wp\/v2\/users\/12"}],"version-history":[{"count":0,"href":"https:\/\/www.anika-net.de\/tr\/wp-json\/wp\/v2\/event\/16807\/revisions"}],"acf:post":[{"embeddable":true,"href":"https:\/\/www.anika-net.de\/tr\/wp-json\/wp\/v2\/organiser\/16486"}],"acf:term":[{"embeddable":true,"taxonomy":"event_category","href":"https:\/\/www.anika-net.de\/tr\/wp-json\/wp\/v2\/event_category\/97"}],"wp:featuredmedia":[{"embeddable":true,"href":"https:\/\/www.anika-net.de\/tr\/wp-json\/wp\/v2\/media\/11147"}],"wp:attachment":[{"href":"https:\/\/www.anika-net.de\/tr\/wp-json\/wp\/v2\/media?parent=16807"}],"curies":[{"name":"wp","href":"https:\/\/api.w.org\/{rel}","templated":true}]}}

Anne ve baba­lar için buluş­ma noktası

<p><strong>Anne Kafe­le­ri, Ebe­veyn Kafe­le­ri, Baş­lan­gıç nok­ta­sı- ebe­veyn Kafe­le­ri, emzi­ren anne buluş­ma­la­rı ve baba buluşmaları</strong></p>
<p>Fark­lı ebe­veyn ve aile buluş­ma nok­ta­la­rı siz­le­rin baş­ka aile­ler­le ile­ti­şim kur­ma­nı­zı sağlar.</p>
<p><a href="https://www.anika-net.de/wp-content/uploads/2021/10/Flyer_Stadt_Karlsruhe_Kinderbuero_Broschuere_Treffpunkte.pdf" target="_blank" rel="noopener">İnd­irm­ek için el&nbsp;ilanı</a></p>

Kinderbüro  Fachbereich Familienbildung

Südendstraße 42

<p>Anne Kafe­le­ri, Ebe­veyn Kafe­le­ri, Baş­lan­gıç nok­­­ta­­­sı- ebe­veyn Kafe­le­ri, emzi­ren anne buluş­ma­la­rı ve baba buluş­ma­la­rı Fark­lı ebe­veyn ve aile buluş­ma nok­ta­la­rı siz­le­rin baş­ka aile­ler­le ile­ti­şim kur­ma­nı­zı sağ­lar. İnd­irm­ek için el&nbsp;ilanı</p>

Anne Kafe­le­ri, Ebe­veyn Kafe­le­ri, Baş­lan­gıç nok­ta­sı- ebe­veyn Kafe­le­ri, emzi­ren anne buluş­ma­la­rı ve baba buluşmaları Fark­lı ebe­veyn ve aile buluş­ma nok­ta­la­rı siz­le­rin baş­ka aile­ler­le ile­ti­şim kur­ma­nı­zı sağlar. İnd­irm­ek için el&nbsp;ilanı
