{"id":16732,"date":"2019-12-02T14:42:39","date_gmt":"2019-12-02T13:42:39","guid":{"rendered":"https:\/\/www.anika-net.de\/event\/international-moms-get-together\/"},"modified":"2022-03-20T14:17:20","modified_gmt":"2022-03-20T13:17:20","slug":"uluslararasi-anneler-bulusmasi","status":"publish","type":"event","link":"https:\/\/www.anika-net.de\/tr\/event\/uluslararasi-anneler-bulusmasi\/","title":{"rendered":"Ulus\u00adla\u00adra\u00adra\u00ads\u0131 Anne\u00adler Bulu\u015fmas\u0131"},"content":{"rendered":"<p><strong>Durlach\u2019daki Pes\u00adta\u00adloz\u00adzi Okulunda<\/strong><\/p>\n<p>Anne\u00adler i\u00e7in Kafe b\u00fct\u00fcn anne\u00adle\u00adrin Dur\u00adlac\u00adh\u00ad\u2019\u00adda\u00adki Pes\u00adta\u00adloz\u00adzi Oku\u00adlun\u00adda bir ara\u00adya gel\u00adme\u00adsi\u00adni sa\u011flar.(Bu s\u00fcre zar\u00adf\u0131n\u00adda \u00e7ocuk bak\u0131\u00adm\u0131 sa\u011flanmaktad\u0131r)<\/p>\n<p>Bura\u00adda anne\u00adle\u00adrin di\u011fer anne\u00adler\u00adle bil\u00adgi al\u0131\u015f\u00adve\u00adri\u00ad\u015fin\u00adde bulun\u00adma\u00adla\u00adr\u0131, enteg\u00adras\u00adyon yar\u00add\u0131\u00adm\u0131 ayn\u0131 zaman\u00adda da dil ve y\u00f6n\u00adlen\u00addir\u00adme kurs\u00adla\u00adr\u0131n\u00addan fay\u00adda\u00adlan\u00adma\u00adla\u00adr\u0131 m\u00fcm\u00adk\u00fcn k\u0131l\u0131n\u0131r.<\/p>\n<p>&nbsp;<\/p>\n<p>Flyer to <a href=\"https:\/\/www.anika-net.de\/wp-content\/uploads\/2021\/10\/Flyer_Internationales_Cafe_fuer_Muetter.pdf\" target=\"_blank\" rel=\"noopener\">\u0130nd\u00adirm\u00adek i\u00e7in el&nbsp;ilan\u0131<\/a><\/p>\n","protected":false},"author":1,"featured_media":27781,"template":"","class_list":["post-16732","event","type-event","status-publish","has-post-thumbnail","hentry","event_category-bos-vakit"],"acf":{"event-recurring":true,"event-category":97,"event-is-language-course":false,"event-recurring-still-active":true,"event-display-details":true,"event-schedules-recurring":[{"event-recurring-week-day":"0","event-recurring-time":"11:30","event-recurring-time-text":""},{"event-recurring-week-day":"1","event-recurring-time":"11:30","event-recurring-time-text":""}],"event-schedules-calendar":null,"event-is-online":false,"event-online-url":"","event-location-building":"Pestalozzischule in Durlach","event-location-street":"Bleichstr.  9","event-location-zip":"76227","event-location-city":"Karlsruhe","event-location-contact-person":"Firdevs Kaplaner","event-location-phone":"0721 98 96 33-12","event-location-phone-2":"","event-location-mail":"f.kaplaner@awo-karlsruhe.de","event-location-mail-2":"","event-location-website":"","event-target-group":[{"target-group":"women"}],"event-target-group-comment":"","event-free":true,"event-organiser":[15891],"event-header-copyright-overlay":true,"event-copyright-note-description-end":true},"featured_image_urls_v2":{"full":["https:\/\/www.anika-net.de\/wp-content\/uploads\/2019\/12\/coffee-1850612-scaled.jpg",2560,1706,false],"thumbnail":["https:\/\/www.anika-net.de\/wp-content\/uploads\/2019\/12\/coffee-1850612-150x150.jpg",150,150,true],"medium":["https:\/\/www.anika-net.de\/wp-content\/uploads\/2019\/12\/coffee-1850612-300x200.jpg",300,200,true],"medium_large":["https:\/\/www.anika-net.de\/wp-content\/uploads\/2019\/12\/coffee-1850612-768x512.jpg",640,427,true],"large":["https:\/\/www.anika-net.de\/wp-content\/uploads\/2019\/12\/coffee-1850612-1024x682.jpg",640,426,true],"1536x1536":["https:\/\/www.anika-net.de\/wp-content\/uploads\/2019\/12\/coffee-1850612-1536x1024.jpg",1536,1024,true],"2048x2048":["https:\/\/www.anika-net.de\/wp-content\/uploads\/2019\/12\/coffee-1850612-2048x1365.jpg",2048,1365,true],"event-overview":["https:\/\/www.anika-net.de\/wp-content\/uploads\/2019\/12\/coffee-1850612-960x640.jpg",960,640,true],"event-archive-thumb":["https:\/\/www.anika-net.de\/wp-content\/uploads\/2019\/12\/coffee-1850612-480x320.jpg",480,320,true],"grid-item-thumbnail":["https:\/\/www.anika-net.de\/wp-content\/uploads\/2019\/12\/coffee-1850612-360x200.jpg",360,200,true],"network-partner-icon":["https:\/\/www.anika-net.de\/wp-content\/uploads\/2019\/12\/coffee-1850612-100x100.jpg",100,100,true],"organiser-icon":["https:\/\/www.anika-net.de\/wp-content\/uploads\/2019\/12\/coffee-1850612-200x200.jpg",200,200,true],"gform-image-choice-sm":["https:\/\/www.anika-net.de\/wp-content\/uploads\/2019\/12\/coffee-1850612-scaled.jpg",300,200,false],"gform-image-choice-md":["https:\/\/www.anika-net.de\/wp-content\/uploads\/2019\/12\/coffee-1850612-scaled.jpg",400,267,false],"gform-image-choice-lg":["https:\/\/www.anika-net.de\/wp-content\/uploads\/2019\/12\/coffee-1850612-scaled.jpg",600,400,false]},"post_excerpt_stackable_v2":"<p>Durlach\u2019daki Pes\u00adta\u00adloz\u00adzi Oku\u00adlun\u00adda Anne\u00adler i\u00e7in Kafe b\u00fct\u00fcn anne\u00adle\u00adrin Dur\u00adlac\u00adh\u00ad\u2019\u00adda\u00adki Pes\u00adta\u00adloz\u00adzi Oku\u00adlun\u00adda bir ara\u00adya gel\u00adme\u00adsi\u00adni sa\u011flar.(Bu s\u00fcre zar\u00adf\u0131n\u00adda \u00e7ocuk bak\u0131\u00adm\u0131 sa\u011f\u00adlan\u00admak\u00adta\u00add\u0131r) Bura\u00adda anne\u00adle\u00adrin di\u011fer anne\u00adler\u00adle bil\u00adgi al\u0131\u015f\u00adve\u00adri\u00ad\u015fin\u00adde bulun\u00adma\u00adla\u00adr\u0131, enteg\u00adras\u00adyon yar\u00add\u0131\u00adm\u0131 ayn\u0131 zaman\u00adda da dil ve y\u00f6n\u00adlen\u00addir\u00adme kurs\u00adla\u00adr\u0131n\u00addan fay\u00adda\u00adlan\u00adma\u00adla\u00adr\u0131 m\u00fcm\u00adk\u00fcn k\u0131l\u0131\u00adn\u0131r. &nbsp; Flyer to \u0130nd\u00adirm\u00adek i\u00e7in el&nbsp;ilan\u0131<\/p>\n","category_list_v2":"","author_info_v2":{"name":"saasweb-admin","url":"https:\/\/www.anika-net.de\/tr\/author\/saasweb-admin\/"},"comments_num_v2":"0 comments","uagb_featured_image_src":{"full":["https:\/\/www.anika-net.de\/wp-content\/uploads\/2019\/12\/coffee-1850612-scaled.jpg",2560,1706,false],"thumbnail":["https:\/\/www.anika-net.de\/wp-content\/uploads\/2019\/12\/coffee-1850612-150x150.jpg",150,150,true],"medium":["https:\/\/www.anika-net.de\/wp-content\/uploads\/2019\/12\/coffee-1850612-300x200.jpg",300,200,true],"medium_large":["https:\/\/www.anika-net.de\/wp-content\/uploads\/2019\/12\/coffee-1850612-768x512.jpg",640,427,true],"large":["https:\/\/www.anika-net.de\/wp-content\/uploads\/2019\/12\/coffee-1850612-1024x682.jpg",640,426,true],"1536x1536":["https:\/\/www.anika-net.de\/wp-content\/uploads\/2019\/12\/coffee-1850612-1536x1024.jpg",1536,1024,true],"2048x2048":["https:\/\/www.anika-net.de\/wp-content\/uploads\/2019\/12\/coffee-1850612-2048x1365.jpg",2048,1365,true],"event-overview":["https:\/\/www.anika-net.de\/wp-content\/uploads\/2019\/12\/coffee-1850612-960x640.jpg",960,640,true],"event-archive-thumb":["https:\/\/www.anika-net.de\/wp-content\/uploads\/2019\/12\/coffee-1850612-480x320.jpg",480,320,true],"grid-item-thumbnail":["https:\/\/www.anika-net.de\/wp-content\/uploads\/2019\/12\/coffee-1850612-360x200.jpg",360,200,true],"network-partner-icon":["https:\/\/www.anika-net.de\/wp-content\/uploads\/2019\/12\/coffee-1850612-100x100.jpg",100,100,true],"organiser-icon":["https:\/\/www.anika-net.de\/wp-content\/uploads\/2019\/12\/coffee-1850612-200x200.jpg",200,200,true],"gform-image-choice-sm":["https:\/\/www.anika-net.de\/wp-content\/uploads\/2019\/12\/coffee-1850612-scaled.jpg",300,200,false],"gform-image-choice-md":["https:\/\/www.anika-net.de\/wp-content\/uploads\/2019\/12\/coffee-1850612-scaled.jpg",400,267,false],"gform-image-choice-lg":["https:\/\/www.anika-net.de\/wp-content\/uploads\/2019\/12\/coffee-1850612-scaled.jpg",600,400,false]},"uagb_author_info":{"display_name":"saasweb-admin","author_link":"https:\/\/www.anika-net.de\/tr\/author\/saasweb-admin\/"},"uagb_comment_info":0,"uagb_excerpt":"Durlach\u2019daki Pes\u00adta\u00adloz\u00adzi Okulunda Anne\u00adler i\u00e7in Kafe b\u00fct\u00fcn anne\u00adle\u00adrin Dur\u00adlac\u00adh\u00ad\u2019\u00adda\u00adki Pes\u00adta\u00adloz\u00adzi Oku\u00adlun\u00adda bir ara\u00adya gel\u00adme\u00adsi\u00adni sa\u011flar.(Bu s\u00fcre zar\u00adf\u0131n\u00adda \u00e7ocuk bak\u0131\u00adm\u0131 sa\u011flanmaktad\u0131r) Bura\u00adda anne\u00adle\u00adrin di\u011fer anne\u00adler\u00adle bil\u00adgi al\u0131\u015f\u00adve\u00adri\u00ad\u015fin\u00adde bulun\u00adma\u00adla\u00adr\u0131, enteg\u00adras\u00adyon yar\u00add\u0131\u00adm\u0131 ayn\u0131&nbsp;daha fazla okuyun","_links":{"self":[{"href":"https:\/\/www.anika-net.de\/tr\/wp-json\/wp\/v2\/event\/16732","targetHints":{"allow":["GET"]}}],"collection":[{"href":"https:\/\/www.anika-net.de\/tr\/wp-json\/wp\/v2\/event"}],"about":[{"href":"https:\/\/www.anika-net.de\/tr\/wp-json\/wp\/v2\/types\/event"}],"author":[{"embeddable":true,"href":"https:\/\/www.anika-net.de\/tr\/wp-json\/wp\/v2\/users\/1"}],"version-history":[{"count":0,"href":"https:\/\/www.anika-net.de\/tr\/wp-json\/wp\/v2\/event\/16732\/revisions"}],"acf:post":[{"embeddable":true,"href":"https:\/\/www.anika-net.de\/tr\/wp-json\/wp\/v2\/organiser\/15891"}],"acf:term":[{"embeddable":true,"taxonomy":"event_category","href":"https:\/\/www.anika-net.de\/tr\/wp-json\/wp\/v2\/event_category\/97"}],"wp:featuredmedia":[{"embeddable":true,"href":"https:\/\/www.anika-net.de\/tr\/wp-json\/wp\/v2\/media\/27781"}],"wp:attachment":[{"href":"https:\/\/www.anika-net.de\/tr\/wp-json\/wp\/v2\/media?parent=16732"}],"curies":[{"name":"wp","href":"https:\/\/api.w.org\/{rel}","templated":true}]}}

Ulus­la­ra­ra­sı Anne­ler Buluşması

<p><strong>Durlach’daki Pes­ta­loz­zi Okulunda</strong></p>
<p>Anne­ler için Kafe bütün anne­le­rin Dur­lac­h­’­da­ki Pes­ta­loz­zi Oku­lun­da bir ara­ya gel­me­si­ni sağlar.(Bu süre zar­fın­da çocuk bakı­mı sağlanmaktadır)</p>
<p>Bura­da anne­le­rin diğer anne­ler­le bil­gi alış­ve­ri­şin­de bulun­ma­la­rı, enteg­ras­yon yar­dı­mı aynı zaman­da da dil ve yön­len­dir­me kurs­la­rın­dan fay­da­lan­ma­la­rı müm­kün kılınır.</p>
<p>&nbsp;</p>
<p>Flyer to <a href="https://www.anika-net.de/wp-content/uploads/2021/10/Flyer_Internationales_Cafe_fuer_Muetter.pdf" target="_blank" rel="noopener">İnd­irm­ek için el&nbsp;ilanı</a></p>

<p>Durlach’daki Pes­ta­loz­zi Oku­lun­da Anne­ler için Kafe bütün anne­le­rin Dur­lac­h­’­da­ki Pes­ta­loz­zi Oku­lun­da bir ara­ya gel­me­si­ni sağlar.(Bu süre zar­fın­da çocuk bakı­mı sağ­lan­mak­ta­dır) Bura­da anne­le­rin diğer anne­ler­le bil­gi alış­ve­ri­şin­de bulun­ma­la­rı, enteg­ras­yon yar­dı­mı aynı zaman­da da dil ve yön­len­dir­me kurs­la­rın­dan fay­da­lan­ma­la­rı müm­kün kılı­nır. &nbsp; Flyer to İnd­irm­ek için el&nbsp;ilanı</p>

Durlach’daki Pes­ta­loz­zi Okulunda Anne­ler için Kafe bütün anne­le­rin Dur­lac­h­’­da­ki Pes­ta­loz­zi Oku­lun­da bir ara­ya gel­me­si­ni sağlar.(Bu süre zar­fın­da çocuk bakı­mı sağlanmaktadır) Bura­da anne­le­rin diğer anne­ler­le bil­gi alış­ve­ri­şin­de bulun­ma­la­rı, enteg­ras­yon yar­dı­mı aynı&nbsp;daha fazla okuyun
