{"id":121627,"date":"2026-04-29T12:03:22","date_gmt":"2026-04-29T10:03:22","guid":{"rendered":"https:\/\/www.anika-net.de\/event\/karlsruhede-acik-hukuki-danismanlik\/"},"modified":"2026-04-29T12:05:18","modified_gmt":"2026-04-29T10:05:18","slug":"karlsruhede-acik-hukuki-danismanlik","status":"publish","type":"event","link":"https:\/\/www.anika-net.de\/tr\/event\/karlsruhede-acik-hukuki-danismanlik\/","title":{"rendered":"Karls\u00adru\u00adhe\u00ad\u2019\u00adde A\u00e7\u0131k Huku\u00adki Dan\u0131\u015fmanl\u0131k"},"content":{"rendered":"\n<p>Yasal bir konu\u00adda reh\u00adber\u00adli\u00ad\u011fe mi ihti\u00adya\u00adc\u0131\u00adn\u0131z var veya hak\u00adla\u00adr\u0131\u00adn\u0131z\u00addan emin de\u011fil misi\u00adniz? Bu, sami\u00admi ve top\u00adlum\u00adsal bir alan\u00adda <strong>\u00fccret\u00adsiz pro\u00adfes\u00adyo\u00adnel dan\u0131\u015f\u00adman\u00adl\u0131k<\/strong> almak i\u00e7in hari\u00adka bir f\u0131rsatt\u0131r.&nbsp;<\/p>\n\n<h4 class=\"wp-block-heading\">A\u00e7\u0131k Huku\u00adki Dan\u0131\u015f\u00adman\u00adl\u0131k<br><strong>Avu\u00adkat Caro\u00adli\u00adne Sch\u00ad\u00e4\u00adfer (raum-fuer-recht.de) ve mes\u00adlek\u00adta\u00ad\u015f\u0131 Her\u00admann Bau\u00ader (honold.de) top\u00adlum i\u00e7in \u00fccret\u00adsiz huku\u00adki dan\u0131\u015f\u00adman\u00adl\u0131k hiz\u00adme\u00adti sunuyor.<\/strong><\/h4>\n\n<p><strong>Konu\u00adlar:<\/strong><br>- \u0130kam\u00adet ve ilti\u00adca huku\u00adku<br>- Kira\u00adc\u0131\u00adl\u0131k huku\u00adku<br>- Genel mede\u00adni&nbsp;hukuk<\/p>\n\n<p>Bu a\u00e7\u0131k huku\u00adki dan\u0131\u015f\u00adma g\u00f6r\u00fc\u015f\u00adme\u00adsi \u00e7e\u015fit\u00adli \u00c7ar\u00ad\u015fam\u00adba g\u00fcn\u00adle\u00adri ger\u00e7ekle\u015ftirilmektedir.&nbsp;<\/p>\n\n<p>Ran\u00adde\u00advu\u00adya gerek yok. Sade\u00adce u\u011fray\u0131n!&nbsp;<\/p>\n\n<p><\/p>\n","protected":false},"author":16,"featured_media":121626,"template":"","class_list":["post-121627","event","type-event","status-publish","has-post-thumbnail","hentry","event_category-yardim-olanaklari"],"acf":{"event-recurring":false,"event-category":95,"event-is-language-course":false,"event-recurring-still-active":true,"event-display-details":true,"event-schedules-recurring":null,"event-schedules-calendar":[{"event-calendar-day":"20260429","event-calendar-time":"15:00 - 17:00","event-calendar-time-text":""},{"event-calendar-day":"20260513","event-calendar-time":"15:00 - 17:00","event-calendar-time-text":""},{"event-calendar-day":"20260527","event-calendar-time":"15:00 - 17:00","event-calendar-time-text":""},{"event-calendar-day":"20260603","event-calendar-time":"15:00 - 17:00","event-calendar-time-text":""},{"event-calendar-day":"20260617","event-calendar-time":"15:00 - 17:00","event-calendar-time-text":""},{"event-calendar-day":"20260701","event-calendar-time":"15:00 - 17:00","event-calendar-time-text":""},{"event-calendar-day":"20260715","event-calendar-time":"15:00 - 17:00","event-calendar-time-text":""},{"event-calendar-day":"20260729","event-calendar-time":"15:00 - 17:00","event-calendar-time-text":""}],"event-is-online":false,"event-online-url":"","event-location-building":"Kulturk\u00fcche Karlsruhe","event-location-street":"Kaiserstra\u00dfe 47","event-location-zip":"76131","event-location-city":"Karlsruhe","event-location-contact-person":"","event-location-phone":"","event-location-phone-2":"","event-location-mail":"","event-location-mail-2":"","event-location-website":"","event-target-group":[{"target-group":"all"}],"event-target-group-comment":"","event-free":true,"event-organiser":[16317],"event-header-copyright-overlay":true,"event-copyright-note-description-end":false},"featured_image_urls_v2":{"full":["https:\/\/www.anika-net.de\/wp-content\/uploads\/2026\/04\/two-businesswomen-working-cafe-scaled.webp",2560,1707,false],"thumbnail":["https:\/\/www.anika-net.de\/wp-content\/uploads\/2026\/04\/two-businesswomen-working-cafe-150x150.webp",150,150,true],"medium":["https:\/\/www.anika-net.de\/wp-content\/uploads\/2026\/04\/two-businesswomen-working-cafe-300x200.webp",300,200,true],"medium_large":["https:\/\/www.anika-net.de\/wp-content\/uploads\/2026\/04\/two-businesswomen-working-cafe-768x512.webp",640,427,true],"large":["https:\/\/www.anika-net.de\/wp-content\/uploads\/2026\/04\/two-businesswomen-working-cafe-1024x683.webp",640,427,true],"1536x1536":["https:\/\/www.anika-net.de\/wp-content\/uploads\/2026\/04\/two-businesswomen-working-cafe-1536x1024.webp",1536,1024,true],"2048x2048":["https:\/\/www.anika-net.de\/wp-content\/uploads\/2026\/04\/two-businesswomen-working-cafe-2048x1365.webp",2048,1365,true],"event-overview":["https:\/\/www.anika-net.de\/wp-content\/uploads\/2026\/04\/two-businesswomen-working-cafe-960x640.webp",960,640,true],"event-archive-thumb":["https:\/\/www.anika-net.de\/wp-content\/uploads\/2026\/04\/two-businesswomen-working-cafe-480x320.webp",480,320,true],"grid-item-thumbnail":["https:\/\/www.anika-net.de\/wp-content\/uploads\/2026\/04\/two-businesswomen-working-cafe-360x200.webp",360,200,true],"network-partner-icon":["https:\/\/www.anika-net.de\/wp-content\/uploads\/2026\/04\/two-businesswomen-working-cafe-100x100.webp",100,100,true],"organiser-icon":["https:\/\/www.anika-net.de\/wp-content\/uploads\/2026\/04\/two-businesswomen-working-cafe-200x200.webp",200,200,true],"gform-image-choice-sm":["https:\/\/www.anika-net.de\/wp-content\/uploads\/2026\/04\/two-businesswomen-working-cafe-scaled.webp",300,200,false],"gform-image-choice-md":["https:\/\/www.anika-net.de\/wp-content\/uploads\/2026\/04\/two-businesswomen-working-cafe-scaled.webp",400,267,false],"gform-image-choice-lg":["https:\/\/www.anika-net.de\/wp-content\/uploads\/2026\/04\/two-businesswomen-working-cafe-scaled.webp",600,400,false]},"post_excerpt_stackable_v2":"<p>Yasal bir konu\u00adda reh\u00adber\u00adli\u00ad\u011fe mi ihti\u00adya\u00adc\u0131\u00adn\u0131z var veya hak\u00adla\u00adr\u0131\u00adn\u0131z\u00addan emin de\u011fil misi\u00adniz? Bu, sami\u00admi ve top\u00adlum\u00adsal bir alan\u00adda \u00fccret\u00adsiz pro\u00adfes\u00adyo\u00adnel dan\u0131\u015f\u00adman\u00adl\u0131k almak i\u00e7in hari\u00adka bir f\u0131r\u00adsat\u00adt\u0131r.&nbsp; A\u00e7\u0131k Huku\u00adki Dan\u0131\u015f\u00adman\u00adl\u0131kAvu\u00adkat Caro\u00adli\u00adne Sch\u00ad\u00e4\u00adfer (raum-fuer-recht.de) ve mes\u00adlek\u00adta\u00ad\u015f\u0131 Her\u00admann Bau\u00ader (honold.de) top\u00adlum i\u00e7in \u00fccret\u00adsiz huku\u00adki dan\u0131\u015f\u00adman\u00adl\u0131k hiz\u00adme\u00adti sunu\u00adyor. Konu\u00adlar:- \u0130kam\u00adet ve ilti\u00adca huku\u00ad\u00ad\u00adku- Kira\u00adc\u0131\u00adl\u0131k huku\u00ad\u00ad\u00adku- Genel mede\u00adni&nbsp;hukuk Bu a\u00e7\u0131k huku\u00adki dan\u0131\u015f\u00adma g\u00f6r\u00fc\u015f\u00adme\u00adsi \u00e7e\u015fit\u00adli \u00c7ar\u00ad\u015fam\u00adba g\u00fcn\u00adle\u00adri ger\u00ad\u00e7ek\u00adle\u015f\u00adti\u00adril\u00admek\u00adte\u00addir.&nbsp; Ran\u00adde\u00advu\u00adya gerek yok. Sade\u00adce u\u011fray\u0131n!&nbsp;<\/p>\n","category_list_v2":"","author_info_v2":{"name":"Valentina Patterson","url":"https:\/\/www.anika-net.de\/tr\/author\/valentinapatterson\/"},"comments_num_v2":"0 comments","uagb_featured_image_src":{"full":["https:\/\/www.anika-net.de\/wp-content\/uploads\/2026\/04\/two-businesswomen-working-cafe-scaled.webp",2560,1707,false],"thumbnail":["https:\/\/www.anika-net.de\/wp-content\/uploads\/2026\/04\/two-businesswomen-working-cafe-150x150.webp",150,150,true],"medium":["https:\/\/www.anika-net.de\/wp-content\/uploads\/2026\/04\/two-businesswomen-working-cafe-300x200.webp",300,200,true],"medium_large":["https:\/\/www.anika-net.de\/wp-content\/uploads\/2026\/04\/two-businesswomen-working-cafe-768x512.webp",640,427,true],"large":["https:\/\/www.anika-net.de\/wp-content\/uploads\/2026\/04\/two-businesswomen-working-cafe-1024x683.webp",640,427,true],"1536x1536":["https:\/\/www.anika-net.de\/wp-content\/uploads\/2026\/04\/two-businesswomen-working-cafe-1536x1024.webp",1536,1024,true],"2048x2048":["https:\/\/www.anika-net.de\/wp-content\/uploads\/2026\/04\/two-businesswomen-working-cafe-2048x1365.webp",2048,1365,true],"event-overview":["https:\/\/www.anika-net.de\/wp-content\/uploads\/2026\/04\/two-businesswomen-working-cafe-960x640.webp",960,640,true],"event-archive-thumb":["https:\/\/www.anika-net.de\/wp-content\/uploads\/2026\/04\/two-businesswomen-working-cafe-480x320.webp",480,320,true],"grid-item-thumbnail":["https:\/\/www.anika-net.de\/wp-content\/uploads\/2026\/04\/two-businesswomen-working-cafe-360x200.webp",360,200,true],"network-partner-icon":["https:\/\/www.anika-net.de\/wp-content\/uploads\/2026\/04\/two-businesswomen-working-cafe-100x100.webp",100,100,true],"organiser-icon":["https:\/\/www.anika-net.de\/wp-content\/uploads\/2026\/04\/two-businesswomen-working-cafe-200x200.webp",200,200,true],"gform-image-choice-sm":["https:\/\/www.anika-net.de\/wp-content\/uploads\/2026\/04\/two-businesswomen-working-cafe-scaled.webp",300,200,false],"gform-image-choice-md":["https:\/\/www.anika-net.de\/wp-content\/uploads\/2026\/04\/two-businesswomen-working-cafe-scaled.webp",400,267,false],"gform-image-choice-lg":["https:\/\/www.anika-net.de\/wp-content\/uploads\/2026\/04\/two-businesswomen-working-cafe-scaled.webp",600,400,false]},"uagb_author_info":{"display_name":"Valentina Patterson","author_link":"https:\/\/www.anika-net.de\/tr\/author\/valentinapatterson\/"},"uagb_comment_info":0,"uagb_excerpt":"Yasal bir konu\u00adda reh\u00adber\u00adli\u00ad\u011fe mi ihti\u00adya\u00adc\u0131\u00adn\u0131z var veya hak\u00adla\u00adr\u0131\u00adn\u0131z\u00addan emin de\u011fil misi\u00adniz? Bu, sami\u00admi ve top\u00adlum\u00adsal bir alan\u00adda \u00fccret\u00adsiz pro\u00adfes\u00adyo\u00adnel dan\u0131\u015f\u00adman\u00adl\u0131k almak i\u00e7in hari\u00adka bir f\u0131rsatt\u0131r.&nbsp; A\u00e7\u0131k Huku\u00adki Dan\u0131\u015f\u00adman\u00adl\u0131kAvu\u00adkat Caro\u00adli\u00adne&nbsp;daha fazla okuyun","_links":{"self":[{"href":"https:\/\/www.anika-net.de\/tr\/wp-json\/wp\/v2\/event\/121627","targetHints":{"allow":["GET"]}}],"collection":[{"href":"https:\/\/www.anika-net.de\/tr\/wp-json\/wp\/v2\/event"}],"about":[{"href":"https:\/\/www.anika-net.de\/tr\/wp-json\/wp\/v2\/types\/event"}],"author":[{"embeddable":true,"href":"https:\/\/www.anika-net.de\/tr\/wp-json\/wp\/v2\/users\/16"}],"version-history":[{"count":1,"href":"https:\/\/www.anika-net.de\/tr\/wp-json\/wp\/v2\/event\/121627\/revisions"}],"predecessor-version":[{"id":121628,"href":"https:\/\/www.anika-net.de\/tr\/wp-json\/wp\/v2\/event\/121627\/revisions\/121628"}],"acf:post":[{"embeddable":true,"href":"https:\/\/www.anika-net.de\/tr\/wp-json\/wp\/v2\/organiser\/16317"}],"acf:term":[{"embeddable":true,"taxonomy":"event_category","href":"https:\/\/www.anika-net.de\/tr\/wp-json\/wp\/v2\/event_category\/95"}],"wp:featuredmedia":[{"embeddable":true,"href":"https:\/\/www.anika-net.de\/tr\/wp-json\/wp\/v2\/media\/121626"}],"wp:attachment":[{"href":"https:\/\/www.anika-net.de\/tr\/wp-json\/wp\/v2\/media?parent=121627"}],"curies":[{"name":"wp","href":"https:\/\/api.w.org\/{rel}","templated":true}]}}

Karls­ru­he­’­de Açık Huku­ki Danışmanlık

<p>Yasal bir konu­da reh­ber­li­ğe mi ihti­ya­cı­nız var veya hak­la­rı­nız­dan emin değil misi­niz? Bu, sami­mi ve top­lum­sal bir alan­da <strong>ücret­siz pro­fes­yo­nel danış­man­lık</strong> almak için hari­ka bir fırsattır.&nbsp;</p>

<h4 class="wp-block-heading">Açık Huku­ki Danış­man­lık<br><strong>Avu­kat Caro­li­ne Sch­ä­fer (raum-fuer-recht.de) ve mes­lek­ta­şı Her­mann Bau­er (honold.de) top­lum için ücret­siz huku­ki danış­man­lık hiz­me­ti sunuyor.</strong></h4>

<p><strong>Konu­lar:</strong><br>- İkam­et ve ilti­ca huku­ku<br>- Kira­cı­lık huku­ku<br>- Genel mede­ni&nbsp;hukuk</p>

<p>Bu açık huku­ki danış­ma görüş­me­si çeşit­li Çar­şam­ba gün­le­ri gerçekleştirilmektedir.&nbsp;</p>

<p>Ran­de­vu­ya gerek yok. Sade­ce uğrayın!&nbsp;</p>

<p></p>

Kulturküche Karlsruhe

Kaiserstraße 47

<p>Yasal bir konu­da reh­ber­li­ğe mi ihti­ya­cı­nız var veya hak­la­rı­nız­dan emin değil misi­niz? Bu, sami­mi ve top­lum­sal bir alan­da ücret­siz pro­fes­yo­nel danış­man­lık almak için hari­ka bir fır­sat­tır.&nbsp; Açık Huku­ki Danış­man­lıkAvu­kat Caro­li­ne Sch­ä­fer (raum-fuer-recht.de) ve mes­lek­ta­şı Her­mann Bau­er (honold.de) top­lum için ücret­siz huku­ki danış­man­lık hiz­me­ti sunu­yor. Konu­lar:- İkam­et ve ilti­ca huku­­­ku- Kira­cı­lık huku­­­ku- Genel mede­ni&nbsp;hukuk Bu açık huku­ki danış­ma görüş­me­si çeşit­li Çar­şam­ba gün­le­ri ger­çek­leş­ti­ril­mek­te­dir.&nbsp; Ran­de­vu­ya gerek yok. Sade­ce uğrayın!&nbsp;</p>

Yasal bir konu­da reh­ber­li­ğe mi ihti­ya­cı­nız var veya hak­la­rı­nız­dan emin değil misi­niz? Bu, sami­mi ve top­lum­sal bir alan­da ücret­siz pro­fes­yo­nel danış­man­lık almak için hari­ka bir fırsattır.&nbsp; Açık Huku­ki Danış­man­lıkAvu­kat Caro­li­ne&nbsp;daha fazla okuyun
