{"id":61556,"date":"2025-05-20T14:12:22","date_gmt":"2025-05-20T12:12:22","guid":{"rendered":"https:\/\/www.anika-net.de\/event\/aqoon-is-weydaarsi-qoysaska-ku-jira-maktabadda-berrito\/"},"modified":"2025-10-01T15:01:17","modified_gmt":"2025-10-01T13:01:17","slug":"aqoon-is-weydaarsi-qoysaska-ku-jira-maktabadda-berrito","status":"publish","type":"event","link":"https:\/\/www.anika-net.de\/so\/event\/aqoon-is-weydaarsi-qoysaska-ku-jira-maktabadda-berrito\/","title":{"rendered":"Aqoon-is-weydaarsi \u2014 Qoysaska ku jira maktabadda berrito"},"content":{"rendered":"<h3><span style=\"color: #666699;\">Stadtbibliothek Karlsruhe<\/span><\/h3>\n<h1><span style=\"color: #800080;\">Aqoon-is-weydaarsiga mustaqbalka I:<\/span><br>\n <span style=\"color: #333399;\">\u201cKa dhig kuwiinna: Qoysaska ku jira maktabadda berrito<\/span><\/h1>\n<p><strong>caruur ma leedahay?<\/strong><br>\n Waxaan kugu martiqaadaynaa inaad nagu soo biirto ka fikirida maktabadda berrito.<br>\n Waxaan xiisaynaynaa isdhaafsi xor ah iyo fikrado dhinac walba&nbsp;ah.<\/p>\n<h4><strong><span style=\"color: #008080;\">Jadwalka maalinlaha ah<\/span> <\/strong><\/h4>\n<p>3 galabnimo: Imaanshaha dalxiis<br>\n3:30 galabnimo: Workshop<br>\n6 galabnimo: Ku beddelashada cunto&nbsp;fudud<\/p>\n<p>\u270d\ud83c\udffc <span style=\"color: #800080;\"><strong>Isku diwaangeli telefoon ama e\u2011mail<\/strong><\/span> <\/p>\n","protected":false},"author":12,"featured_media":61539,"template":"","class_list":["post-61556","event","type-event","status-publish","has-post-thumbnail","hentry","event_category-madadaalada"],"acf":{"event-recurring":false,"event-category":214,"event-is-language-course":false,"event-recurring-still-active":true,"event-display-details":true,"event-schedules-recurring":null,"event-schedules-calendar":[{"event-calendar-day":"20250705","event-calendar-time":"15:00","event-calendar-time-text":""}],"event-is-online":false,"event-online-url":"","event-location-building":" Stadtbibliothek in the new St\u00e4ndehaus","event-location-street":" St\u00e4ndehausstra\u00dfe 2","event-location-zip":"76133","event-location-city":"Karlsruhe","event-location-contact-person":"Franziska Wagne","event-location-phone":"0721 133-1212","event-location-phone-2":"","event-location-mail":"bme@afsta.karlsruhe.de","event-location-mail-2":"bibliothekspaedagogik@kultur.karlsruhe.de","event-location-website":"https:\/\/kalender.karlsruhe.de\/db\/termine\/literatur\/workshop_zukunftsworkshop_i_make_it","event-target-group":[{"target-group":"parents"}],"event-target-group-comment":"","event-free":true,"event-organiser":[50537],"event-header-copyright-overlay":true,"event-copyright-note-description-end":false},"featured_image_urls_v2":{"full":["https:\/\/www.anika-net.de\/wp-content\/uploads\/2025\/05\/Bibliothek.png",786,519,false],"thumbnail":["https:\/\/www.anika-net.de\/wp-content\/uploads\/2025\/05\/Bibliothek-150x150.png",150,150,true],"medium":["https:\/\/www.anika-net.de\/wp-content\/uploads\/2025\/05\/Bibliothek-300x198.png",300,198,true],"medium_large":["https:\/\/www.anika-net.de\/wp-content\/uploads\/2025\/05\/Bibliothek-768x507.png",640,423,true],"large":["https:\/\/www.anika-net.de\/wp-content\/uploads\/2025\/05\/Bibliothek.png",640,423,false],"1536x1536":["https:\/\/www.anika-net.de\/wp-content\/uploads\/2025\/05\/Bibliothek.png",786,519,false],"2048x2048":["https:\/\/www.anika-net.de\/wp-content\/uploads\/2025\/05\/Bibliothek.png",786,519,false],"event-overview":["https:\/\/www.anika-net.de\/wp-content\/uploads\/2025\/05\/Bibliothek.png",786,519,false],"event-archive-thumb":["https:\/\/www.anika-net.de\/wp-content\/uploads\/2025\/05\/Bibliothek-480x317.png",480,317,true],"grid-item-thumbnail":["https:\/\/www.anika-net.de\/wp-content\/uploads\/2025\/05\/Bibliothek-360x200.png",360,200,true],"network-partner-icon":["https:\/\/www.anika-net.de\/wp-content\/uploads\/2025\/05\/Bibliothek-100x100.png",100,100,true],"organiser-icon":["https:\/\/www.anika-net.de\/wp-content\/uploads\/2025\/05\/Bibliothek-200x200.png",200,200,true],"gform-image-choice-sm":["https:\/\/www.anika-net.de\/wp-content\/uploads\/2025\/05\/Bibliothek.png",300,198,false],"gform-image-choice-md":["https:\/\/www.anika-net.de\/wp-content\/uploads\/2025\/05\/Bibliothek.png",400,264,false],"gform-image-choice-lg":["https:\/\/www.anika-net.de\/wp-content\/uploads\/2025\/05\/Bibliothek.png",600,396,false]},"post_excerpt_stackable_v2":"<p>Stadtbibliothek Karlsruhe Aqoon-is-weydaarsiga mustaqbalka I: \u201cKa dhig kuwiinna: Qoysaska ku jira maktabadda berrito caruur ma leedahay? Waxaan kugu martiqaadaynaa inaad nagu soo biirto ka fikirida maktabadda berrito. Waxaan xiisaynaynaa isdhaafsi xor ah iyo fikrado dhinac walba&nbsp;ah. Jadwalka maalinlaha ah 3 galabnimo: Imaanshaha dalxiis 3:30 galabnimo: Workshop 6 galabnimo: Ku beddelashada cunto&nbsp;fudud \u270d\ud83c\udffc Isku diwaangeli telefoon ama e\u2011mail<\/p>\n","category_list_v2":"","author_info_v2":{"name":"Andrea Ramirez","url":"https:\/\/www.anika-net.de\/so\/author\/andrea-ramirez\/"},"comments_num_v2":"0 comments","uagb_featured_image_src":{"full":["https:\/\/www.anika-net.de\/wp-content\/uploads\/2025\/05\/Bibliothek.png",786,519,false],"thumbnail":["https:\/\/www.anika-net.de\/wp-content\/uploads\/2025\/05\/Bibliothek-150x150.png",150,150,true],"medium":["https:\/\/www.anika-net.de\/wp-content\/uploads\/2025\/05\/Bibliothek-300x198.png",300,198,true],"medium_large":["https:\/\/www.anika-net.de\/wp-content\/uploads\/2025\/05\/Bibliothek-768x507.png",640,423,true],"large":["https:\/\/www.anika-net.de\/wp-content\/uploads\/2025\/05\/Bibliothek.png",640,423,false],"1536x1536":["https:\/\/www.anika-net.de\/wp-content\/uploads\/2025\/05\/Bibliothek.png",786,519,false],"2048x2048":["https:\/\/www.anika-net.de\/wp-content\/uploads\/2025\/05\/Bibliothek.png",786,519,false],"event-overview":["https:\/\/www.anika-net.de\/wp-content\/uploads\/2025\/05\/Bibliothek.png",786,519,false],"event-archive-thumb":["https:\/\/www.anika-net.de\/wp-content\/uploads\/2025\/05\/Bibliothek-480x317.png",480,317,true],"grid-item-thumbnail":["https:\/\/www.anika-net.de\/wp-content\/uploads\/2025\/05\/Bibliothek-360x200.png",360,200,true],"network-partner-icon":["https:\/\/www.anika-net.de\/wp-content\/uploads\/2025\/05\/Bibliothek-100x100.png",100,100,true],"organiser-icon":["https:\/\/www.anika-net.de\/wp-content\/uploads\/2025\/05\/Bibliothek-200x200.png",200,200,true],"gform-image-choice-sm":["https:\/\/www.anika-net.de\/wp-content\/uploads\/2025\/05\/Bibliothek.png",300,198,false],"gform-image-choice-md":["https:\/\/www.anika-net.de\/wp-content\/uploads\/2025\/05\/Bibliothek.png",400,264,false],"gform-image-choice-lg":["https:\/\/www.anika-net.de\/wp-content\/uploads\/2025\/05\/Bibliothek.png",600,396,false]},"uagb_author_info":{"display_name":"Andrea Ramirez","author_link":"https:\/\/www.anika-net.de\/so\/author\/andrea-ramirez\/"},"uagb_comment_info":0,"uagb_excerpt":"Stadtbibliothek Karlsruhe Aqoon-is-weydaarsiga mustaqbalka I: \u201cKa dhig kuwiinna: Qoysaska ku jira maktabadda berrito caruur ma leedahay? Waxaan kugu martiqaadaynaa inaad nagu soo biirto ka fikirida maktabadda berrito. Waxaan xiisaynaynaa isdhaafsi&nbsp;Akhri wax dheeraad ah","_links":{"self":[{"href":"https:\/\/www.anika-net.de\/so\/wp-json\/wp\/v2\/event\/61556","targetHints":{"allow":["GET"]}}],"collection":[{"href":"https:\/\/www.anika-net.de\/so\/wp-json\/wp\/v2\/event"}],"about":[{"href":"https:\/\/www.anika-net.de\/so\/wp-json\/wp\/v2\/types\/event"}],"author":[{"embeddable":true,"href":"https:\/\/www.anika-net.de\/so\/wp-json\/wp\/v2\/users\/12"}],"version-history":[{"count":1,"href":"https:\/\/www.anika-net.de\/so\/wp-json\/wp\/v2\/event\/61556\/revisions"}],"predecessor-version":[{"id":65306,"href":"https:\/\/www.anika-net.de\/so\/wp-json\/wp\/v2\/event\/61556\/revisions\/65306"}],"acf:post":[{"embeddable":true,"href":"https:\/\/www.anika-net.de\/so\/wp-json\/wp\/v2\/organiser\/50537"}],"acf:term":[{"embeddable":true,"taxonomy":"event_category","href":"https:\/\/www.anika-net.de\/so\/wp-json\/wp\/v2\/event_category\/214"}],"wp:featuredmedia":[{"embeddable":true,"href":"https:\/\/www.anika-net.de\/so\/wp-json\/wp\/v2\/media\/61539"}],"wp:attachment":[{"href":"https:\/\/www.anika-net.de\/so\/wp-json\/wp\/v2\/media?parent=61556"}],"curies":[{"name":"wp","href":"https:\/\/api.w.org\/{rel}","templated":true}]}}

Stadtbibliothek in the new Ständehaus

Ständehausstraße 2
