{"id":61322,"date":"2025-05-15T14:23:04","date_gmt":"2025-05-15T12:23:04","guid":{"rendered":"https:\/\/www.anika-net.de\/event\/curs-profesional-de-limbi-straine-pentru-ucenici\/"},"modified":"2025-05-15T14:23:04","modified_gmt":"2025-05-15T12:23:04","slug":"curs-profesional-de-limbi-straine-pentru-ucenici","status":"publish","type":"event","link":"https:\/\/www.anika-net.de\/ro\/event\/curs-profesional-de-limbi-straine-pentru-ucenici\/","title":{"rendered":"Curs pro\u00adfe\u00adsio\u00adnal de lim\u00adbi str\u0103\u00adi\u00adne pen\u00adtru ucenici"},"content":{"rendered":"<h3><span style=\"color: #666699;\">La Vol\u00adk\u00adsho\u00adchs\u00adchu\u00adle Karlsruhe<\/span><\/h3>\n<h1><span style=\"color: #ff9900;\">Curs pro\u00adfe\u00adsio\u00adnal de lim\u00adbi str\u0103\u00adi\u00adne pen\u00adtru ucenici<\/span><\/h1>\n<blockquote><p><span style=\"color: #808080;\"><em><strong>\u00censo\u00ad\u021bi\u00adrea sau pre\u00adg\u0103\u00adti\u00adrea pen\u00adtru for\u00adma\u00adre, 70 p\u00e2n\u0103 la 150 de lec\u021bii<\/strong><\/em><\/span><\/p><\/blockquote>\n<ul>\n<li><strong>Timp de pre\u00adda\u00adre:<\/strong> \u00een con\u00adsul\u00adta\u00adre cu \u0219coa\u00adla pro\u00adfe\u00adsio\u00adna\u00adl\u0103, <strong>de dou\u0103 sau trei ori pe s\u0103pt\u0103m\u00e2n\u0103<\/strong><\/li>\n<li>F\u0103r\u0103 lec\u00ad\u021bii \u00een tim\u00adpul vacan\u021belor<\/li>\n<li> <strong> Loca\u00ad\u021bia cur\u00adsu\u00adlui:<\/strong> la \u0219coa\u00adla pro\u00adfe\u00adsio\u00adna\u00adl\u0103 de lim\u00adbi str\u0103\u00adi\u00adne sau la vhs Karlsruhe<\/li>\n<\/ul>\n<p><strong><span style=\"color: #008080;\">Pre\u00adcon\u00addi\u00ad\u021bie<\/span><\/strong><\/p>\n<ul>\n<li>Par\u00adti\u00adci\u00adpan\u00ad\u021bii au nevo\u00adie de un con\u00adtract de for\u00adma\u00adre pen\u00adtru a lua par\u00adte la BSK de pre\u00adfor\u00adma\u00adre a stagiarilor.<\/li>\n<li>For\u00adma\u00adrea de \u00eenso\u00ad\u021bi\u00adre a sta\u00adgi\u00ada\u00adru\u00adlui-BSK se adre\u00adsea\u00adz\u0103 sta\u00adgi\u00ada\u00adri\u00adlor din\u00adtr-un anu\u00admit an de for\u00adma\u00adre \u0219i dintr\u2011o anu\u00admi\u00adt\u0103 ocu\u00adpa\u00ad\u021bie de formare.<\/li>\n<\/ul>\n<p><strong><span style=\"color: #008080;\">Avan\u00adta\u00adje\u00adle dumneavoastr\u0103<\/span><\/strong><\/p>\n<ul>\n<li>vhs Karl\u00adsru\u00adhe depu\u00adne cere\u00adri\u00adle nece\u00adsa\u00adre la&nbsp;BAMF<\/li>\n<li>Atmosfe\u00adr\u0103 pl\u0103\u00adcu\u00adt\u0103 de \u00eenv\u0103\u00ad\u021ba\u00adre \u0219i instruc\u00adtori de curs cu experien\u021b\u0103<\/li>\n<li>Par\u00adti\u00adci\u00adpan\u00ad\u021bii \u00ee\u0219i corec\u00adtea\u00adz\u0103 defi\u00adcien\u00ad\u021be\u00adle ling\u00advis\u00adti\u00adce \u0219i dob\u00e2n\u00addesc com\u00adpe\u00adten\u00ad\u021be-che\u00adie pen\u00adtru cur\u00adsu\u00adri\u00adle \u0219co\u00adlii profesionale<\/li>\n<\/ul>\n<p><span style=\"color: #800080;\"><strong>Dac\u0103 sun\u00adte\u021bi inte\u00adre\u00adsat, v\u0103 rug\u0103m s\u0103 contacta\u021bi!<\/strong><\/span><\/p>\n","protected":false},"author":12,"featured_media":6350,"template":"","class_list":["post-61322","event","type-event","status-publish","has-post-thumbnail","hentry","event_category-educatie"],"acf":{"event-recurring":false,"event-category":82,"event-is-language-course":false,"event-recurring-still-active":true,"event-display-details":true,"event-schedules-recurring":null,"event-schedules-calendar":[{"event-calendar-day":"20250602","event-calendar-time":"","event-calendar-time-text":""}],"event-is-online":false,"event-online-url":"","event-location-building":"Berufsprachschule oder an der vhs","event-location-street":"Kaiserallee 12e","event-location-zip":"76133","event-location-city":"Karlsruhe","event-location-contact-person":"","event-location-phone":"0721 \/ 985-75-19","event-location-phone-2":"","event-location-mail":"ursulescu@vhs-karlsruhe.de","event-location-mail-2":"","event-location-website":"","event-target-group":[{"target-group":"all"}],"event-target-group-comment":"","event-free":true,"event-organiser":[16645],"event-header-copyright-overlay":true,"event-copyright-note-description-end":false},"featured_image_urls_v2":{"full":["https:\/\/www.anika-net.de\/wp-content\/uploads\/2021\/05\/VHS_Logo.png",151,112,false],"thumbnail":["https:\/\/www.anika-net.de\/wp-content\/uploads\/2021\/05\/VHS_Logo.png",150,111,false],"medium":["https:\/\/www.anika-net.de\/wp-content\/uploads\/2021\/05\/VHS_Logo.png",151,112,false],"medium_large":["https:\/\/www.anika-net.de\/wp-content\/uploads\/2021\/05\/VHS_Logo.png",151,112,false],"large":["https:\/\/www.anika-net.de\/wp-content\/uploads\/2021\/05\/VHS_Logo.png",151,112,false],"1536x1536":["https:\/\/www.anika-net.de\/wp-content\/uploads\/2021\/05\/VHS_Logo.png",151,112,false],"2048x2048":["https:\/\/www.anika-net.de\/wp-content\/uploads\/2021\/05\/VHS_Logo.png",151,112,false],"event-overview":["https:\/\/www.anika-net.de\/wp-content\/uploads\/2021\/05\/VHS_Logo.png",151,112,false],"event-archive-thumb":["https:\/\/www.anika-net.de\/wp-content\/uploads\/2021\/05\/VHS_Logo.png",151,112,false],"grid-item-thumbnail":["https:\/\/www.anika-net.de\/wp-content\/uploads\/2021\/05\/VHS_Logo.png",151,112,false],"network-partner-icon":["https:\/\/www.anika-net.de\/wp-content\/uploads\/2021\/05\/VHS_Logo-100x100.png",100,100,true],"organiser-icon":["https:\/\/www.anika-net.de\/wp-content\/uploads\/2021\/05\/VHS_Logo.png",151,112,false],"gform-image-choice-sm":["https:\/\/www.anika-net.de\/wp-content\/uploads\/2021\/05\/VHS_Logo.png",151,112,false],"gform-image-choice-md":["https:\/\/www.anika-net.de\/wp-content\/uploads\/2021\/05\/VHS_Logo.png",151,112,false],"gform-image-choice-lg":["https:\/\/www.anika-net.de\/wp-content\/uploads\/2021\/05\/VHS_Logo.png",151,112,false]},"post_excerpt_stackable_v2":"<p>La Vol\u00adk\u00adsho\u00adchs\u00adchu\u00adle Karl\u00adsru\u00adhe Curs pro\u00adfe\u00adsio\u00adnal de lim\u00adbi str\u0103\u00adi\u00adne pen\u00adtru uce\u00adnici \u00censo\u00ad\u021bi\u00adrea sau pre\u00adg\u0103\u00adti\u00adrea pen\u00adtru for\u00adma\u00adre, 70 p\u00e2n\u0103 la 150 de lec\u00ad\u021bii Timp de pre\u00adda\u00adre: \u00een con\u00adsul\u00adta\u00adre cu \u0219coa\u00adla pro\u00adfe\u00adsio\u00adna\u00adl\u0103, de dou\u0103 sau trei ori pe s\u0103p\u00adt\u0103m\u00e2\u00adn\u0103 F\u0103r\u0103 lec\u00ad\u021bii \u00een tim\u00adpul vacan\u00ad\u021be\u00adlor Loca\u00ad\u021bia cur\u00adsu\u00adlui: la \u0219coa\u00adla pro\u00adfe\u00adsio\u00adna\u00adl\u0103 de lim\u00adbi str\u0103\u00adi\u00adne sau la vhs Karl\u00adsru\u00adhe Pre\u00adcon\u00addi\u00ad\u021bie Par\u00adti\u00adci\u00adpan\u00ad\u021bii au nevo\u00adie de un con\u00adtract de for\u00adma\u00adre pen\u00adtru a lua par\u00adte la BSK de pre\u00adfor\u00adma\u00adre a sta\u00adgi\u00ada\u00adri\u00adlor. For\u00adma\u00adrea de \u00eenso\u00ad\u021bi\u00adre a sta\u00ad\u00ad\u00adgi\u00ad\u00ada\u00ad\u00adru\u00ad\u00ad\u00adlui-BSK se adre\u00adsea\u00adz\u0103 sta\u00adgi\u00ada\u00adri\u00adlor din\u00ad\u00adtr-un anu\u00admit an de for\u00adma\u00adre \u0219i dintr\u2011o anu\u00admi\u00adt\u0103 ocu\u00adpa\u00ad\u021bie de for\u00adma\u00adre. Avan\u00adta\u00adje\u00adle dum\u00adne\u00ada\u00advoas\u00adtr\u0103 vhs Karl\u00adsru\u00adhe depu\u00adne cere\u00adri\u00adle nece\u00adsa\u00adre la&nbsp;BAMF Atmosfer\u0103\u2026<\/p>\n","category_list_v2":"","author_info_v2":{"name":"Andrea Ramirez","url":"https:\/\/www.anika-net.de\/ro\/author\/andrea-ramirez\/"},"comments_num_v2":"0 comments","uagb_featured_image_src":{"full":["https:\/\/www.anika-net.de\/wp-content\/uploads\/2021\/05\/VHS_Logo.png",151,112,false],"thumbnail":["https:\/\/www.anika-net.de\/wp-content\/uploads\/2021\/05\/VHS_Logo.png",150,111,false],"medium":["https:\/\/www.anika-net.de\/wp-content\/uploads\/2021\/05\/VHS_Logo.png",151,112,false],"medium_large":["https:\/\/www.anika-net.de\/wp-content\/uploads\/2021\/05\/VHS_Logo.png",151,112,false],"large":["https:\/\/www.anika-net.de\/wp-content\/uploads\/2021\/05\/VHS_Logo.png",151,112,false],"1536x1536":["https:\/\/www.anika-net.de\/wp-content\/uploads\/2021\/05\/VHS_Logo.png",151,112,false],"2048x2048":["https:\/\/www.anika-net.de\/wp-content\/uploads\/2021\/05\/VHS_Logo.png",151,112,false],"event-overview":["https:\/\/www.anika-net.de\/wp-content\/uploads\/2021\/05\/VHS_Logo.png",151,112,false],"event-archive-thumb":["https:\/\/www.anika-net.de\/wp-content\/uploads\/2021\/05\/VHS_Logo.png",151,112,false],"grid-item-thumbnail":["https:\/\/www.anika-net.de\/wp-content\/uploads\/2021\/05\/VHS_Logo.png",151,112,false],"network-partner-icon":["https:\/\/www.anika-net.de\/wp-content\/uploads\/2021\/05\/VHS_Logo-100x100.png",100,100,true],"organiser-icon":["https:\/\/www.anika-net.de\/wp-content\/uploads\/2021\/05\/VHS_Logo.png",151,112,false],"gform-image-choice-sm":["https:\/\/www.anika-net.de\/wp-content\/uploads\/2021\/05\/VHS_Logo.png",151,112,false],"gform-image-choice-md":["https:\/\/www.anika-net.de\/wp-content\/uploads\/2021\/05\/VHS_Logo.png",151,112,false],"gform-image-choice-lg":["https:\/\/www.anika-net.de\/wp-content\/uploads\/2021\/05\/VHS_Logo.png",151,112,false]},"uagb_author_info":{"display_name":"Andrea Ramirez","author_link":"https:\/\/www.anika-net.de\/ro\/author\/andrea-ramirez\/"},"uagb_comment_info":0,"uagb_excerpt":"La Vol\u00adk\u00adsho\u00adchs\u00adchu\u00adle Karlsruhe Curs pro\u00adfe\u00adsio\u00adnal de lim\u00adbi str\u0103\u00adi\u00adne pen\u00adtru ucenici \u00censo\u00ad\u021bi\u00adrea sau pre\u00adg\u0103\u00adti\u00adrea pen\u00adtru for\u00adma\u00adre, 70 p\u00e2n\u0103 la 150 de lec\u021bii Timp de pre\u00adda\u00adre: \u00een con\u00adsul\u00adta\u00adre cu \u0219coa\u00adla pro\u00adfe\u00adsio\u00adna\u00adl\u0103, de&nbsp;Citi\u021bi mai mult","_links":{"self":[{"href":"https:\/\/www.anika-net.de\/ro\/wp-json\/wp\/v2\/event\/61322","targetHints":{"allow":["GET"]}}],"collection":[{"href":"https:\/\/www.anika-net.de\/ro\/wp-json\/wp\/v2\/event"}],"about":[{"href":"https:\/\/www.anika-net.de\/ro\/wp-json\/wp\/v2\/types\/event"}],"author":[{"embeddable":true,"href":"https:\/\/www.anika-net.de\/ro\/wp-json\/wp\/v2\/users\/12"}],"version-history":[{"count":0,"href":"https:\/\/www.anika-net.de\/ro\/wp-json\/wp\/v2\/event\/61322\/revisions"}],"acf:post":[{"embeddable":true,"href":"https:\/\/www.anika-net.de\/ro\/wp-json\/wp\/v2\/organiser\/16645"}],"acf:term":[{"embeddable":true,"taxonomy":"event_category","href":"https:\/\/www.anika-net.de\/ro\/wp-json\/wp\/v2\/event_category\/82"}],"wp:featuredmedia":[{"embeddable":true,"href":"https:\/\/www.anika-net.de\/ro\/wp-json\/wp\/v2\/media\/6350"}],"wp:attachment":[{"href":"https:\/\/www.anika-net.de\/ro\/wp-json\/wp\/v2\/media?parent=61322"}],"curies":[{"name":"wp","href":"https:\/\/api.w.org\/{rel}","templated":true}]}}

Curs pro­fe­sio­nal de lim­bi stră­i­ne pen­tru ucenici

<h3><span style="color: #666699;">La Vol­k­sho­chs­chu­le Karlsruhe</span></h3>
<h1><span style="color: #ff9900;">Curs pro­fe­sio­nal de lim­bi stră­i­ne pen­tru ucenici</span></h1>
<blockquote><p><span style="color: #808080;"><em><strong>Înso­ți­rea sau pre­gă­ti­rea pen­tru for­ma­re, 70 până la 150 de lecții</strong></em></span></p></blockquote>
<ul>
<li><strong>Timp de pre­da­re:</strong> în con­sul­ta­re cu școa­la pro­fe­sio­na­lă, <strong>de două sau trei ori pe săptămână</strong></li>
<li>Fără lec­ții în tim­pul vacanțelor</li>
<li> <strong> Loca­ția cur­su­lui:</strong> la școa­la pro­fe­sio­na­lă de lim­bi stră­i­ne sau la vhs Karlsruhe</li>
</ul>
<p><strong><span style="color: #008080;">Pre­con­di­ție</span></strong></p>
<ul>
<li>Par­ti­ci­pan­ții au nevo­ie de un con­tract de for­ma­re pen­tru a lua par­te la BSK de pre­for­ma­re a stagiarilor.</li>
<li>For­ma­rea de înso­ți­re a sta­gi­a­ru­lui-BSK se adre­sea­ză sta­gi­a­ri­lor din­tr-un anu­mit an de for­ma­re și dintr‑o anu­mi­tă ocu­pa­ție de formare.</li>
</ul>
<p><strong><span style="color: #008080;">Avan­ta­je­le dumneavoastră</span></strong></p>
<ul>
<li>vhs Karl­sru­he depu­ne cere­ri­le nece­sa­re la&nbsp;BAMF</li>
<li>Atmosfe­ră plă­cu­tă de învă­ța­re și instruc­tori de curs cu experiență</li>
<li>Par­ti­ci­pan­ții își corec­tea­ză defi­cien­țe­le ling­vis­ti­ce și dobân­desc com­pe­ten­țe-che­ie pen­tru cur­su­ri­le șco­lii profesionale</li>
</ul>
<p><span style="color: #800080;"><strong>Dacă sun­teți inte­re­sat, vă rugăm să contactați!</strong></span></p>

<p>La Vol­k­sho­chs­chu­le Karl­sru­he Curs pro­fe­sio­nal de lim­bi stră­i­ne pen­tru uce­nici Înso­ți­rea sau pre­gă­ti­rea pen­tru for­ma­re, 70 până la 150 de lec­ții Timp de pre­da­re: în con­sul­ta­re cu școa­la pro­fe­sio­na­lă, de două sau trei ori pe săp­tămâ­nă Fără lec­ții în tim­pul vacan­țe­lor Loca­ția cur­su­lui: la școa­la pro­fe­sio­na­lă de lim­bi stră­i­ne sau la vhs Karl­sru­he Pre­con­di­ție Par­ti­ci­pan­ții au nevo­ie de un con­tract de for­ma­re pen­tru a lua par­te la BSK de pre­for­ma­re a sta­gi­a­ri­lor. For­ma­rea de înso­ți­re a sta­­­gi­­a­­ru­­­lui-BSK se adre­sea­ză sta­gi­a­ri­lor din­­tr-un anu­mit an de for­ma­re și dintr‑o anu­mi­tă ocu­pa­ție de for­ma­re. Avan­ta­je­le dum­ne­a­voas­tră vhs Karl­sru­he depu­ne cere­ri­le nece­sa­re la&nbsp;BAMF Atmosferă…</p>

La Vol­k­sho­chs­chu­le Karlsruhe Curs pro­fe­sio­nal de lim­bi stră­i­ne pen­tru ucenici Înso­ți­rea sau pre­gă­ti­rea pen­tru for­ma­re, 70 până la 150 de lecții Timp de pre­da­re: în con­sul­ta­re cu școa­la pro­fe­sio­na­lă, de&nbsp;Citiți mai mult
