{"id":59541,"date":"2025-03-06T11:59:28","date_gmt":"2025-03-06T10:59:28","guid":{"rendered":"https:\/\/www.anika-net.de\/event\/integrare-prin-sport-antrenament-gratuit-de-box-si-k1\/"},"modified":"2025-03-06T11:59:28","modified_gmt":"2025-03-06T10:59:28","slug":"integrare-prin-sport-antrenament-gratuit-de-box-si-k1","status":"publish","type":"event","link":"https:\/\/www.anika-net.de\/ro\/event\/integrare-prin-sport-antrenament-gratuit-de-box-si-k1\/","title":{"rendered":"Inte\u00adgra\u00adre prin sport \u2014 Antre\u00adna\u00adment gra\u00adtu\u00adit de box \u0219i&nbsp;K1"},"content":{"rendered":"<h4 data-start=\"0\" data-end=\"62\"><span style=\"color: #3366ff;\"><strong data-start=\"0\" data-end=\"60\"><span style=\"color: #666699;\">Inte\u00adgra\u00adre prin sport<\/span> <\/strong><\/span><\/h4>\n<h1 data-start=\"0\" data-end=\"62\"><span style=\"color: #3366ff;\"><strong data-start=\"0\" data-end=\"60\"><span style=\"color: #333399;\">Antre\u00adna\u00adment gra\u00adtu\u00adit de box \u0219i&nbsp;K1<\/span><\/strong><\/span><\/h1>\n<h3 data-start=\"64\" data-end=\"219\"><span style=\"color: #808080;\">Dori\u021bi s\u0103 fi\u021bi activ, s\u0103 cunoa\u0219\u00adte\u021bi oameni noi \u0219i s\u0103 face\u021bi par\u00adte din\u00adtr-un pro\u00adiect de inte\u00adgra\u00adre extraordinar?&nbsp;<\/span><br>\n<span style=\"color: #808080;\">Atunci antre\u00adna\u00admen\u00adtul nos\u00adtru gra\u00adtu\u00adit de box \u0219i K1 este potri\u00advit pen\u00adtru&nbsp;tine!<\/span><\/h3>\n<h4 data-start=\"221\" data-end=\"251\"><span style=\"color: #008080;\"><strong data-start=\"225\" data-end=\"249\">La ce v\u0103 pute\u021bi a\u0219tepta?<\/strong><\/span><\/h4>\n<p data-start=\"252\" data-end=\"545\">O dat\u0103 pe s\u0103p\u00adt\u0103m\u00e2\u00adn\u0103, v\u0103 ofe\u00adrim posi\u00adbi\u00adli\u00adta\u00adtea de a par\u00adti\u00adci\u00adpa la o sesiu\u00adne de antre\u00adna\u00adment de box \u0219i K1 sub \u00eendru\u00adma\u00adre profesional\u0103.<br>\nAccen\u00adtul nu este pus doar pe con\u00addi\u00ad\u021bia fizi\u00adc\u0103, ci \u0219i pe adu\u00adce\u00adrea \u00eempre\u00adu\u00adn\u0103 a oame\u00adni\u00adlor din medii dife\u00adri\u00adte, pro\u00admo\u00adv\u00e2nd un sen\u00adti\u00adment de comu\u00adni\u00adta\u00adte \u0219i inte\u00adgra\u00adre prin&nbsp;sport.<\/p>\n<h4 data-start=\"547\" data-end=\"568\"><span style=\"color: #008080;\"><strong data-start=\"551\" data-end=\"566\">Pro\u00adiec\u00adtul<\/strong><\/span><\/h4>\n<p data-start=\"569\" data-end=\"864\">Aceas\u00adt\u0103 ini\u00ad\u021bia\u00adti\u00adv\u0103 uni\u00adc\u0103 este orga\u00adni\u00adza\u00adt\u0103 de aso\u00adci\u00ada\u00ad\u021bia <strong data-start=\"624\" data-end=\"674\">\u201cJugen\u00add\u00adli\u00adche ohne Gren\u00adzen in Deut\u00adsch\u00adland e.V.\u201d<\/strong> \u00een coo\u00adpe\u00adra\u00adre cu <strong data-start=\"695\" data-end=\"702\">PSV<\/strong> \u0219i <strong data-start=\"711\" data-end=\"734\">Badis\u00adcher Spor\u00adtbu\u00adnd<\/strong>. \u00cempre\u00adu\u00adn\u0103, ne anga\u00adj\u0103m s\u0103 con\u00adstruim pun\u021bi \u00eentre cul\u00adturi \u0219i s\u0103 spri\u00adji\u00adnim inte\u00adgra\u00adrea tine\u00adri\u00adlor prin&nbsp;sport.&nbsp;<\/p>\n<h4 data-start=\"866\" data-end=\"902\"><span style=\"color: #008080;\"><strong data-start=\"870\" data-end=\"900\">Cerin\u00ad\u021be de participare<\/strong><\/span><\/h4>\n<p data-start=\"903\" data-end=\"1140\">Num\u0103\u00adrul de par\u00adti\u00adci\u00adpan\u021bi este limi\u00adtat, a\u0219a c\u0103 v\u0103 \u00eencu\u00adra\u00adj\u0103m s\u0103 v\u0103 \u00eenscri\u00ade\u021bi \u00een avans pen\u00adtru a v\u0103 asi\u00adgu\u00adra un loc. For\u00adma\u00adrea este gra\u00adtu\u00adi\u00adt\u0103 \u0219i des\u00adchi\u00ads\u0103 tutu\u00adror celor care apre\u00adcia\u00adz\u0103 acti\u00advi\u00adta\u00adtea fizi\u00adc\u0103 \u0219i doresc s\u0103 con\u00adtri\u00adbu\u00adie activ la inte\u00adgra\u00adre prin&nbsp;sport.&nbsp;<\/p>\n<h4 data-start=\"903\" data-end=\"1140\"><span style=\"color: #993366;\"><strong data-start=\"1146\" data-end=\"1163\">\u00censcri\u00ade\u021bi-v\u0103 ast\u0103zi<\/strong> \u0219i face\u021bi par\u00adte din acest pro\u00adiect extraordinar!<\/span><\/h4>\n<p data-start=\"903\" data-end=\"1140\">Pen\u00adtru \u00eenscri\u00aderi \u0219i infor\u00adma\u00ad\u021bii supli\u00admen\u00adta\u00adre, v\u0103 rug\u0103m s\u0103 ne con\u00adtac\u00adta\u021bi direct.<\/p>\n","protected":false},"author":14,"featured_media":59405,"template":"","class_list":["post-59541","event","type-event","status-publish","has-post-thumbnail","hentry","event_category-timp-liber"],"acf":{"event-recurring":false,"event-category":83,"event-is-language-course":false,"event-recurring-still-active":true,"event-display-details":true,"event-schedules-recurring":null,"event-schedules-calendar":[{"event-calendar-day":"20250404","event-calendar-time":"","event-calendar-time-text":""},{"event-calendar-day":"20250613","event-calendar-time":"","event-calendar-time-text":""}],"event-is-online":false,"event-online-url":"","event-location-building":"Jugendliche ohne Grenzen in Deutschland e.V.,","event-location-street":"Werderstra\u00dfe 39","event-location-zip":"76137","event-location-city":" Karlsruhe","event-location-contact-person":"Mohammad Rahimi","event-location-phone":"+49 17661635787","event-location-phone-2":"","event-location-mail":"info@jogd.de","event-location-mail-2":"","event-location-website":"https:\/\/www.jogd.de","event-target-group":[{"target-group":"all"}],"event-target-group-comment":"","event-free":true,"event-organiser":[36418],"event-header-copyright-overlay":true,"event-copyright-note-description-end":false},"featured_image_urls_v2":{"full":["https:\/\/www.anika-net.de\/wp-content\/uploads\/2025\/03\/pair-gloves-boxing-sport-scaled.jpg",2560,1829,false],"thumbnail":["https:\/\/www.anika-net.de\/wp-content\/uploads\/2025\/03\/pair-gloves-boxing-sport-150x150.jpg",150,150,true],"medium":["https:\/\/www.anika-net.de\/wp-content\/uploads\/2025\/03\/pair-gloves-boxing-sport-300x214.jpg",300,214,true],"medium_large":["https:\/\/www.anika-net.de\/wp-content\/uploads\/2025\/03\/pair-gloves-boxing-sport-768x549.jpg",640,458,true],"large":["https:\/\/www.anika-net.de\/wp-content\/uploads\/2025\/03\/pair-gloves-boxing-sport-1024x731.jpg",640,457,true],"1536x1536":["https:\/\/www.anika-net.de\/wp-content\/uploads\/2025\/03\/pair-gloves-boxing-sport-1536x1097.jpg",1536,1097,true],"2048x2048":["https:\/\/www.anika-net.de\/wp-content\/uploads\/2025\/03\/pair-gloves-boxing-sport-2048x1463.jpg",2048,1463,true],"event-overview":["https:\/\/www.anika-net.de\/wp-content\/uploads\/2025\/03\/pair-gloves-boxing-sport-960x640.jpg",960,640,true],"event-archive-thumb":["https:\/\/www.anika-net.de\/wp-content\/uploads\/2025\/03\/pair-gloves-boxing-sport-480x343.jpg",480,343,true],"grid-item-thumbnail":["https:\/\/www.anika-net.de\/wp-content\/uploads\/2025\/03\/pair-gloves-boxing-sport-360x200.jpg",360,200,true],"network-partner-icon":["https:\/\/www.anika-net.de\/wp-content\/uploads\/2025\/03\/pair-gloves-boxing-sport-100x100.jpg",100,100,true],"organiser-icon":["https:\/\/www.anika-net.de\/wp-content\/uploads\/2025\/03\/pair-gloves-boxing-sport-200x200.jpg",200,200,true],"gform-image-choice-sm":["https:\/\/www.anika-net.de\/wp-content\/uploads\/2025\/03\/pair-gloves-boxing-sport-scaled.jpg",300,214,false],"gform-image-choice-md":["https:\/\/www.anika-net.de\/wp-content\/uploads\/2025\/03\/pair-gloves-boxing-sport-scaled.jpg",400,286,false],"gform-image-choice-lg":["https:\/\/www.anika-net.de\/wp-content\/uploads\/2025\/03\/pair-gloves-boxing-sport-scaled.jpg",600,429,false]},"post_excerpt_stackable_v2":"<p>Inte\u00adgra\u00adre prin sport Antre\u00adna\u00adment gra\u00adtu\u00adit de box \u0219i&nbsp;K1 Dori\u021bi s\u0103 fi\u021bi activ, s\u0103 cunoa\u0219\u00adte\u021bi oameni noi \u0219i s\u0103 face\u021bi par\u00adte din\u00ad\u00adtr-un pro\u00adiect de inte\u00adgra\u00adre extra\u00ador\u00addi\u00adnar?&nbsp; Atunci antre\u00adna\u00admen\u00adtul nos\u00adtru gra\u00adtu\u00adit de box \u0219i K1 este potri\u00advit pen\u00adtru&nbsp;tine! La ce v\u0103 pute\u021bi a\u0219tep\u00adta? O dat\u0103 pe s\u0103p\u00adt\u0103m\u00e2\u00adn\u0103, v\u0103 ofe\u00adrim posi\u00adbi\u00adli\u00adta\u00adtea de a par\u00adti\u00adci\u00adpa la o sesiu\u00adne de antre\u00adna\u00adment de box \u0219i K1 sub \u00eendru\u00adma\u00adre pro\u00adfe\u00adsio\u00adna\u00adl\u0103. Accen\u00adtul nu este pus doar pe con\u00addi\u00ad\u021bia fizi\u00adc\u0103, ci \u0219i pe adu\u00adce\u00adrea \u00eempre\u00adu\u00adn\u0103 a oame\u00adni\u00adlor din medii dife\u00adri\u00adte, pro\u00admo\u00adv\u00e2nd un sen\u00adti\u00adment de comu\u00adni\u00adta\u00adte \u0219i inte\u00adgra\u00adre prin&nbsp;sport. Pro\u00adiec\u00adtul Aceas\u00adt\u0103 ini\u00ad\u021bia\u00adti\u00adv\u0103 uni\u00adc\u0103 este orga\u00adni\u00adza\u00adt\u0103 de aso\u00adci\u00ada\u00ad\u021bia \u201cJugen\u00add\u00adli\u00adche ohne Grenzen\u2026<\/p>\n","category_list_v2":"","author_info_v2":{"name":"Aida Aayani","url":"https:\/\/www.anika-net.de\/ro\/author\/aida_aayani\/"},"comments_num_v2":"0 comments","uagb_featured_image_src":{"full":["https:\/\/www.anika-net.de\/wp-content\/uploads\/2025\/03\/pair-gloves-boxing-sport-scaled.jpg",2560,1829,false],"thumbnail":["https:\/\/www.anika-net.de\/wp-content\/uploads\/2025\/03\/pair-gloves-boxing-sport-150x150.jpg",150,150,true],"medium":["https:\/\/www.anika-net.de\/wp-content\/uploads\/2025\/03\/pair-gloves-boxing-sport-300x214.jpg",300,214,true],"medium_large":["https:\/\/www.anika-net.de\/wp-content\/uploads\/2025\/03\/pair-gloves-boxing-sport-768x549.jpg",640,458,true],"large":["https:\/\/www.anika-net.de\/wp-content\/uploads\/2025\/03\/pair-gloves-boxing-sport-1024x731.jpg",640,457,true],"1536x1536":["https:\/\/www.anika-net.de\/wp-content\/uploads\/2025\/03\/pair-gloves-boxing-sport-1536x1097.jpg",1536,1097,true],"2048x2048":["https:\/\/www.anika-net.de\/wp-content\/uploads\/2025\/03\/pair-gloves-boxing-sport-2048x1463.jpg",2048,1463,true],"event-overview":["https:\/\/www.anika-net.de\/wp-content\/uploads\/2025\/03\/pair-gloves-boxing-sport-960x640.jpg",960,640,true],"event-archive-thumb":["https:\/\/www.anika-net.de\/wp-content\/uploads\/2025\/03\/pair-gloves-boxing-sport-480x343.jpg",480,343,true],"grid-item-thumbnail":["https:\/\/www.anika-net.de\/wp-content\/uploads\/2025\/03\/pair-gloves-boxing-sport-360x200.jpg",360,200,true],"network-partner-icon":["https:\/\/www.anika-net.de\/wp-content\/uploads\/2025\/03\/pair-gloves-boxing-sport-100x100.jpg",100,100,true],"organiser-icon":["https:\/\/www.anika-net.de\/wp-content\/uploads\/2025\/03\/pair-gloves-boxing-sport-200x200.jpg",200,200,true],"gform-image-choice-sm":["https:\/\/www.anika-net.de\/wp-content\/uploads\/2025\/03\/pair-gloves-boxing-sport-scaled.jpg",300,214,false],"gform-image-choice-md":["https:\/\/www.anika-net.de\/wp-content\/uploads\/2025\/03\/pair-gloves-boxing-sport-scaled.jpg",400,286,false],"gform-image-choice-lg":["https:\/\/www.anika-net.de\/wp-content\/uploads\/2025\/03\/pair-gloves-boxing-sport-scaled.jpg",600,429,false]},"uagb_author_info":{"display_name":"Aida Aayani","author_link":"https:\/\/www.anika-net.de\/ro\/author\/aida_aayani\/"},"uagb_comment_info":0,"uagb_excerpt":"Inte\u00adgra\u00adre prin sport Antre\u00adna\u00adment gra\u00adtu\u00adit de box \u0219i&nbsp;K1 Dori\u021bi s\u0103 fi\u021bi activ, s\u0103 cunoa\u0219\u00adte\u021bi oameni noi \u0219i s\u0103 face\u021bi par\u00adte din\u00adtr-un pro\u00adiect de inte\u00adgra\u00adre extraordinar?&nbsp; Atunci antre\u00adna\u00admen\u00adtul nos\u00adtru gra\u00adtu\u00adit de&nbsp;Citi\u021bi mai mult","_links":{"self":[{"href":"https:\/\/www.anika-net.de\/ro\/wp-json\/wp\/v2\/event\/59541","targetHints":{"allow":["GET"]}}],"collection":[{"href":"https:\/\/www.anika-net.de\/ro\/wp-json\/wp\/v2\/event"}],"about":[{"href":"https:\/\/www.anika-net.de\/ro\/wp-json\/wp\/v2\/types\/event"}],"author":[{"embeddable":true,"href":"https:\/\/www.anika-net.de\/ro\/wp-json\/wp\/v2\/users\/14"}],"version-history":[{"count":0,"href":"https:\/\/www.anika-net.de\/ro\/wp-json\/wp\/v2\/event\/59541\/revisions"}],"acf:post":[{"embeddable":true,"href":"https:\/\/www.anika-net.de\/ro\/wp-json\/wp\/v2\/organiser\/36418"}],"acf:term":[{"embeddable":true,"taxonomy":"event_category","href":"https:\/\/www.anika-net.de\/ro\/wp-json\/wp\/v2\/event_category\/83"}],"wp:featuredmedia":[{"embeddable":true,"href":"https:\/\/www.anika-net.de\/ro\/wp-json\/wp\/v2\/media\/59405"}],"wp:attachment":[{"href":"https:\/\/www.anika-net.de\/ro\/wp-json\/wp\/v2\/media?parent=59541"}],"curies":[{"name":"wp","href":"https:\/\/api.w.org\/{rel}","templated":true}]}}

Inte­gra­re prin sport — Antre­na­ment gra­tu­it de box și&nbsp;K1

<h4 data-start="0" data-end="62"><span style="color: #3366ff;"><strong data-start="0" data-end="60"><span style="color: #666699;">Inte­gra­re prin sport</span> </strong></span></h4>
<h1 data-start="0" data-end="62"><span style="color: #3366ff;"><strong data-start="0" data-end="60"><span style="color: #333399;">Antre­na­ment gra­tu­it de box și&nbsp;K1</span></strong></span></h1>
<h3 data-start="64" data-end="219"><span style="color: #808080;">Doriți să fiți activ, să cunoaș­teți oameni noi și să faceți par­te din­tr-un pro­iect de inte­gra­re extraordinar?&nbsp;</span><br>
<span style="color: #808080;">Atunci antre­na­men­tul nos­tru gra­tu­it de box și K1 este potri­vit pen­tru&nbsp;tine!</span></h3>
<h4 data-start="221" data-end="251"><span style="color: #008080;"><strong data-start="225" data-end="249">La ce vă puteți aștepta?</strong></span></h4>
<p data-start="252" data-end="545">O dată pe săp­tămâ­nă, vă ofe­rim posi­bi­li­ta­tea de a par­ti­ci­pa la o sesiu­ne de antre­na­ment de box și K1 sub îndru­ma­re profesională.<br>
Accen­tul nu este pus doar pe con­di­ția fizi­că, ci și pe adu­ce­rea împre­u­nă a oame­ni­lor din medii dife­ri­te, pro­mo­vând un sen­ti­ment de comu­ni­ta­te și inte­gra­re prin&nbsp;sport.</p>
<h4 data-start="547" data-end="568"><span style="color: #008080;"><strong data-start="551" data-end="566">Pro­iec­tul</strong></span></h4>
<p data-start="569" data-end="864">Aceas­tă ini­ția­ti­vă uni­că este orga­ni­za­tă de aso­ci­a­ția <strong data-start="624" data-end="674">“Jugen­d­li­che ohne Gren­zen in Deut­sch­land e.V.”</strong> în coo­pe­ra­re cu <strong data-start="695" data-end="702">PSV</strong> și <strong data-start="711" data-end="734">Badis­cher Spor­tbu­nd</strong>. Împre­u­nă, ne anga­jăm să con­struim punți între cul­turi și să spri­ji­nim inte­gra­rea tine­ri­lor prin&nbsp;sport.&nbsp;</p>
<h4 data-start="866" data-end="902"><span style="color: #008080;"><strong data-start="870" data-end="900">Cerin­țe de participare</strong></span></h4>
<p data-start="903" data-end="1140">Numă­rul de par­ti­ci­panți este limi­tat, așa că vă încu­ra­jăm să vă înscri­eți în avans pen­tru a vă asi­gu­ra un loc. For­ma­rea este gra­tu­i­tă și des­chi­să tutu­ror celor care apre­cia­ză acti­vi­ta­tea fizi­că și doresc să con­tri­bu­ie activ la inte­gra­re prin&nbsp;sport.&nbsp;</p>
<h4 data-start="903" data-end="1140"><span style="color: #993366;"><strong data-start="1146" data-end="1163">Înscri­eți-vă astăzi</strong> și faceți par­te din acest pro­iect extraordinar!</span></h4>
<p data-start="903" data-end="1140">Pen­tru înscri­eri și infor­ma­ții supli­men­ta­re, vă rugăm să ne con­tac­tați direct.</p>

Werderstraße 39

<p>Inte­gra­re prin sport Antre­na­ment gra­tu­it de box și&nbsp;K1 Doriți să fiți activ, să cunoaș­teți oameni noi și să faceți par­te din­­tr-un pro­iect de inte­gra­re extra­or­di­nar?&nbsp; Atunci antre­na­men­tul nos­tru gra­tu­it de box și K1 este potri­vit pen­tru&nbsp;tine! La ce vă puteți aștep­ta? O dată pe săp­tămâ­nă, vă ofe­rim posi­bi­li­ta­tea de a par­ti­ci­pa la o sesiu­ne de antre­na­ment de box și K1 sub îndru­ma­re pro­fe­sio­na­lă. Accen­tul nu este pus doar pe con­di­ția fizi­că, ci și pe adu­ce­rea împre­u­nă a oame­ni­lor din medii dife­ri­te, pro­mo­vând un sen­ti­ment de comu­ni­ta­te și inte­gra­re prin&nbsp;sport. Pro­iec­tul Aceas­tă ini­ția­ti­vă uni­că este orga­ni­za­tă de aso­ci­a­ția “Jugen­d­li­che ohne Grenzen…</p>

Inte­gra­re prin sport Antre­na­ment gra­tu­it de box și&nbsp;K1 Doriți să fiți activ, să cunoaș­teți oameni noi și să faceți par­te din­tr-un pro­iect de inte­gra­re extraordinar?&nbsp; Atunci antre­na­men­tul nos­tru gra­tu­it de&nbsp;Citiți mai mult
