{"id":57996,"date":"2025-02-03T12:54:06","date_gmt":"2025-02-03T11:54:06","guid":{"rendered":"https:\/\/www.anika-net.de\/event\/curs-de-germana-pentru-munca-b1\/"},"modified":"2025-02-03T12:54:06","modified_gmt":"2025-02-03T11:54:06","slug":"curs-de-germana-pentru-munca-b1","status":"publish","type":"event","link":"https:\/\/www.anika-net.de\/ro\/event\/curs-de-germana-pentru-munca-b1\/","title":{"rendered":"Curs de ger\u00adma\u00adn\u0103 pen\u00adtru mun\u00adc\u0103&nbsp;B1"},"content":{"rendered":"<h1><span style=\"color: #ff9900;\">Curs de ger\u00adma\u00adn\u0103 pen\u00adtru mun\u00adc\u0103&nbsp;B1<\/span><\/h1>\n<blockquote><p><em>\u00cen con\u00adfor\u00admi\u00adta\u00adte cu regu\u00adla\u00admen\u00adtul admi\u00adnis\u00adtra\u00adtiv ger\u00adman (VwV), cu 400 de lec\u021bii<\/em><\/p><\/blockquote>\n<h3><span style=\"color: #008080;\">Pre\u00adcon\u00addi\u00ad\u021bie  <\/span><\/h3>\n<ul>\n<li>Nive\u00adlul A2 \u0219i nu au mai r\u0103mas lec\u00ad\u021bii de repeti\u021bie<\/li>\n<li>Test de nivel (la vhs, Kai\u00adse\u00adra\u00adl\u00adlee&nbsp;12e)<\/li>\n<li>Re\u0219e\u00addin\u00ad\u021b\u0103 \u00een Karlsruhe-Stadt<\/li>\n<\/ul>\n<h3><span style=\"color: #008080;\">Avan\u00adta\u00adje\u00adle dumneavoastr\u0103<\/span><\/h3>\n<ul>\n<li>Par\u00adti\u00adci\u00adpa\u00adre gra\u00adtu\u00adi\u00adt\u0103 la cursuri<\/li>\n<li>Exa\u00admen DTZ la sf\u00e2r\u00ad\u0219i\u00adtul cursului<\/li>\n<li>Atmosfe\u00adr\u0103 pl\u0103\u00adcu\u00adt\u0103 de \u00eenv\u0103\u00ad\u021ba\u00adre \u0219i lideri de curs experimenta\u021bi<\/li>\n<\/ul>\n<p>\ud83d\udc49\ud83c\udffc <strong>F\u0103r\u0103 lec\u00ad\u021bii \u00een tim\u00adpul vacan\u021belor<\/strong><\/p>\n","protected":false},"author":12,"featured_media":57980,"template":"","class_list":["post-57996","event","type-event","status-publish","has-post-thumbnail","hentry","event_category-educatie"],"acf":{"event-recurring":false,"event-category":82,"event-is-language-course":true,"event-recurring-still-active":true,"event-display-details":true,"event-schedules-recurring":null,"event-schedules-calendar":[{"event-calendar-day":"20250915","event-calendar-time":"","event-calendar-time-text":"Date de plasare la nivel la vhs"},{"event-calendar-day":"20260203","event-calendar-time":"","event-calendar-time-text":"Date de plasare la nivel la vhs"}],"event-is-online":false,"event-online-url":"","event-location-building":"Kimmelmannschule","event-location-street":"Graf-Rhena-Str. 18","event-location-zip":"76137","event-location-city":"Karlsruhe","event-location-contact-person":"","event-location-phone":"0721 985 75 0","event-location-phone-2":"","event-location-mail":"daf@vhs-karlsruhe.de","event-location-mail-2":"info@vhs-karlsruhe.de","event-location-website":"https:\/\/www.vhs-karlsruhe.de\/","event-target-group":[{"target-group":"all"}],"event-target-group-comment":"","event-free":true,"event-organiser":[16645,16499,54167],"event-header-copyright-overlay":true,"event-copyright-note-description-end":false},"featured_image_urls_v2":{"full":["https:\/\/www.anika-net.de\/wp-content\/uploads\/2025\/02\/Deutschkurs.jpg",1280,619,false],"thumbnail":["https:\/\/www.anika-net.de\/wp-content\/uploads\/2025\/02\/Deutschkurs-150x150.jpg",150,150,true],"medium":["https:\/\/www.anika-net.de\/wp-content\/uploads\/2025\/02\/Deutschkurs-300x145.jpg",300,145,true],"medium_large":["https:\/\/www.anika-net.de\/wp-content\/uploads\/2025\/02\/Deutschkurs-768x371.jpg",640,309,true],"large":["https:\/\/www.anika-net.de\/wp-content\/uploads\/2025\/02\/Deutschkurs-1024x495.jpg",640,309,true],"1536x1536":["https:\/\/www.anika-net.de\/wp-content\/uploads\/2025\/02\/Deutschkurs.jpg",1280,619,false],"2048x2048":["https:\/\/www.anika-net.de\/wp-content\/uploads\/2025\/02\/Deutschkurs.jpg",1280,619,false],"event-overview":["https:\/\/www.anika-net.de\/wp-content\/uploads\/2025\/02\/Deutschkurs-960x619.jpg",960,619,true],"event-archive-thumb":["https:\/\/www.anika-net.de\/wp-content\/uploads\/2025\/02\/Deutschkurs-480x232.jpg",480,232,true],"grid-item-thumbnail":["https:\/\/www.anika-net.de\/wp-content\/uploads\/2025\/02\/Deutschkurs-360x200.jpg",360,200,true],"network-partner-icon":["https:\/\/www.anika-net.de\/wp-content\/uploads\/2025\/02\/Deutschkurs-100x100.jpg",100,100,true],"organiser-icon":["https:\/\/www.anika-net.de\/wp-content\/uploads\/2025\/02\/Deutschkurs-200x200.jpg",200,200,true],"gform-image-choice-sm":["https:\/\/www.anika-net.de\/wp-content\/uploads\/2025\/02\/Deutschkurs-300x300.jpg",300,300,true],"gform-image-choice-md":["https:\/\/www.anika-net.de\/wp-content\/uploads\/2025\/02\/Deutschkurs-400x400.jpg",400,400,true],"gform-image-choice-lg":["https:\/\/www.anika-net.de\/wp-content\/uploads\/2025\/02\/Deutschkurs-600x600.jpg",600,600,true]},"post_excerpt_stackable_v2":"<p>Curs de ger\u00adma\u00adn\u0103 pen\u00adtru mun\u00adc\u0103&nbsp;B1 \u00cen con\u00adfor\u00admi\u00adta\u00adte cu regu\u00adla\u00admen\u00adtul admi\u00adnis\u00adtra\u00adtiv ger\u00adman (VwV), cu 400 de lec\u00ad\u021bii Pre\u00adcon\u00addi\u00ad\u021bie Nive\u00adlul A2 \u0219i nu au mai r\u0103mas lec\u00ad\u021bii de repe\u00adti\u00ad\u021bie Test de nivel (la vhs, Kai\u00adse\u00adra\u00adl\u00adlee&nbsp;12e) Re\u0219e\u00addin\u00ad\u021b\u0103 \u00een Karl\u00adsru\u00adhe-Sta\u00addt Avan\u00adta\u00adje\u00adle dum\u00adne\u00ada\u00advoas\u00adtr\u0103 Par\u00adti\u00adci\u00adpa\u00adre gra\u00adtu\u00adi\u00adt\u0103 la cur\u00adsuri Exa\u00admen DTZ la sf\u00e2r\u00ad\u0219i\u00adtul cur\u00adsu\u00adlui Atmosfe\u00adr\u0103 pl\u0103\u00adcu\u00adt\u0103 de \u00eenv\u0103\u00ad\u021ba\u00adre \u0219i lideri de curs expe\u00adri\u00admen\u00adta\u021bi \ud83d\udc49\ud83c\udffc F\u0103r\u0103 lec\u00ad\u021bii \u00een tim\u00adpul vacan\u021belor<\/p>\n","category_list_v2":"","author_info_v2":{"name":"Andrea Ramirez","url":"https:\/\/www.anika-net.de\/ro\/author\/andrea-ramirez\/"},"comments_num_v2":"0 comments","uagb_featured_image_src":{"full":["https:\/\/www.anika-net.de\/wp-content\/uploads\/2025\/02\/Deutschkurs.jpg",1280,619,false],"thumbnail":["https:\/\/www.anika-net.de\/wp-content\/uploads\/2025\/02\/Deutschkurs-150x150.jpg",150,150,true],"medium":["https:\/\/www.anika-net.de\/wp-content\/uploads\/2025\/02\/Deutschkurs-300x145.jpg",300,145,true],"medium_large":["https:\/\/www.anika-net.de\/wp-content\/uploads\/2025\/02\/Deutschkurs-768x371.jpg",640,309,true],"large":["https:\/\/www.anika-net.de\/wp-content\/uploads\/2025\/02\/Deutschkurs-1024x495.jpg",640,309,true],"1536x1536":["https:\/\/www.anika-net.de\/wp-content\/uploads\/2025\/02\/Deutschkurs.jpg",1280,619,false],"2048x2048":["https:\/\/www.anika-net.de\/wp-content\/uploads\/2025\/02\/Deutschkurs.jpg",1280,619,false],"event-overview":["https:\/\/www.anika-net.de\/wp-content\/uploads\/2025\/02\/Deutschkurs-960x619.jpg",960,619,true],"event-archive-thumb":["https:\/\/www.anika-net.de\/wp-content\/uploads\/2025\/02\/Deutschkurs-480x232.jpg",480,232,true],"grid-item-thumbnail":["https:\/\/www.anika-net.de\/wp-content\/uploads\/2025\/02\/Deutschkurs-360x200.jpg",360,200,true],"network-partner-icon":["https:\/\/www.anika-net.de\/wp-content\/uploads\/2025\/02\/Deutschkurs-100x100.jpg",100,100,true],"organiser-icon":["https:\/\/www.anika-net.de\/wp-content\/uploads\/2025\/02\/Deutschkurs-200x200.jpg",200,200,true],"gform-image-choice-sm":["https:\/\/www.anika-net.de\/wp-content\/uploads\/2025\/02\/Deutschkurs-300x300.jpg",300,300,true],"gform-image-choice-md":["https:\/\/www.anika-net.de\/wp-content\/uploads\/2025\/02\/Deutschkurs-400x400.jpg",400,400,true],"gform-image-choice-lg":["https:\/\/www.anika-net.de\/wp-content\/uploads\/2025\/02\/Deutschkurs-600x600.jpg",600,600,true]},"uagb_author_info":{"display_name":"Andrea Ramirez","author_link":"https:\/\/www.anika-net.de\/ro\/author\/andrea-ramirez\/"},"uagb_comment_info":0,"uagb_excerpt":"Curs de ger\u00adma\u00adn\u0103 pen\u00adtru mun\u00adc\u0103&nbsp;B1 \u00cen con\u00adfor\u00admi\u00adta\u00adte cu regu\u00adla\u00admen\u00adtul admi\u00adnis\u00adtra\u00adtiv ger\u00adman (VwV), cu 400 de lec\u021bii Pre\u00adcon\u00addi\u00ad\u021bie Nive\u00adlul A2 \u0219i nu au mai r\u0103mas lec\u00ad\u021bii de repeti\u021bie Test de nivel&nbsp;Citi\u021bi mai mult","_links":{"self":[{"href":"https:\/\/www.anika-net.de\/ro\/wp-json\/wp\/v2\/event\/57996","targetHints":{"allow":["GET"]}}],"collection":[{"href":"https:\/\/www.anika-net.de\/ro\/wp-json\/wp\/v2\/event"}],"about":[{"href":"https:\/\/www.anika-net.de\/ro\/wp-json\/wp\/v2\/types\/event"}],"author":[{"embeddable":true,"href":"https:\/\/www.anika-net.de\/ro\/wp-json\/wp\/v2\/users\/12"}],"version-history":[{"count":0,"href":"https:\/\/www.anika-net.de\/ro\/wp-json\/wp\/v2\/event\/57996\/revisions"}],"acf:post":[{"embeddable":true,"href":"https:\/\/www.anika-net.de\/ro\/wp-json\/wp\/v2\/organiser\/54167"},{"embeddable":true,"href":"https:\/\/www.anika-net.de\/ro\/wp-json\/wp\/v2\/organiser\/16499"},{"embeddable":true,"href":"https:\/\/www.anika-net.de\/ro\/wp-json\/wp\/v2\/organiser\/16645"}],"acf:term":[{"embeddable":true,"taxonomy":"event_category","href":"https:\/\/www.anika-net.de\/ro\/wp-json\/wp\/v2\/event_category\/82"}],"wp:featuredmedia":[{"embeddable":true,"href":"https:\/\/www.anika-net.de\/ro\/wp-json\/wp\/v2\/media\/57980"}],"wp:attachment":[{"href":"https:\/\/www.anika-net.de\/ro\/wp-json\/wp\/v2\/media?parent=57996"}],"curies":[{"name":"wp","href":"https:\/\/api.w.org\/{rel}","templated":true}]}}

Curs de ger­ma­nă pen­tru mun­că&nbsp;B1

<h1><span style="color: #ff9900;">Curs de ger­ma­nă pen­tru mun­că&nbsp;B1</span></h1>
<blockquote><p><em>În con­for­mi­ta­te cu regu­la­men­tul admi­nis­tra­tiv ger­man (VwV), cu 400 de lecții</em></p></blockquote>
<h3><span style="color: #008080;">Pre­con­di­ție  </span></h3>
<ul>
<li>Nive­lul A2 și nu au mai rămas lec­ții de repetiție</li>
<li>Test de nivel (la vhs, Kai­se­ra­l­lee&nbsp;12e)</li>
<li>Reșe­din­ță în Karlsruhe-Stadt</li>
</ul>
<h3><span style="color: #008080;">Avan­ta­je­le dumneavoastră</span></h3>
<ul>
<li>Par­ti­ci­pa­re gra­tu­i­tă la cursuri</li>
<li>Exa­men DTZ la sfâr­și­tul cursului</li>
<li>Atmosfe­ră plă­cu­tă de învă­ța­re și lideri de curs experimentați</li>
</ul>
<p>👉🏼 <strong>Fără lec­ții în tim­pul vacanțelor</strong></p>

<p>Curs de ger­ma­nă pen­tru mun­că&nbsp;B1 În con­for­mi­ta­te cu regu­la­men­tul admi­nis­tra­tiv ger­man (VwV), cu 400 de lec­ții Pre­con­di­ție Nive­lul A2 și nu au mai rămas lec­ții de repe­ti­ție Test de nivel (la vhs, Kai­se­ra­l­lee&nbsp;12e) Reșe­din­ță în Karl­sru­he-Sta­dt Avan­ta­je­le dum­ne­a­voas­tră Par­ti­ci­pa­re gra­tu­i­tă la cur­suri Exa­men DTZ la sfâr­și­tul cur­su­lui Atmosfe­ră plă­cu­tă de învă­ța­re și lideri de curs expe­ri­men­tați 👉🏼 Fără lec­ții în tim­pul vacanțelor</p>

Curs de ger­ma­nă pen­tru mun­că&nbsp;B1 În con­for­mi­ta­te cu regu­la­men­tul admi­nis­tra­tiv ger­man (VwV), cu 400 de lecții Pre­con­di­ție Nive­lul A2 și nu au mai rămas lec­ții de repetiție Test de nivel&nbsp;Citiți mai mult
