{"id":49895,"date":"2024-05-29T19:26:06","date_gmt":"2024-05-29T17:26:06","guid":{"rendered":"https:\/\/www.anika-net.de\/event\/filmul-woanders-uberall-in-kinemathek\/"},"modified":"2024-05-29T19:26:06","modified_gmt":"2024-05-29T17:26:06","slug":"filmul-woanders-uberall-in-kinemathek","status":"publish","type":"event","link":"https:\/\/www.anika-net.de\/ro\/event\/filmul-woanders-uberall-in-kinemathek\/","title":{"rendered":"Fil\u00admul Woan\u00adders \u00dcbe\u00adra\u00adll \u00een Kinemathek"},"content":{"rendered":"<h4><span style=\"color: #008080;\">Ini\u00ad\u021biat de Casa Feme\u00adi\u00adlor din Karlsruhe<\/span><\/h4>\n<h1><span style=\"color: #800080;\">\u201cWoanders.\u00dcberall\u201d (Pre\u00adtu\u00adtin\u00addeni)<\/span><br>\n<span style=\"color: #800080;\">Film pe tema \u201cVio\u00adlen\u00ad\u021ba \u00eempo\u00adtri\u00adva femeilor\u201d<\/span><\/h1>\n<h3><span style=\"color: #008080;\">\ud83d\udcfd\ufe0f Intra\u00adre gratuit\u0103<\/span><\/h3>\n<p>Pro\u00adiec\u00adtul de film \u201cWOANDERS.\u00dcBERALL\u201d adap\u00adtea\u00adz\u0103 pie\u00adsa de tea\u00adtru cu ace\u00adla\u0219i nume \u0219i se con\u00adcen\u00adtrea\u00adz\u0103 pe vio\u00adlen\u00ad\u021ba domes\u00adti\u00adc\u0103, deva\u00adlo\u00adri\u00adza\u00adrea spe\u00adci\u00adfi\u00adc\u0103 de gen, sexis\u00admul \u0219i ati\u00adtu\u00addi\u00adni\u00adle miso\u00adgi\u00adne din soci\u00ade\u00adta\u00adte. Pie\u00adsa a fost dezvol\u00adta\u00adt\u0103 \u00een 2022\/23 de actri\u00ad\u021be\u00adle Ley\u00adla Baran, Han\u00adnah Dit\u00adtri\u00adch, Ali\u00adc\u00adja Here\u00adda \u0219i Anet\u00adte Meier \u0219i a avut pre\u00admie\u00adra la Karl\u00adsru\u00adhe. \u00cen urma pre\u00admi\u00ade\u00adrei, fil\u00admul va fi donat Vere\u00adin zum Schutz mis\u00adshan\u00addel\u00adter Frau\u00aden und deren Kin\u00adder e.V. pen\u00adtru acti\u00advi\u00adta\u00adtea de prevenire.<\/p>\n<p><strong><span style=\"color: #003366;\">Des\u00adpre con\u021binut:<\/span><\/strong><br>\nDin p\u0103ca\u00adte, vio\u00adlen\u00ad\u021ba \u00eempo\u00adtri\u00adva feme\u00adi\u00adlor este \u00eenc\u0103 larg r\u0103s\u00adp\u00e2n\u00addi\u00adt\u0103 \u0219i are mul\u00adte fe\u021be. \u201cWoanders.\u00dcberall\u201d dore\u0219\u00adte s\u0103 ara\u00adte acest lucru, dar mai ales s\u0103 \u00eencu\u00adra\u00adje\u00adze \u0219i s\u0103 fac\u0103 apel la solidaritate.<br>\nCeea ce este deo\u00adse\u00adbit la acest pro\u00adiect cine\u00adma\u00adto\u00adgra\u00adfic este fap\u00adtul c\u0103 feme\u00adi\u00adle care au cre\u00adat \u0219i inter\u00adpre\u00adtat pie\u00adsa sunt \u0219i pro\u00adta\u00adgo\u00adnis\u00adte\u00adle fil\u00admu\u00adlui. Mul\u00adte alte femei din Karl\u00adsru\u00adhe au fost, de ase\u00adme\u00adnea, implicate.<\/p>\n<p>\u00centru\u00adc\u00e2t locu\u00adri\u00adle sunt limi\u00adta\u00adte, v\u0103 rug\u0103m s\u0103 face\u021bi o rezer\u00adva\u00adre prin e\u2011mail la adresa<br>\n<strong>info@werkraum-karlsruhe.de<\/strong> sau la num\u0103\u00adrul de tele\u00adfon <strong>0721\u201356841030<\/strong><\/p>\n<h4><span style=\"color: #800080;\">Apre\u00adci\u00adem ori\u00adce dona\u021bie<br>\n<\/span><\/h4>\n","protected":false},"author":12,"featured_media":49993,"template":"","class_list":["post-49895","event","type-event","status-publish","has-post-thumbnail","hentry","event_category-timp-liber"],"acf":{"event-recurring":false,"event-category":83,"event-is-language-course":false,"event-recurring-still-active":true,"event-display-details":true,"event-schedules-recurring":null,"event-schedules-calendar":[{"event-calendar-day":"20240612","event-calendar-time":"18:30 ","event-calendar-time-text":""}],"event-is-online":false,"event-online-url":"","event-location-building":"Kinemathek Karlsruhe","event-location-street":"Kaiserpassage 6","event-location-zip":"76133","event-location-city":"Karlsruhe","event-location-contact-person":"","event-location-phone":"0721-56841030","event-location-phone-2":"","event-location-mail":"info@werkraum-karlsruhe.de","event-location-mail-2":"","event-location-website":"https:\/\/kinemathek-karlsruhe.de\/film\/premiere-woanders-ueberall\/","event-target-group":[{"target-group":"all"}],"event-target-group-comment":"","event-free":true,"event-organiser":[48664],"event-header-copyright-overlay":true,"event-copyright-note-description-end":false},"featured_image_urls_v2":{"full":["https:\/\/www.anika-net.de\/wp-content\/uploads\/2024\/05\/WoanderUeberall_Schnitt_08.00_58_30_24.Standbild025-scaled.jpg",2560,1440,false],"thumbnail":["https:\/\/www.anika-net.de\/wp-content\/uploads\/2024\/05\/WoanderUeberall_Schnitt_08.00_58_30_24.Standbild025-150x150.jpg",150,150,true],"medium":["https:\/\/www.anika-net.de\/wp-content\/uploads\/2024\/05\/WoanderUeberall_Schnitt_08.00_58_30_24.Standbild025-300x169.jpg",300,169,true],"medium_large":["https:\/\/www.anika-net.de\/wp-content\/uploads\/2024\/05\/WoanderUeberall_Schnitt_08.00_58_30_24.Standbild025-768x432.jpg",640,360,true],"large":["https:\/\/www.anika-net.de\/wp-content\/uploads\/2024\/05\/WoanderUeberall_Schnitt_08.00_58_30_24.Standbild025-1024x576.jpg",640,360,true],"1536x1536":["https:\/\/www.anika-net.de\/wp-content\/uploads\/2024\/05\/WoanderUeberall_Schnitt_08.00_58_30_24.Standbild025-1536x864.jpg",1536,864,true],"2048x2048":["https:\/\/www.anika-net.de\/wp-content\/uploads\/2024\/05\/WoanderUeberall_Schnitt_08.00_58_30_24.Standbild025-2048x1152.jpg",2048,1152,true],"event-overview":["https:\/\/www.anika-net.de\/wp-content\/uploads\/2024\/05\/WoanderUeberall_Schnitt_08.00_58_30_24.Standbild025-960x640.jpg",960,640,true],"event-archive-thumb":["https:\/\/www.anika-net.de\/wp-content\/uploads\/2024\/05\/WoanderUeberall_Schnitt_08.00_58_30_24.Standbild025-480x270.jpg",480,270,true],"grid-item-thumbnail":["https:\/\/www.anika-net.de\/wp-content\/uploads\/2024\/05\/WoanderUeberall_Schnitt_08.00_58_30_24.Standbild025-360x200.jpg",360,200,true],"network-partner-icon":["https:\/\/www.anika-net.de\/wp-content\/uploads\/2024\/05\/WoanderUeberall_Schnitt_08.00_58_30_24.Standbild025-100x100.jpg",100,100,true],"organiser-icon":["https:\/\/www.anika-net.de\/wp-content\/uploads\/2024\/05\/WoanderUeberall_Schnitt_08.00_58_30_24.Standbild025-200x200.jpg",200,200,true],"gform-image-choice-sm":["https:\/\/www.anika-net.de\/wp-content\/uploads\/2024\/05\/WoanderUeberall_Schnitt_08.00_58_30_24.Standbild025-scaled.jpg",300,169,false],"gform-image-choice-md":["https:\/\/www.anika-net.de\/wp-content\/uploads\/2024\/05\/WoanderUeberall_Schnitt_08.00_58_30_24.Standbild025-scaled.jpg",400,225,false],"gform-image-choice-lg":["https:\/\/www.anika-net.de\/wp-content\/uploads\/2024\/05\/WoanderUeberall_Schnitt_08.00_58_30_24.Standbild025-scaled.jpg",600,338,false]},"post_excerpt_stackable_v2":"<p>Ini\u00ad\u021biat de Casa Feme\u00adi\u00adlor din Karl\u00adsru\u00adhe \u201cWoanders.\u00dcberall\u201d (Pre\u00adtu\u00adtin\u00addeni) Film pe tema \u201cVio\u00adlen\u00ad\u021ba \u00eempo\u00adtri\u00adva feme\u00adi\u00adlor\u201d \ud83d\udcfd\ufe0f Intra\u00adre gra\u00adtu\u00adi\u00adt\u0103 Pro\u00adiec\u00adtul de film \u201cWOANDERS.\u00dcBERALL\u201d adap\u00adtea\u00adz\u0103 pie\u00adsa de tea\u00adtru cu ace\u00adla\u0219i nume \u0219i se con\u00adcen\u00adtrea\u00adz\u0103 pe vio\u00adlen\u00ad\u021ba domes\u00adti\u00adc\u0103, deva\u00adlo\u00adri\u00adza\u00adrea spe\u00adci\u00adfi\u00adc\u0103 de gen, sexis\u00admul \u0219i ati\u00adtu\u00addi\u00adni\u00adle miso\u00adgi\u00adne din soci\u00ade\u00adta\u00adte. Pie\u00adsa a fost dezvol\u00adta\u00adt\u0103 \u00een 2022\/23 de actri\u00ad\u021be\u00adle Ley\u00adla Baran, Han\u00adnah Dit\u00adtri\u00adch, Ali\u00adc\u00adja Here\u00adda \u0219i Anet\u00adte Meier \u0219i a avut pre\u00admie\u00adra la Karl\u00adsru\u00adhe. \u00cen urma pre\u00admi\u00ade\u00adrei, fil\u00admul va fi donat Vere\u00adin zum Schutz mis\u00adshan\u00addel\u00adter Frau\u00aden und deren Kin\u00adder e.V. pen\u00adtru acti\u00advi\u00adta\u00adtea de pre\u00adve\u00adni\u00adre. Des\u00adpre con\u00ad\u021bi\u00adnut: Din p\u0103ca\u00adte, vio\u00adlen\u00ad\u021ba \u00eempo\u00adtri\u00adva feme\u00adi\u00adlor este \u00eenc\u0103 larg r\u0103s\u00adp\u00e2n\u00addi\u00adt\u0103 \u0219i&nbsp;are\u2026<\/p>\n","category_list_v2":"","author_info_v2":{"name":"Andrea Ramirez","url":"https:\/\/www.anika-net.de\/ro\/author\/andrea-ramirez\/"},"comments_num_v2":"0 comments","uagb_featured_image_src":{"full":["https:\/\/www.anika-net.de\/wp-content\/uploads\/2024\/05\/WoanderUeberall_Schnitt_08.00_58_30_24.Standbild025-scaled.jpg",2560,1440,false],"thumbnail":["https:\/\/www.anika-net.de\/wp-content\/uploads\/2024\/05\/WoanderUeberall_Schnitt_08.00_58_30_24.Standbild025-150x150.jpg",150,150,true],"medium":["https:\/\/www.anika-net.de\/wp-content\/uploads\/2024\/05\/WoanderUeberall_Schnitt_08.00_58_30_24.Standbild025-300x169.jpg",300,169,true],"medium_large":["https:\/\/www.anika-net.de\/wp-content\/uploads\/2024\/05\/WoanderUeberall_Schnitt_08.00_58_30_24.Standbild025-768x432.jpg",640,360,true],"large":["https:\/\/www.anika-net.de\/wp-content\/uploads\/2024\/05\/WoanderUeberall_Schnitt_08.00_58_30_24.Standbild025-1024x576.jpg",640,360,true],"1536x1536":["https:\/\/www.anika-net.de\/wp-content\/uploads\/2024\/05\/WoanderUeberall_Schnitt_08.00_58_30_24.Standbild025-1536x864.jpg",1536,864,true],"2048x2048":["https:\/\/www.anika-net.de\/wp-content\/uploads\/2024\/05\/WoanderUeberall_Schnitt_08.00_58_30_24.Standbild025-2048x1152.jpg",2048,1152,true],"event-overview":["https:\/\/www.anika-net.de\/wp-content\/uploads\/2024\/05\/WoanderUeberall_Schnitt_08.00_58_30_24.Standbild025-960x640.jpg",960,640,true],"event-archive-thumb":["https:\/\/www.anika-net.de\/wp-content\/uploads\/2024\/05\/WoanderUeberall_Schnitt_08.00_58_30_24.Standbild025-480x270.jpg",480,270,true],"grid-item-thumbnail":["https:\/\/www.anika-net.de\/wp-content\/uploads\/2024\/05\/WoanderUeberall_Schnitt_08.00_58_30_24.Standbild025-360x200.jpg",360,200,true],"network-partner-icon":["https:\/\/www.anika-net.de\/wp-content\/uploads\/2024\/05\/WoanderUeberall_Schnitt_08.00_58_30_24.Standbild025-100x100.jpg",100,100,true],"organiser-icon":["https:\/\/www.anika-net.de\/wp-content\/uploads\/2024\/05\/WoanderUeberall_Schnitt_08.00_58_30_24.Standbild025-200x200.jpg",200,200,true],"gform-image-choice-sm":["https:\/\/www.anika-net.de\/wp-content\/uploads\/2024\/05\/WoanderUeberall_Schnitt_08.00_58_30_24.Standbild025-scaled.jpg",300,169,false],"gform-image-choice-md":["https:\/\/www.anika-net.de\/wp-content\/uploads\/2024\/05\/WoanderUeberall_Schnitt_08.00_58_30_24.Standbild025-scaled.jpg",400,225,false],"gform-image-choice-lg":["https:\/\/www.anika-net.de\/wp-content\/uploads\/2024\/05\/WoanderUeberall_Schnitt_08.00_58_30_24.Standbild025-scaled.jpg",600,338,false]},"uagb_author_info":{"display_name":"Andrea Ramirez","author_link":"https:\/\/www.anika-net.de\/ro\/author\/andrea-ramirez\/"},"uagb_comment_info":0,"uagb_excerpt":"Ini\u00ad\u021biat de Casa Feme\u00adi\u00adlor din Karlsruhe \u201cWoanders.\u00dcberall\u201d (Pre\u00adtu\u00adtin\u00addeni) Film pe tema \u201cVio\u00adlen\u00ad\u021ba \u00eempo\u00adtri\u00adva femeilor\u201d \ud83d\udcfd\ufe0f Intra\u00adre gratuit\u0103 Pro\u00adiec\u00adtul de film \u201cWOANDERS.\u00dcBERALL\u201d adap\u00adtea\u00adz\u0103 pie\u00adsa de tea\u00adtru cu ace\u00adla\u0219i nume \u0219i se&nbsp;Citi\u021bi mai mult","_links":{"self":[{"href":"https:\/\/www.anika-net.de\/ro\/wp-json\/wp\/v2\/event\/49895","targetHints":{"allow":["GET"]}}],"collection":[{"href":"https:\/\/www.anika-net.de\/ro\/wp-json\/wp\/v2\/event"}],"about":[{"href":"https:\/\/www.anika-net.de\/ro\/wp-json\/wp\/v2\/types\/event"}],"author":[{"embeddable":true,"href":"https:\/\/www.anika-net.de\/ro\/wp-json\/wp\/v2\/users\/12"}],"version-history":[{"count":0,"href":"https:\/\/www.anika-net.de\/ro\/wp-json\/wp\/v2\/event\/49895\/revisions"}],"acf:post":[{"embeddable":true,"href":"https:\/\/www.anika-net.de\/ro\/wp-json\/wp\/v2\/organiser\/48664"}],"acf:term":[{"embeddable":true,"taxonomy":"event_category","href":"https:\/\/www.anika-net.de\/ro\/wp-json\/wp\/v2\/event_category\/83"}],"wp:featuredmedia":[{"embeddable":true,"href":"https:\/\/www.anika-net.de\/ro\/wp-json\/wp\/v2\/media\/49993"}],"wp:attachment":[{"href":"https:\/\/www.anika-net.de\/ro\/wp-json\/wp\/v2\/media?parent=49895"}],"curies":[{"name":"wp","href":"https:\/\/api.w.org\/{rel}","templated":true}]}}

Fil­mul Woan­ders Übe­ra­ll în Kinemathek

<h4><span style="color: #008080;">Ini­țiat de Casa Feme­i­lor din Karlsruhe</span></h4>
<h1><span style="color: #800080;">“Woanders.Überall” (Pre­tu­tin­deni)</span><br>
<span style="color: #800080;">Film pe tema “Vio­len­ța împo­tri­va femeilor”</span></h1>
<h3><span style="color: #008080;">📽️ Intra­re gratuită</span></h3>
<p>Pro­iec­tul de film “WOANDERS.ÜBERALL” adap­tea­ză pie­sa de tea­tru cu ace­lași nume și se con­cen­trea­ză pe vio­len­ța domes­ti­că, deva­lo­ri­za­rea spe­ci­fi­că de gen, sexis­mul și ati­tu­di­ni­le miso­gi­ne din soci­e­ta­te. Pie­sa a fost dezvol­ta­tă în 2022/23 de actri­țe­le Ley­la Baran, Han­nah Dit­tri­ch, Ali­c­ja Here­da și Anet­te Meier și a avut pre­mie­ra la Karl­sru­he. În urma pre­mi­e­rei, fil­mul va fi donat Vere­in zum Schutz mis­shan­del­ter Frau­en und deren Kin­der e.V. pen­tru acti­vi­ta­tea de prevenire.</p>
<p><strong><span style="color: #003366;">Des­pre conținut:</span></strong><br>
Din păca­te, vio­len­ța împo­tri­va feme­i­lor este încă larg răs­pân­di­tă și are mul­te fețe. “Woanders.Überall” doreș­te să ara­te acest lucru, dar mai ales să încu­ra­je­ze și să facă apel la solidaritate.<br>
Ceea ce este deo­se­bit la acest pro­iect cine­ma­to­gra­fic este fap­tul că feme­i­le care au cre­at și inter­pre­tat pie­sa sunt și pro­ta­go­nis­te­le fil­mu­lui. Mul­te alte femei din Karl­sru­he au fost, de ase­me­nea, implicate.</p>
<p>Întru­cât locu­ri­le sunt limi­ta­te, vă rugăm să faceți o rezer­va­re prin e‑mail la adresa<br>
<strong>info@werkraum-karlsruhe.de</strong> sau la numă­rul de tele­fon <strong>0721–56841030</strong></p>
<h4><span style="color: #800080;">Apre­ci­em ori­ce donație<br>
</span></h4>

<p>Ini­țiat de Casa Feme­i­lor din Karl­sru­he “Woanders.Überall” (Pre­tu­tin­deni) Film pe tema “Vio­len­ța împo­tri­va feme­i­lor” 📽️ Intra­re gra­tu­i­tă Pro­iec­tul de film “WOANDERS.ÜBERALL” adap­tea­ză pie­sa de tea­tru cu ace­lași nume și se con­cen­trea­ză pe vio­len­ța domes­ti­că, deva­lo­ri­za­rea spe­ci­fi­că de gen, sexis­mul și ati­tu­di­ni­le miso­gi­ne din soci­e­ta­te. Pie­sa a fost dezvol­ta­tă în 2022/23 de actri­țe­le Ley­la Baran, Han­nah Dit­tri­ch, Ali­c­ja Here­da și Anet­te Meier și a avut pre­mie­ra la Karl­sru­he. În urma pre­mi­e­rei, fil­mul va fi donat Vere­in zum Schutz mis­shan­del­ter Frau­en und deren Kin­der e.V. pen­tru acti­vi­ta­tea de pre­ve­ni­re. Des­pre con­ți­nut: Din păca­te, vio­len­ța împo­tri­va feme­i­lor este încă larg răs­pân­di­tă și&nbsp;are…</p>

Ini­țiat de Casa Feme­i­lor din Karlsruhe “Woanders.Überall” (Pre­tu­tin­deni) Film pe tema “Vio­len­ța împo­tri­va femeilor” 📽️ Intra­re gratuită Pro­iec­tul de film “WOANDERS.ÜBERALL” adap­tea­ză pie­sa de tea­tru cu ace­lași nume și se&nbsp;Citiți mai mult
