{"id":49614,"date":"2024-05-23T10:19:36","date_gmt":"2024-05-23T08:19:36","guid":{"rendered":"https:\/\/www.anika-net.de\/event\/calificarea-de-baza-pentru-mediatorii-lingvistici\/"},"modified":"2024-05-23T10:19:36","modified_gmt":"2024-05-23T08:19:36","slug":"calificarea-de-baza-pentru-mediatorii-lingvistici","status":"publish","type":"event","link":"https:\/\/www.anika-net.de\/ro\/event\/calificarea-de-baza-pentru-mediatorii-lingvistici\/","title":{"rendered":"Cali\u00adfi\u00adca\u00adrea de baz\u0103 pen\u00adtru medi\u00ada\u00adto\u00adrii lingvistici"},"content":{"rendered":"<blockquote>\n<h2><span style=\"color: #ffcc00;\">Vor\u00adbi\u021bi ger\u00adma\u00adna \u0219i o alt\u0103&nbsp;limb\u0103?<\/span><br>\n<span style=\"color: #ffcc00;\">Dori\u021bi s\u0103 lucra\u021bi ca medi\u00ada\u00adtor ling\u00advis\u00adtic \u00een dis\u00adtric\u00adtul Karlsruhe?<\/span><\/h2>\n<\/blockquote>\n<p>Apoi par\u00adti\u00adci\u00adpa\u021bi la cur\u00adsul nos\u00adtru de calificare.<\/p>\n<p>C\u0103u\u00adt\u0103m aces\u00adte lim\u00adbi: tur\u00adc\u0103, tigrin\u00adja (Eri\u00adtre\u00adea), chi\u00adne\u00adz\u0103, maghia\u00adr\u0103, rus\u0103, ucrai\u00adne\u00ada\u00adn\u0103 \u0219i alte&nbsp;limbi.<\/p>\n<p>Con\u00addi\u00ad\u021bii pre\u00ada\u00adla\u00adbi\u00adle: B1\/B2 ger\u00adma\u00adn\u0103 oral (f\u0103r\u0103 certificat)<\/p>\n<p>\u00cenre\u00adgis\u00adtra\u00adre: sprachmittler@landratsamt-karlsruhe.de<\/p>\n<p>\ud83d\udca1<a href=\"https:\/\/www.anika-net.de\/wp-content\/uploads\/2024\/05\/Flyer_SpraMi-Schulung_Oktober_24.pdf\"> <strong>flu\u00adtu\u00adra\u0219<\/strong><\/a><\/p>\n","protected":false},"author":12,"featured_media":49602,"template":"","class_list":["post-49614","event","type-event","status-publish","has-post-thumbnail","hentry","event_category-asistenta"],"acf":{"event-recurring":false,"event-category":81,"event-is-language-course":false,"event-recurring-still-active":true,"event-display-details":true,"event-schedules-recurring":null,"event-schedules-calendar":[{"event-calendar-day":"20241018","event-calendar-time":"","event-calendar-time-text":"16.00 - 19.00 (la fa\u021ba locului)"},{"event-calendar-day":"20241019","event-calendar-time":"","event-calendar-time-text":"De la 9.00 la 16.00 (online)"}],"event-is-online":false,"event-online-url":"","event-location-building":"","event-location-street":"","event-location-zip":"","event-location-city":"","event-location-contact-person":"","event-location-phone":"","event-location-phone-2":"","event-location-mail":"sprachmittler@landratsamt-karlsruhe.de","event-location-mail-2":"","event-location-website":"","event-target-group":null,"event-target-group-comment":"Mediatori lingvistici voluntari","event-free":true,"event-organiser":[16323],"event-header-copyright-overlay":true,"event-copyright-note-description-end":false},"featured_image_urls_v2":{"full":["https:\/\/www.anika-net.de\/wp-content\/uploads\/2024\/05\/different-language-speech-bubble-hello-concept1-scaled.jpg",2560,1654,false],"thumbnail":["https:\/\/www.anika-net.de\/wp-content\/uploads\/2024\/05\/different-language-speech-bubble-hello-concept1-150x150.jpg",150,150,true],"medium":["https:\/\/www.anika-net.de\/wp-content\/uploads\/2024\/05\/different-language-speech-bubble-hello-concept1-300x194.jpg",300,194,true],"medium_large":["https:\/\/www.anika-net.de\/wp-content\/uploads\/2024\/05\/different-language-speech-bubble-hello-concept1-768x496.jpg",640,413,true],"large":["https:\/\/www.anika-net.de\/wp-content\/uploads\/2024\/05\/different-language-speech-bubble-hello-concept1-1024x661.jpg",640,413,true],"1536x1536":["https:\/\/www.anika-net.de\/wp-content\/uploads\/2024\/05\/different-language-speech-bubble-hello-concept1-1536x992.jpg",1536,992,true],"2048x2048":["https:\/\/www.anika-net.de\/wp-content\/uploads\/2024\/05\/different-language-speech-bubble-hello-concept1-2048x1323.jpg",2048,1323,true],"event-overview":["https:\/\/www.anika-net.de\/wp-content\/uploads\/2024\/05\/different-language-speech-bubble-hello-concept1-960x640.jpg",960,640,true],"event-archive-thumb":["https:\/\/www.anika-net.de\/wp-content\/uploads\/2024\/05\/different-language-speech-bubble-hello-concept1-480x310.jpg",480,310,true],"grid-item-thumbnail":["https:\/\/www.anika-net.de\/wp-content\/uploads\/2024\/05\/different-language-speech-bubble-hello-concept1-360x200.jpg",360,200,true],"network-partner-icon":["https:\/\/www.anika-net.de\/wp-content\/uploads\/2024\/05\/different-language-speech-bubble-hello-concept1-100x100.jpg",100,100,true],"organiser-icon":["https:\/\/www.anika-net.de\/wp-content\/uploads\/2024\/05\/different-language-speech-bubble-hello-concept1-200x200.jpg",200,200,true],"gform-image-choice-sm":["https:\/\/www.anika-net.de\/wp-content\/uploads\/2024\/05\/different-language-speech-bubble-hello-concept1-scaled.jpg",300,194,false],"gform-image-choice-md":["https:\/\/www.anika-net.de\/wp-content\/uploads\/2024\/05\/different-language-speech-bubble-hello-concept1-scaled.jpg",400,258,false],"gform-image-choice-lg":["https:\/\/www.anika-net.de\/wp-content\/uploads\/2024\/05\/different-language-speech-bubble-hello-concept1-scaled.jpg",600,388,false]},"post_excerpt_stackable_v2":"<p>Vor\u00adbi\u021bi ger\u00adma\u00adna \u0219i o alt\u0103&nbsp;lim\u00adb\u0103? Dori\u021bi s\u0103 lucra\u021bi ca medi\u00ada\u00adtor ling\u00advis\u00adtic \u00een dis\u00adtric\u00adtul Karl\u00adsru\u00adhe? Apoi par\u00adti\u00adci\u00adpa\u021bi la cur\u00adsul nos\u00adtru de cali\u00adfi\u00adca\u00adre. C\u0103u\u00adt\u0103m aces\u00adte lim\u00adbi: tur\u00adc\u0103, tigrin\u00adja (Eri\u00adtre\u00adea), chi\u00adne\u00adz\u0103, maghia\u00adr\u0103, rus\u0103, ucrai\u00adne\u00ada\u00adn\u0103 \u0219i alte&nbsp;lim\u00adbi. Con\u00addi\u00ad\u021bii pre\u00ada\u00adla\u00adbi\u00adle: B1\/B2 ger\u00adma\u00adn\u0103 oral (f\u0103r\u0103 cer\u00adti\u00adfi\u00adcat) \u00cenre\u00adgis\u00adtra\u00adre: sprachmittler@landratsamt-karlsruhe.de \ud83d\udca1 flutura\u0219<\/p>\n","category_list_v2":"","author_info_v2":{"name":"Andrea Ramirez","url":"https:\/\/www.anika-net.de\/ro\/author\/andrea-ramirez\/"},"comments_num_v2":"0 comments","uagb_featured_image_src":{"full":["https:\/\/www.anika-net.de\/wp-content\/uploads\/2024\/05\/different-language-speech-bubble-hello-concept1-scaled.jpg",2560,1654,false],"thumbnail":["https:\/\/www.anika-net.de\/wp-content\/uploads\/2024\/05\/different-language-speech-bubble-hello-concept1-150x150.jpg",150,150,true],"medium":["https:\/\/www.anika-net.de\/wp-content\/uploads\/2024\/05\/different-language-speech-bubble-hello-concept1-300x194.jpg",300,194,true],"medium_large":["https:\/\/www.anika-net.de\/wp-content\/uploads\/2024\/05\/different-language-speech-bubble-hello-concept1-768x496.jpg",640,413,true],"large":["https:\/\/www.anika-net.de\/wp-content\/uploads\/2024\/05\/different-language-speech-bubble-hello-concept1-1024x661.jpg",640,413,true],"1536x1536":["https:\/\/www.anika-net.de\/wp-content\/uploads\/2024\/05\/different-language-speech-bubble-hello-concept1-1536x992.jpg",1536,992,true],"2048x2048":["https:\/\/www.anika-net.de\/wp-content\/uploads\/2024\/05\/different-language-speech-bubble-hello-concept1-2048x1323.jpg",2048,1323,true],"event-overview":["https:\/\/www.anika-net.de\/wp-content\/uploads\/2024\/05\/different-language-speech-bubble-hello-concept1-960x640.jpg",960,640,true],"event-archive-thumb":["https:\/\/www.anika-net.de\/wp-content\/uploads\/2024\/05\/different-language-speech-bubble-hello-concept1-480x310.jpg",480,310,true],"grid-item-thumbnail":["https:\/\/www.anika-net.de\/wp-content\/uploads\/2024\/05\/different-language-speech-bubble-hello-concept1-360x200.jpg",360,200,true],"network-partner-icon":["https:\/\/www.anika-net.de\/wp-content\/uploads\/2024\/05\/different-language-speech-bubble-hello-concept1-100x100.jpg",100,100,true],"organiser-icon":["https:\/\/www.anika-net.de\/wp-content\/uploads\/2024\/05\/different-language-speech-bubble-hello-concept1-200x200.jpg",200,200,true],"gform-image-choice-sm":["https:\/\/www.anika-net.de\/wp-content\/uploads\/2024\/05\/different-language-speech-bubble-hello-concept1-scaled.jpg",300,194,false],"gform-image-choice-md":["https:\/\/www.anika-net.de\/wp-content\/uploads\/2024\/05\/different-language-speech-bubble-hello-concept1-scaled.jpg",400,258,false],"gform-image-choice-lg":["https:\/\/www.anika-net.de\/wp-content\/uploads\/2024\/05\/different-language-speech-bubble-hello-concept1-scaled.jpg",600,388,false]},"uagb_author_info":{"display_name":"Andrea Ramirez","author_link":"https:\/\/www.anika-net.de\/ro\/author\/andrea-ramirez\/"},"uagb_comment_info":0,"uagb_excerpt":"Vor\u00adbi\u021bi ger\u00adma\u00adna \u0219i o alt\u0103&nbsp;limb\u0103? Dori\u021bi s\u0103 lucra\u021bi ca medi\u00ada\u00adtor ling\u00advis\u00adtic \u00een dis\u00adtric\u00adtul Karlsruhe? Apoi par\u00adti\u00adci\u00adpa\u021bi la cur\u00adsul nos\u00adtru de calificare. C\u0103u\u00adt\u0103m aces\u00adte lim\u00adbi: tur\u00adc\u0103, tigrin\u00adja (Eri\u00adtre\u00adea), chi\u00adne\u00adz\u0103, maghia\u00adr\u0103, rus\u0103,&nbsp;Citi\u021bi mai mult","_links":{"self":[{"href":"https:\/\/www.anika-net.de\/ro\/wp-json\/wp\/v2\/event\/49614","targetHints":{"allow":["GET"]}}],"collection":[{"href":"https:\/\/www.anika-net.de\/ro\/wp-json\/wp\/v2\/event"}],"about":[{"href":"https:\/\/www.anika-net.de\/ro\/wp-json\/wp\/v2\/types\/event"}],"author":[{"embeddable":true,"href":"https:\/\/www.anika-net.de\/ro\/wp-json\/wp\/v2\/users\/12"}],"version-history":[{"count":0,"href":"https:\/\/www.anika-net.de\/ro\/wp-json\/wp\/v2\/event\/49614\/revisions"}],"acf:post":[{"embeddable":true,"href":"https:\/\/www.anika-net.de\/ro\/wp-json\/wp\/v2\/organiser\/16323"}],"acf:term":[{"embeddable":true,"taxonomy":"event_category","href":"https:\/\/www.anika-net.de\/ro\/wp-json\/wp\/v2\/event_category\/81"}],"wp:featuredmedia":[{"embeddable":true,"href":"https:\/\/www.anika-net.de\/ro\/wp-json\/wp\/v2\/media\/49602"}],"wp:attachment":[{"href":"https:\/\/www.anika-net.de\/ro\/wp-json\/wp\/v2\/media?parent=49614"}],"curies":[{"name":"wp","href":"https:\/\/api.w.org\/{rel}","templated":true}]}}

Cali­fi­ca­rea de bază pen­tru medi­a­to­rii lingvistici

<blockquote>
<h2><span style="color: #ffcc00;">Vor­biți ger­ma­na și o altă&nbsp;limbă?</span><br>
<span style="color: #ffcc00;">Doriți să lucrați ca medi­a­tor ling­vis­tic în dis­tric­tul Karlsruhe?</span></h2>
</blockquote>
<p>Apoi par­ti­ci­pați la cur­sul nos­tru de calificare.</p>
<p>Cău­tăm aces­te lim­bi: tur­că, tigrin­ja (Eri­tre­ea), chi­ne­ză, maghia­ră, rusă, ucrai­ne­a­nă și alte&nbsp;limbi.</p>
<p>Con­di­ții pre­a­la­bi­le: B1/B2 ger­ma­nă oral (fără certificat)</p>
<p>Înre­gis­tra­re: sprachmittler@landratsamt-karlsruhe.de</p>
<p>💡<a href="https://www.anika-net.de/wp-content/uploads/2024/05/Flyer_SpraMi-Schulung_Oktober_24.pdf"> <strong>flu­tu­raș</strong></a></p>

16.00 - 19.00 (la fața locului)

<p>Vor­biți ger­ma­na și o altă&nbsp;lim­bă? Doriți să lucrați ca medi­a­tor ling­vis­tic în dis­tric­tul Karl­sru­he? Apoi par­ti­ci­pați la cur­sul nos­tru de cali­fi­ca­re. Cău­tăm aces­te lim­bi: tur­că, tigrin­ja (Eri­tre­ea), chi­ne­ză, maghia­ră, rusă, ucrai­ne­a­nă și alte&nbsp;lim­bi. Con­di­ții pre­a­la­bi­le: B1/B2 ger­ma­nă oral (fără cer­ti­fi­cat) Înre­gis­tra­re: sprachmittler@landratsamt-karlsruhe.de 💡 fluturaș</p>

Vor­biți ger­ma­na și o altă&nbsp;limbă? Doriți să lucrați ca medi­a­tor ling­vis­tic în dis­tric­tul Karlsruhe? Apoi par­ti­ci­pați la cur­sul nos­tru de calificare. Cău­tăm aces­te lim­bi: tur­că, tigrin­ja (Eri­tre­ea), chi­ne­ză, maghia­ră, rusă,&nbsp;Citiți mai mult
