{"id":48745,"date":"2024-04-25T11:17:42","date_gmt":"2024-04-25T09:17:42","guid":{"rendered":"https:\/\/www.anika-net.de\/event\/tari-oameni-delicatese-japonia\/"},"modified":"2024-04-25T11:17:42","modified_gmt":"2024-04-25T09:17:42","slug":"tari-oameni-delicatese-japonia","status":"publish","type":"event","link":"https:\/\/www.anika-net.de\/ro\/event\/tari-oameni-delicatese-japonia\/","title":{"rendered":"\u021a\u0103ri Oameni Deli\u00adca\u00adte\u00adse \u2014 Japonia"},"content":{"rendered":"<h2><span style=\"color: #800080;\">\u021a\u0103ri Oameni Deli\u00adca\u00adte\u00adse \u2014 Japonia<\/span><\/h2>\n<blockquote><p><span style=\"color: #008080;\"><strong>\u00cent\u00e2l\u00adni\u00adre culinar\u0103-cultural\u0103<\/strong><\/span><br>\n<span style=\"color: #008080;\"><strong>Taxa de par\u00adti\u00adci\u00adpa\u00adre:&nbsp;25\u20ac.<\/strong><\/span><\/p><\/blockquote>\n<p>\u00cen aceas\u00adt\u0103 sea\u00adr\u0103 pute\u021bi expe\u00adri\u00admen\u00adta Japo\u00adnia \u00een dife\u00adri\u00adte moduri: Pasio\u00adna\u00ad\u021bii de g\u0103tit vor pre\u00adg\u0103ti deli\u00adca\u00adte\u00adse japo\u00adne\u00adze. Buc\u0103\u00adta\u00adrii serii vor fi bucu\u00adro\u0219i s\u0103 se a\u0219e\u00adze la o mas\u0103 cu dvs. de la ora 19.00, s\u0103 m\u0103n\u00e2n\u00adce, s\u0103 bea \u0219i s\u0103 vor\u00adbeas\u00adc\u0103 \u00eentre ei des\u00adpre m\u00e2n\u00adca\u00adre, g\u0103tit, Japo\u00adnia \u0219i arta sa, cul\u00adtu\u00adr\u0103 \u0219i mul\u00adte alte subiec\u00adte. Sea\u00adra va fi acom\u00adpa\u00adni\u00ada\u00adt\u0103 de muzi\u00adc\u0103 japonez\u0103.<\/p>\n<p>Aces\u00adta este cel de-al \u0219ase\u00adlea eve\u00adni\u00adment dintr\u2011o serie de eve\u00adni\u00admen\u00adte Koch\u00adKul\u00adtu\u00adrE\u00advents. \u00centot\u00addea\u00adu\u00adna se pune accen\u00adtul pe un con\u00adti\u00adnent cu o regiune\/\u021bar\u0103 \u0219i pe deli\u00adca\u00adte\u00adse\u00adle sale culi\u00adna\u00adre, muzi\u00adc\u0103 \u0219i cultur\u0103.<\/p>\n<p>V\u0103 rug\u0103m s\u0103 rezer\u00adva\u021bi cur\u00adsul de g\u0103tit la num\u0103\u00adrul de curs 242\u201330300 \u0219i cur\u00adsul de lec\u00adtu\u00adr\u0103 \u0219i mas\u0103 la num\u0103\u00adrul de curs 242\u201330301 la&nbsp;vhs.<\/p>\n","protected":false},"author":12,"featured_media":48714,"template":"","class_list":["post-48745","event","type-event","status-publish","has-post-thumbnail","hentry","event_category-timp-liber"],"acf":{"event-recurring":false,"event-category":83,"event-is-language-course":false,"event-recurring-still-active":true,"event-display-details":true,"event-schedules-recurring":null,"event-schedules-calendar":[{"event-calendar-day":"20240615","event-calendar-time":"16:00 - 22:00","event-calendar-time-text":""}],"event-is-online":false,"event-online-url":"","event-location-building":"ibz, EG, Gro\u00dfer Saal","event-location-street":"Kaiserallee 12d","event-location-zip":"76133","event-location-city":"Karlsruhe","event-location-contact-person":"","event-location-phone":"242-30300 cooking course","event-location-phone-2":"242-30301 lecture & meal","event-location-mail":"","event-location-mail-2":"","event-location-website":"https:\/\/www.ibz-karlsruhe.de\/events\/laender-leute-leckereien-japan\/","event-target-group":[{"target-group":"all"}],"event-target-group-comment":"","event-free":false,"event-organiser":[16248,28549,16645],"event-header-copyright-overlay":true,"event-copyright-note-description-end":false},"featured_image_urls_v2":{"full":["https:\/\/www.anika-net.de\/wp-content\/uploads\/2024\/04\/cherry-blossoms-spring-chureito-pagoda-fuji-mountain-japan-scaled.jpg",2560,1707,false],"thumbnail":["https:\/\/www.anika-net.de\/wp-content\/uploads\/2024\/04\/cherry-blossoms-spring-chureito-pagoda-fuji-mountain-japan-150x150.jpg",150,150,true],"medium":["https:\/\/www.anika-net.de\/wp-content\/uploads\/2024\/04\/cherry-blossoms-spring-chureito-pagoda-fuji-mountain-japan-300x200.jpg",300,200,true],"medium_large":["https:\/\/www.anika-net.de\/wp-content\/uploads\/2024\/04\/cherry-blossoms-spring-chureito-pagoda-fuji-mountain-japan-768x512.jpg",640,427,true],"large":["https:\/\/www.anika-net.de\/wp-content\/uploads\/2024\/04\/cherry-blossoms-spring-chureito-pagoda-fuji-mountain-japan-1024x683.jpg",640,427,true],"1536x1536":["https:\/\/www.anika-net.de\/wp-content\/uploads\/2024\/04\/cherry-blossoms-spring-chureito-pagoda-fuji-mountain-japan-1536x1024.jpg",1536,1024,true],"2048x2048":["https:\/\/www.anika-net.de\/wp-content\/uploads\/2024\/04\/cherry-blossoms-spring-chureito-pagoda-fuji-mountain-japan-2048x1365.jpg",2048,1365,true],"event-overview":["https:\/\/www.anika-net.de\/wp-content\/uploads\/2024\/04\/cherry-blossoms-spring-chureito-pagoda-fuji-mountain-japan-960x640.jpg",960,640,true],"event-archive-thumb":["https:\/\/www.anika-net.de\/wp-content\/uploads\/2024\/04\/cherry-blossoms-spring-chureito-pagoda-fuji-mountain-japan-480x320.jpg",480,320,true],"grid-item-thumbnail":["https:\/\/www.anika-net.de\/wp-content\/uploads\/2024\/04\/cherry-blossoms-spring-chureito-pagoda-fuji-mountain-japan-360x200.jpg",360,200,true],"network-partner-icon":["https:\/\/www.anika-net.de\/wp-content\/uploads\/2024\/04\/cherry-blossoms-spring-chureito-pagoda-fuji-mountain-japan-100x100.jpg",100,100,true],"organiser-icon":["https:\/\/www.anika-net.de\/wp-content\/uploads\/2024\/04\/cherry-blossoms-spring-chureito-pagoda-fuji-mountain-japan-200x200.jpg",200,200,true],"gform-image-choice-sm":["https:\/\/www.anika-net.de\/wp-content\/uploads\/2024\/04\/cherry-blossoms-spring-chureito-pagoda-fuji-mountain-japan-scaled.jpg",300,200,false],"gform-image-choice-md":["https:\/\/www.anika-net.de\/wp-content\/uploads\/2024\/04\/cherry-blossoms-spring-chureito-pagoda-fuji-mountain-japan-scaled.jpg",400,267,false],"gform-image-choice-lg":["https:\/\/www.anika-net.de\/wp-content\/uploads\/2024\/04\/cherry-blossoms-spring-chureito-pagoda-fuji-mountain-japan-scaled.jpg",600,400,false]},"post_excerpt_stackable_v2":"<p>\u021a\u0103ri Oameni Deli\u00adca\u00adte\u00adse \u2014 Japo\u00adnia \u00cent\u00e2l\u00adni\u00adre culi\u00adna\u00adr\u0103-cul\u00adtu\u00adra\u00adl\u0103 Taxa de par\u00adti\u00adci\u00adpa\u00adre:&nbsp;25\u20ac. \u00cen aceas\u00adt\u0103 sea\u00adr\u0103 pute\u021bi expe\u00adri\u00admen\u00adta Japo\u00adnia \u00een dife\u00adri\u00adte moduri: Pasio\u00adna\u00ad\u021bii de g\u0103tit vor pre\u00adg\u0103ti deli\u00adca\u00adte\u00adse japo\u00adne\u00adze. Buc\u0103\u00adta\u00adrii serii vor fi bucu\u00adro\u0219i s\u0103 se a\u0219e\u00adze la o mas\u0103 cu dvs. de la ora 19.00, s\u0103 m\u0103n\u00e2n\u00adce, s\u0103 bea \u0219i s\u0103 vor\u00adbeas\u00adc\u0103 \u00eentre ei des\u00adpre m\u00e2n\u00adca\u00adre, g\u0103tit, Japo\u00adnia \u0219i arta sa, cul\u00adtu\u00adr\u0103 \u0219i mul\u00adte alte subiec\u00adte. Sea\u00adra va fi acom\u00adpa\u00adni\u00ada\u00adt\u0103 de muzi\u00adc\u0103 japo\u00adne\u00adz\u0103. Aces\u00adta este cel de-al \u0219ase\u00adlea eve\u00adni\u00adment dintr\u2011o serie de eve\u00adni\u00admen\u00adte Koch\u00adKul\u00adtu\u00adrE\u00advents. \u00centot\u00addea\u00adu\u00adna se pune accen\u00adtul pe un con\u00adti\u00adnent cu o regiune\/\u021bar\u0103 \u0219i pe deli\u00adca\u00adte\u00adse\u00adle sale culi\u00adna\u00adre, muzi\u00adc\u0103 \u0219i cultur\u0103.\u2026<\/p>\n","category_list_v2":"","author_info_v2":{"name":"Andrea Ramirez","url":"https:\/\/www.anika-net.de\/ro\/author\/andrea-ramirez\/"},"comments_num_v2":"0 comments","uagb_featured_image_src":{"full":["https:\/\/www.anika-net.de\/wp-content\/uploads\/2024\/04\/cherry-blossoms-spring-chureito-pagoda-fuji-mountain-japan-scaled.jpg",2560,1707,false],"thumbnail":["https:\/\/www.anika-net.de\/wp-content\/uploads\/2024\/04\/cherry-blossoms-spring-chureito-pagoda-fuji-mountain-japan-150x150.jpg",150,150,true],"medium":["https:\/\/www.anika-net.de\/wp-content\/uploads\/2024\/04\/cherry-blossoms-spring-chureito-pagoda-fuji-mountain-japan-300x200.jpg",300,200,true],"medium_large":["https:\/\/www.anika-net.de\/wp-content\/uploads\/2024\/04\/cherry-blossoms-spring-chureito-pagoda-fuji-mountain-japan-768x512.jpg",640,427,true],"large":["https:\/\/www.anika-net.de\/wp-content\/uploads\/2024\/04\/cherry-blossoms-spring-chureito-pagoda-fuji-mountain-japan-1024x683.jpg",640,427,true],"1536x1536":["https:\/\/www.anika-net.de\/wp-content\/uploads\/2024\/04\/cherry-blossoms-spring-chureito-pagoda-fuji-mountain-japan-1536x1024.jpg",1536,1024,true],"2048x2048":["https:\/\/www.anika-net.de\/wp-content\/uploads\/2024\/04\/cherry-blossoms-spring-chureito-pagoda-fuji-mountain-japan-2048x1365.jpg",2048,1365,true],"event-overview":["https:\/\/www.anika-net.de\/wp-content\/uploads\/2024\/04\/cherry-blossoms-spring-chureito-pagoda-fuji-mountain-japan-960x640.jpg",960,640,true],"event-archive-thumb":["https:\/\/www.anika-net.de\/wp-content\/uploads\/2024\/04\/cherry-blossoms-spring-chureito-pagoda-fuji-mountain-japan-480x320.jpg",480,320,true],"grid-item-thumbnail":["https:\/\/www.anika-net.de\/wp-content\/uploads\/2024\/04\/cherry-blossoms-spring-chureito-pagoda-fuji-mountain-japan-360x200.jpg",360,200,true],"network-partner-icon":["https:\/\/www.anika-net.de\/wp-content\/uploads\/2024\/04\/cherry-blossoms-spring-chureito-pagoda-fuji-mountain-japan-100x100.jpg",100,100,true],"organiser-icon":["https:\/\/www.anika-net.de\/wp-content\/uploads\/2024\/04\/cherry-blossoms-spring-chureito-pagoda-fuji-mountain-japan-200x200.jpg",200,200,true],"gform-image-choice-sm":["https:\/\/www.anika-net.de\/wp-content\/uploads\/2024\/04\/cherry-blossoms-spring-chureito-pagoda-fuji-mountain-japan-scaled.jpg",300,200,false],"gform-image-choice-md":["https:\/\/www.anika-net.de\/wp-content\/uploads\/2024\/04\/cherry-blossoms-spring-chureito-pagoda-fuji-mountain-japan-scaled.jpg",400,267,false],"gform-image-choice-lg":["https:\/\/www.anika-net.de\/wp-content\/uploads\/2024\/04\/cherry-blossoms-spring-chureito-pagoda-fuji-mountain-japan-scaled.jpg",600,400,false]},"uagb_author_info":{"display_name":"Andrea Ramirez","author_link":"https:\/\/www.anika-net.de\/ro\/author\/andrea-ramirez\/"},"uagb_comment_info":0,"uagb_excerpt":"\u021a\u0103ri Oameni Deli\u00adca\u00adte\u00adse \u2014 Japonia \u00cent\u00e2l\u00adni\u00adre culinar\u0103-cultural\u0103 Taxa de par\u00adti\u00adci\u00adpa\u00adre:&nbsp;25\u20ac. \u00cen aceas\u00adt\u0103 sea\u00adr\u0103 pute\u021bi expe\u00adri\u00admen\u00adta Japo\u00adnia \u00een dife\u00adri\u00adte moduri: Pasio\u00adna\u00ad\u021bii de g\u0103tit vor pre\u00adg\u0103ti deli\u00adca\u00adte\u00adse japo\u00adne\u00adze. Buc\u0103\u00adta\u00adrii serii vor fi&nbsp;Citi\u021bi mai mult","_links":{"self":[{"href":"https:\/\/www.anika-net.de\/ro\/wp-json\/wp\/v2\/event\/48745","targetHints":{"allow":["GET"]}}],"collection":[{"href":"https:\/\/www.anika-net.de\/ro\/wp-json\/wp\/v2\/event"}],"about":[{"href":"https:\/\/www.anika-net.de\/ro\/wp-json\/wp\/v2\/types\/event"}],"author":[{"embeddable":true,"href":"https:\/\/www.anika-net.de\/ro\/wp-json\/wp\/v2\/users\/12"}],"version-history":[{"count":0,"href":"https:\/\/www.anika-net.de\/ro\/wp-json\/wp\/v2\/event\/48745\/revisions"}],"acf:post":[{"embeddable":true,"href":"https:\/\/www.anika-net.de\/ro\/wp-json\/wp\/v2\/organiser\/16645"},{"embeddable":true,"href":"https:\/\/www.anika-net.de\/ro\/wp-json\/wp\/v2\/organiser\/28549"},{"embeddable":true,"href":"https:\/\/www.anika-net.de\/ro\/wp-json\/wp\/v2\/organiser\/16248"}],"acf:term":[{"embeddable":true,"taxonomy":"event_category","href":"https:\/\/www.anika-net.de\/ro\/wp-json\/wp\/v2\/event_category\/83"}],"wp:featuredmedia":[{"embeddable":true,"href":"https:\/\/www.anika-net.de\/ro\/wp-json\/wp\/v2\/media\/48714"}],"wp:attachment":[{"href":"https:\/\/www.anika-net.de\/ro\/wp-json\/wp\/v2\/media?parent=48745"}],"curies":[{"name":"wp","href":"https:\/\/api.w.org\/{rel}","templated":true}]}}

Țări Oameni Deli­ca­te­se — Japonia

<h2><span style="color: #800080;">Țări Oameni Deli­ca­te­se — Japonia</span></h2>
<blockquote><p><span style="color: #008080;"><strong>Întâl­ni­re culinară-culturală</strong></span><br>
<span style="color: #008080;"><strong>Taxa de par­ti­ci­pa­re:&nbsp;25€.</strong></span></p></blockquote>
<p>În aceas­tă sea­ră puteți expe­ri­men­ta Japo­nia în dife­ri­te moduri: Pasio­na­ții de gătit vor pre­găti deli­ca­te­se japo­ne­ze. Bucă­ta­rii serii vor fi bucu­roși să se așe­ze la o masă cu dvs. de la ora 19.00, să mănân­ce, să bea și să vor­beas­că între ei des­pre mân­ca­re, gătit, Japo­nia și arta sa, cul­tu­ră și mul­te alte subiec­te. Sea­ra va fi acom­pa­ni­a­tă de muzi­că japoneză.</p>
<p>Aces­ta este cel de-al șase­lea eve­ni­ment dintr‑o serie de eve­ni­men­te Koch­Kul­tu­rE­vents. Întot­dea­u­na se pune accen­tul pe un con­ti­nent cu o regiune/țară și pe deli­ca­te­se­le sale culi­na­re, muzi­că și cultură.</p>
<p>Vă rugăm să rezer­vați cur­sul de gătit la numă­rul de curs 242–30300 și cur­sul de lec­tu­ră și masă la numă­rul de curs 242–30301 la&nbsp;vhs.</p>

ibz, EG, Großer Saal

<p>Țări Oameni Deli­ca­te­se — Japo­nia Întâl­ni­re culi­na­ră-cul­tu­ra­lă Taxa de par­ti­ci­pa­re:&nbsp;25€. În aceas­tă sea­ră puteți expe­ri­men­ta Japo­nia în dife­ri­te moduri: Pasio­na­ții de gătit vor pre­găti deli­ca­te­se japo­ne­ze. Bucă­ta­rii serii vor fi bucu­roși să se așe­ze la o masă cu dvs. de la ora 19.00, să mănân­ce, să bea și să vor­beas­că între ei des­pre mân­ca­re, gătit, Japo­nia și arta sa, cul­tu­ră și mul­te alte subiec­te. Sea­ra va fi acom­pa­ni­a­tă de muzi­că japo­ne­ză. Aces­ta este cel de-al șase­lea eve­ni­ment dintr‑o serie de eve­ni­men­te Koch­Kul­tu­rE­vents. Întot­dea­u­na se pune accen­tul pe un con­ti­nent cu o regiune/țară și pe deli­ca­te­se­le sale culi­na­re, muzi­că și cultură.…</p>

Țări Oameni Deli­ca­te­se — Japonia Întâl­ni­re culinară-culturală Taxa de par­ti­ci­pa­re:&nbsp;25€. În aceas­tă sea­ră puteți expe­ri­men­ta Japo­nia în dife­ri­te moduri: Pasio­na­ții de gătit vor pre­găti deli­ca­te­se japo­ne­ze. Bucă­ta­rii serii vor fi&nbsp;Citiți mai mult
