{"id":48653,"date":"2024-04-24T11:52:39","date_gmt":"2024-04-24T09:52:39","guid":{"rendered":"https:\/\/www.anika-net.de\/event\/cloud-vernisajul-expozitiei\/"},"modified":"2024-04-24T11:52:39","modified_gmt":"2024-04-24T09:52:39","slug":"cloud-vernisajul-expozitiei","status":"publish","type":"event","link":"https:\/\/www.anika-net.de\/ro\/event\/cloud-vernisajul-expozitiei\/","title":{"rendered":"Clo\u00adud \u2014 Ver\u00adni\u00adsa\u00adjul expozi\u021biei"},"content":{"rendered":"<h1><span style=\"color: #800080;\">Clo\u00adud \u2014 Ver\u00adni\u00adsa\u00adjul expozi\u021biei<\/span><\/h1>\n<p>Ceea ce de obi\u00adcei are loc \u00een fun\u00addal sau \u00een par\u00adtea de sus a ima\u00adgi\u00adnii se mut\u0103 \u00een cen\u00adtru \u0219i \u00een prim-plan \u00een lucr\u0103\u00adri\u00adle Lanei Aro\u00adur: norii. Sunt instan\u00adta\u00adnee deli\u00adca\u00adte \u00een nuan\u00ad\u021be pas\u00adte\u00adla\u00adte. Al\u0103\u00adtu\u00adri de por\u00adtre\u00adte, ele repre\u00adzin\u00adt\u0103 prin\u00adci\u00adpa\u00adlul motiv al t\u00e2n\u0103\u00adru\u00adlui pic\u00adtor. Ea pre\u00adzin\u00adt\u0103 o selec\u00ad\u021bie a pei\u00adsa\u00adje\u00adlor sale de nori la&nbsp;ibz.<\/p>\n<p>Dura\u00adta expo\u00adzi\u00ad\u021bi\u00adei <strong>p\u00e2n\u0103 la 01 august 2024<\/strong><br>\nOrar de func\u00ad\u021bio\u00adna\u00adre: prin aran\u00adja\u00adment pre\u00ada\u00adla\u00adbil la 0721 89333710<\/p>\n","protected":false},"author":12,"featured_media":48625,"template":"","class_list":["post-48653","event","type-event","status-publish","has-post-thumbnail","hentry","event_category-timp-liber"],"acf":{"event-recurring":false,"event-category":83,"event-is-language-course":false,"event-recurring-still-active":true,"event-display-details":true,"event-schedules-recurring":null,"event-schedules-calendar":[{"event-calendar-day":"20240607","event-calendar-time":"19:00","event-calendar-time-text":""},{"event-calendar-day":"20240801","event-calendar-time":"","event-calendar-time-text":""}],"event-is-online":false,"event-online-url":"","event-location-building":"ibz, EG, Gro\u00dfer Saal","event-location-street":"Kaiserallee 12d","event-location-zip":"76133","event-location-city":"Karlsruhe","event-location-contact-person":"Nicole Blaffert","event-location-phone":"0721 89333710","event-location-phone-2":"","event-location-mail":"","event-location-mail-2":"","event-location-website":"https:\/\/www.ibz-karlsruhe.de\/events\/mensch-792\/","event-target-group":[{"target-group":"all"}],"event-target-group-comment":"","event-free":true,"event-organiser":[48607,25810],"event-header-copyright-overlay":true,"event-copyright-note-description-end":false},"featured_image_urls_v2":{"full":["https:\/\/www.anika-net.de\/wp-content\/uploads\/2024\/04\/cloud.png",277,421,false],"thumbnail":["https:\/\/www.anika-net.de\/wp-content\/uploads\/2024\/04\/cloud-150x150.png",150,150,true],"medium":["https:\/\/www.anika-net.de\/wp-content\/uploads\/2024\/04\/cloud-197x300.png",197,300,true],"medium_large":["https:\/\/www.anika-net.de\/wp-content\/uploads\/2024\/04\/cloud.png",277,421,false],"large":["https:\/\/www.anika-net.de\/wp-content\/uploads\/2024\/04\/cloud.png",277,421,false],"1536x1536":["https:\/\/www.anika-net.de\/wp-content\/uploads\/2024\/04\/cloud.png",277,421,false],"2048x2048":["https:\/\/www.anika-net.de\/wp-content\/uploads\/2024\/04\/cloud.png",277,421,false],"event-overview":["https:\/\/www.anika-net.de\/wp-content\/uploads\/2024\/04\/cloud.png",277,421,false],"event-archive-thumb":["https:\/\/www.anika-net.de\/wp-content\/uploads\/2024\/04\/cloud.png",277,421,false],"grid-item-thumbnail":["https:\/\/www.anika-net.de\/wp-content\/uploads\/2024\/04\/cloud-277x200.png",277,200,true],"network-partner-icon":["https:\/\/www.anika-net.de\/wp-content\/uploads\/2024\/04\/cloud-100x100.png",100,100,true],"organiser-icon":["https:\/\/www.anika-net.de\/wp-content\/uploads\/2024\/04\/cloud-200x200.png",200,200,true],"gform-image-choice-sm":["https:\/\/www.anika-net.de\/wp-content\/uploads\/2024\/04\/cloud.png",197,300,false],"gform-image-choice-md":["https:\/\/www.anika-net.de\/wp-content\/uploads\/2024\/04\/cloud.png",263,400,false],"gform-image-choice-lg":["https:\/\/www.anika-net.de\/wp-content\/uploads\/2024\/04\/cloud.png",277,421,false]},"post_excerpt_stackable_v2":"<p>Clo\u00adud \u2014 Ver\u00adni\u00adsa\u00adjul expo\u00adzi\u00ad\u021bi\u00adei Ceea ce de obi\u00adcei are loc \u00een fun\u00addal sau \u00een par\u00adtea de sus a ima\u00adgi\u00adnii se mut\u0103 \u00een cen\u00adtru \u0219i \u00een prim-plan \u00een lucr\u0103\u00adri\u00adle Lanei Aro\u00adur: norii. Sunt instan\u00adta\u00adnee deli\u00adca\u00adte \u00een nuan\u00ad\u021be pas\u00adte\u00adla\u00adte. Al\u0103\u00adtu\u00adri de por\u00adtre\u00adte, ele repre\u00adzin\u00adt\u0103 prin\u00adci\u00adpa\u00adlul motiv al t\u00e2n\u0103\u00adru\u00adlui pic\u00adtor. Ea pre\u00adzin\u00adt\u0103 o selec\u00ad\u021bie a pei\u00adsa\u00adje\u00adlor sale de nori la&nbsp;ibz. Dura\u00adta expo\u00adzi\u00ad\u021bi\u00adei p\u00e2n\u0103 la 01 august 2024 Orar de func\u00ad\u021bio\u00adna\u00adre: prin aran\u00adja\u00adment pre\u00ada\u00adla\u00adbil la 0721 89333710<\/p>\n","category_list_v2":"","author_info_v2":{"name":"Andrea Ramirez","url":"https:\/\/www.anika-net.de\/ro\/author\/andrea-ramirez\/"},"comments_num_v2":"0 comments","uagb_featured_image_src":{"full":["https:\/\/www.anika-net.de\/wp-content\/uploads\/2024\/04\/cloud.png",277,421,false],"thumbnail":["https:\/\/www.anika-net.de\/wp-content\/uploads\/2024\/04\/cloud-150x150.png",150,150,true],"medium":["https:\/\/www.anika-net.de\/wp-content\/uploads\/2024\/04\/cloud-197x300.png",197,300,true],"medium_large":["https:\/\/www.anika-net.de\/wp-content\/uploads\/2024\/04\/cloud.png",277,421,false],"large":["https:\/\/www.anika-net.de\/wp-content\/uploads\/2024\/04\/cloud.png",277,421,false],"1536x1536":["https:\/\/www.anika-net.de\/wp-content\/uploads\/2024\/04\/cloud.png",277,421,false],"2048x2048":["https:\/\/www.anika-net.de\/wp-content\/uploads\/2024\/04\/cloud.png",277,421,false],"event-overview":["https:\/\/www.anika-net.de\/wp-content\/uploads\/2024\/04\/cloud.png",277,421,false],"event-archive-thumb":["https:\/\/www.anika-net.de\/wp-content\/uploads\/2024\/04\/cloud.png",277,421,false],"grid-item-thumbnail":["https:\/\/www.anika-net.de\/wp-content\/uploads\/2024\/04\/cloud-277x200.png",277,200,true],"network-partner-icon":["https:\/\/www.anika-net.de\/wp-content\/uploads\/2024\/04\/cloud-100x100.png",100,100,true],"organiser-icon":["https:\/\/www.anika-net.de\/wp-content\/uploads\/2024\/04\/cloud-200x200.png",200,200,true],"gform-image-choice-sm":["https:\/\/www.anika-net.de\/wp-content\/uploads\/2024\/04\/cloud.png",197,300,false],"gform-image-choice-md":["https:\/\/www.anika-net.de\/wp-content\/uploads\/2024\/04\/cloud.png",263,400,false],"gform-image-choice-lg":["https:\/\/www.anika-net.de\/wp-content\/uploads\/2024\/04\/cloud.png",277,421,false]},"uagb_author_info":{"display_name":"Andrea Ramirez","author_link":"https:\/\/www.anika-net.de\/ro\/author\/andrea-ramirez\/"},"uagb_comment_info":0,"uagb_excerpt":"Clo\u00adud \u2014 Ver\u00adni\u00adsa\u00adjul expozi\u021biei Ceea ce de obi\u00adcei are loc \u00een fun\u00addal sau \u00een par\u00adtea de sus a ima\u00adgi\u00adnii se mut\u0103 \u00een cen\u00adtru \u0219i \u00een prim-plan \u00een lucr\u0103\u00adri\u00adle Lanei Aro\u00adur:&nbsp;Citi\u021bi mai mult","_links":{"self":[{"href":"https:\/\/www.anika-net.de\/ro\/wp-json\/wp\/v2\/event\/48653","targetHints":{"allow":["GET"]}}],"collection":[{"href":"https:\/\/www.anika-net.de\/ro\/wp-json\/wp\/v2\/event"}],"about":[{"href":"https:\/\/www.anika-net.de\/ro\/wp-json\/wp\/v2\/types\/event"}],"author":[{"embeddable":true,"href":"https:\/\/www.anika-net.de\/ro\/wp-json\/wp\/v2\/users\/12"}],"version-history":[{"count":0,"href":"https:\/\/www.anika-net.de\/ro\/wp-json\/wp\/v2\/event\/48653\/revisions"}],"acf:post":[{"embeddable":true,"href":"https:\/\/www.anika-net.de\/ro\/wp-json\/wp\/v2\/organiser\/25810"},{"embeddable":true,"href":"https:\/\/www.anika-net.de\/ro\/wp-json\/wp\/v2\/organiser\/48607"}],"acf:term":[{"embeddable":true,"taxonomy":"event_category","href":"https:\/\/www.anika-net.de\/ro\/wp-json\/wp\/v2\/event_category\/83"}],"wp:featuredmedia":[{"embeddable":true,"href":"https:\/\/www.anika-net.de\/ro\/wp-json\/wp\/v2\/media\/48625"}],"wp:attachment":[{"href":"https:\/\/www.anika-net.de\/ro\/wp-json\/wp\/v2\/media?parent=48653"}],"curies":[{"name":"wp","href":"https:\/\/api.w.org\/{rel}","templated":true}]}}

Clo­ud — Ver­ni­sa­jul expoziției

<h1><span style="color: #800080;">Clo­ud — Ver­ni­sa­jul expoziției</span></h1>
<p>Ceea ce de obi­cei are loc în fun­dal sau în par­tea de sus a ima­gi­nii se mută în cen­tru și în prim-plan în lucră­ri­le Lanei Aro­ur: norii. Sunt instan­ta­nee deli­ca­te în nuan­țe pas­te­la­te. Ală­tu­ri de por­tre­te, ele repre­zin­tă prin­ci­pa­lul motiv al tână­ru­lui pic­tor. Ea pre­zin­tă o selec­ție a pei­sa­je­lor sale de nori la&nbsp;ibz.</p>
<p>Dura­ta expo­zi­ți­ei <strong>până la 01 august 2024</strong><br>
Orar de func­țio­na­re: prin aran­ja­ment pre­a­la­bil la 0721 89333710</p>

ibz, EG, Großer Saal

<p>Clo­ud — Ver­ni­sa­jul expo­zi­ți­ei Ceea ce de obi­cei are loc în fun­dal sau în par­tea de sus a ima­gi­nii se mută în cen­tru și în prim-plan în lucră­ri­le Lanei Aro­ur: norii. Sunt instan­ta­nee deli­ca­te în nuan­țe pas­te­la­te. Ală­tu­ri de por­tre­te, ele repre­zin­tă prin­ci­pa­lul motiv al tână­ru­lui pic­tor. Ea pre­zin­tă o selec­ție a pei­sa­je­lor sale de nori la&nbsp;ibz. Dura­ta expo­zi­ți­ei până la 01 august 2024 Orar de func­țio­na­re: prin aran­ja­ment pre­a­la­bil la 0721 89333710</p>

Clo­ud — Ver­ni­sa­jul expoziției Ceea ce de obi­cei are loc în fun­dal sau în par­tea de sus a ima­gi­nii se mută în cen­tru și în prim-plan în lucră­ri­le Lanei Aro­ur:&nbsp;Citiți mai mult
