{"id":48598,"date":"2024-04-24T10:34:45","date_gmt":"2024-04-24T08:34:45","guid":{"rendered":"https:\/\/www.anika-net.de\/event\/festivalul-simturilor-de-la-karlsruhe-2024\/"},"modified":"2024-04-24T10:34:45","modified_gmt":"2024-04-24T08:34:45","slug":"festivalul-simturilor-de-la-karlsruhe-2024","status":"publish","type":"event","link":"https:\/\/www.anika-net.de\/ro\/event\/festivalul-simturilor-de-la-karlsruhe-2024\/","title":{"rendered":"Fes\u00adti\u00adva\u00adlul sim\u00ad\u021bu\u00adri\u00adlor de la Karl\u00adsru\u00adhe&nbsp;2024"},"content":{"rendered":"<h2><span style=\"color: #800080;\">Fes\u00adti\u00adva\u00adlul sim\u00ad\u021bu\u00adri\u00adlor de la Karl\u00adsru\u00adhe&nbsp;2024<\/span><\/h2>\n<p>Pri\u00adm\u0103\u00adva\u00adra, Karl\u00adsru\u00adhe \u00ee\u0219i ara\u00adt\u0103 par\u00adtea sa colo\u00adra\u00adt\u0103 \u0219i \u00een acest an cu Fes\u00adti\u00adva\u00adlul sim\u00ad\u021bu\u00adri\u00adlor \u0219i v\u0103 invi\u00adt\u0103 la o ade\u00adv\u0103\u00adra\u00adt\u0103 c\u0103l\u0103\u00adto\u00adrie de pl\u0103\u00adce\u00adre. C\u00e2nd cen\u00adtrul ora\u00ad\u0219u\u00adlui se trans\u00adfor\u00adm\u0103 \u00eentr-un pei\u00adsaj de pri\u00adm\u0103\u00adva\u00adr\u0103 plin de culoa\u00adre, este tim\u00adpul s\u0103 v\u0103 plim\u00adba\u021bi, s\u0103 s\u0103r\u00adb\u0103\u00adto\u00adri\u021bi, s\u0103 v\u0103 bucu\u00adra\u021bi \u0219i s\u0103 face\u021bi cump\u0103r\u0103turi.<\/p>\n<p>V\u0103 pute\u021bi a\u0219tep\u00adta la o pia\u00ad\u021b\u0103 gas\u00adtro\u00adno\u00admi\u00adc\u0103, un pro\u00adgram vari\u00adat pen\u00adtru copii \u0219i fami\u00adlii, eve\u00adni\u00admen\u00adte spe\u00adci\u00ada\u00adle \u00een car\u00adti\u00ade\u00adre\u00adle din Karl\u00adsru\u00adhe \u0219i mul\u00adte altele!<\/p>\n<p>Pe 28 apri\u00adlie, maga\u00adzi\u00adne\u00adle din cen\u00adtrul ora\u00ad\u0219u\u00adlui \u0219i din Dur\u00adla\u00adch \u00ee\u0219i vor des\u00adchi\u00adde por\u00ad\u021bi\u00adle \u00eentre ore\u00adle 13.00 \u0219i 18.00 \u0219i v\u0103 invi\u00adt\u0103 la o dumi\u00adni\u00adc\u0103 des\u00adchi\u00ads\u0103 pli\u00adn\u0103 de evenimente!<\/p>\n","protected":false},"author":12,"featured_media":48584,"template":"","class_list":["post-48598","event","type-event","status-publish","has-post-thumbnail","hentry","event_category-timp-liber"],"acf":{"event-recurring":false,"event-category":83,"event-is-language-course":false,"event-recurring-still-active":true,"event-display-details":true,"event-schedules-recurring":null,"event-schedules-calendar":[{"event-calendar-day":"20240427","event-calendar-time":"","event-calendar-time-text":""},{"event-calendar-day":"20240428","event-calendar-time":"","event-calendar-time-text":""}],"event-is-online":false,"event-online-url":"","event-location-building":"Karlsruhe Innenstadt","event-location-street":"","event-location-zip":"","event-location-city":"Karlsruhe","event-location-contact-person":"","event-location-phone":"","event-location-phone-2":"","event-location-mail":"","event-location-mail-2":"","event-location-website":"https:\/\/www.karlsruhe-erleben.de\/veranstaltungen\/fest-der-sinne","event-target-group":[{"target-group":"all"}],"event-target-group-comment":"","event-free":true,"event-organiser":[41427],"event-header-copyright-overlay":true,"event-copyright-note-description-end":false},"featured_image_urls_v2":{"full":["https:\/\/www.anika-net.de\/wp-content\/uploads\/2024\/04\/fest-der-sinne.png",333,234,false],"thumbnail":["https:\/\/www.anika-net.de\/wp-content\/uploads\/2024\/04\/fest-der-sinne-150x150.png",150,150,true],"medium":["https:\/\/www.anika-net.de\/wp-content\/uploads\/2024\/04\/fest-der-sinne-300x211.png",300,211,true],"medium_large":["https:\/\/www.anika-net.de\/wp-content\/uploads\/2024\/04\/fest-der-sinne.png",333,234,false],"large":["https:\/\/www.anika-net.de\/wp-content\/uploads\/2024\/04\/fest-der-sinne.png",333,234,false],"1536x1536":["https:\/\/www.anika-net.de\/wp-content\/uploads\/2024\/04\/fest-der-sinne.png",333,234,false],"2048x2048":["https:\/\/www.anika-net.de\/wp-content\/uploads\/2024\/04\/fest-der-sinne.png",333,234,false],"event-overview":["https:\/\/www.anika-net.de\/wp-content\/uploads\/2024\/04\/fest-der-sinne.png",333,234,false],"event-archive-thumb":["https:\/\/www.anika-net.de\/wp-content\/uploads\/2024\/04\/fest-der-sinne.png",333,234,false],"grid-item-thumbnail":["https:\/\/www.anika-net.de\/wp-content\/uploads\/2024\/04\/fest-der-sinne-333x200.png",333,200,true],"network-partner-icon":["https:\/\/www.anika-net.de\/wp-content\/uploads\/2024\/04\/fest-der-sinne-100x100.png",100,100,true],"organiser-icon":["https:\/\/www.anika-net.de\/wp-content\/uploads\/2024\/04\/fest-der-sinne-200x200.png",200,200,true],"gform-image-choice-sm":["https:\/\/www.anika-net.de\/wp-content\/uploads\/2024\/04\/fest-der-sinne.png",300,211,false],"gform-image-choice-md":["https:\/\/www.anika-net.de\/wp-content\/uploads\/2024\/04\/fest-der-sinne.png",333,234,false],"gform-image-choice-lg":["https:\/\/www.anika-net.de\/wp-content\/uploads\/2024\/04\/fest-der-sinne.png",333,234,false]},"post_excerpt_stackable_v2":"<p>Fes\u00adti\u00adva\u00adlul sim\u00ad\u021bu\u00adri\u00adlor de la Karl\u00adsru\u00adhe&nbsp;2024 Pri\u00adm\u0103\u00adva\u00adra, Karl\u00adsru\u00adhe \u00ee\u0219i ara\u00adt\u0103 par\u00adtea sa colo\u00adra\u00adt\u0103 \u0219i \u00een acest an cu Fes\u00adti\u00adva\u00adlul sim\u00ad\u021bu\u00adri\u00adlor \u0219i v\u0103 invi\u00adt\u0103 la o ade\u00adv\u0103\u00adra\u00adt\u0103 c\u0103l\u0103\u00adto\u00adrie de pl\u0103\u00adce\u00adre. C\u00e2nd cen\u00adtrul ora\u00ad\u0219u\u00adlui se trans\u00adfor\u00adm\u0103 \u00eentr-un pei\u00adsaj de pri\u00adm\u0103\u00adva\u00adr\u0103 plin de culoa\u00adre, este tim\u00adpul s\u0103 v\u0103 plim\u00adba\u021bi, s\u0103 s\u0103r\u00adb\u0103\u00adto\u00adri\u021bi, s\u0103 v\u0103 bucu\u00adra\u021bi \u0219i s\u0103 face\u021bi cum\u00adp\u0103\u00adr\u0103\u00adturi. V\u0103 pute\u021bi a\u0219tep\u00adta la o pia\u00ad\u021b\u0103 gas\u00adtro\u00adno\u00admi\u00adc\u0103, un pro\u00adgram vari\u00adat pen\u00adtru copii \u0219i fami\u00adlii, eve\u00adni\u00admen\u00adte spe\u00adci\u00ada\u00adle \u00een car\u00adti\u00ade\u00adre\u00adle din Karl\u00adsru\u00adhe \u0219i mul\u00adte alte\u00adle! Pe 28 apri\u00adlie, maga\u00adzi\u00adne\u00adle din cen\u00adtrul ora\u00ad\u0219u\u00adlui \u0219i din Dur\u00adla\u00adch \u00ee\u0219i vor des\u00adchi\u00adde por\u00ad\u021bi\u00adle \u00eentre ore\u00adle 13.00 \u0219i 18.00 \u0219i v\u0103 invi\u00adt\u0103&nbsp;la\u2026<\/p>\n","category_list_v2":"","author_info_v2":{"name":"Andrea Ramirez","url":"https:\/\/www.anika-net.de\/ro\/author\/andrea-ramirez\/"},"comments_num_v2":"0 comments","uagb_featured_image_src":{"full":["https:\/\/www.anika-net.de\/wp-content\/uploads\/2024\/04\/fest-der-sinne.png",333,234,false],"thumbnail":["https:\/\/www.anika-net.de\/wp-content\/uploads\/2024\/04\/fest-der-sinne-150x150.png",150,150,true],"medium":["https:\/\/www.anika-net.de\/wp-content\/uploads\/2024\/04\/fest-der-sinne-300x211.png",300,211,true],"medium_large":["https:\/\/www.anika-net.de\/wp-content\/uploads\/2024\/04\/fest-der-sinne.png",333,234,false],"large":["https:\/\/www.anika-net.de\/wp-content\/uploads\/2024\/04\/fest-der-sinne.png",333,234,false],"1536x1536":["https:\/\/www.anika-net.de\/wp-content\/uploads\/2024\/04\/fest-der-sinne.png",333,234,false],"2048x2048":["https:\/\/www.anika-net.de\/wp-content\/uploads\/2024\/04\/fest-der-sinne.png",333,234,false],"event-overview":["https:\/\/www.anika-net.de\/wp-content\/uploads\/2024\/04\/fest-der-sinne.png",333,234,false],"event-archive-thumb":["https:\/\/www.anika-net.de\/wp-content\/uploads\/2024\/04\/fest-der-sinne.png",333,234,false],"grid-item-thumbnail":["https:\/\/www.anika-net.de\/wp-content\/uploads\/2024\/04\/fest-der-sinne-333x200.png",333,200,true],"network-partner-icon":["https:\/\/www.anika-net.de\/wp-content\/uploads\/2024\/04\/fest-der-sinne-100x100.png",100,100,true],"organiser-icon":["https:\/\/www.anika-net.de\/wp-content\/uploads\/2024\/04\/fest-der-sinne-200x200.png",200,200,true],"gform-image-choice-sm":["https:\/\/www.anika-net.de\/wp-content\/uploads\/2024\/04\/fest-der-sinne.png",300,211,false],"gform-image-choice-md":["https:\/\/www.anika-net.de\/wp-content\/uploads\/2024\/04\/fest-der-sinne.png",333,234,false],"gform-image-choice-lg":["https:\/\/www.anika-net.de\/wp-content\/uploads\/2024\/04\/fest-der-sinne.png",333,234,false]},"uagb_author_info":{"display_name":"Andrea Ramirez","author_link":"https:\/\/www.anika-net.de\/ro\/author\/andrea-ramirez\/"},"uagb_comment_info":0,"uagb_excerpt":"Fes\u00adti\u00adva\u00adlul sim\u00ad\u021bu\u00adri\u00adlor de la Karl\u00adsru\u00adhe&nbsp;2024 Pri\u00adm\u0103\u00adva\u00adra, Karl\u00adsru\u00adhe \u00ee\u0219i ara\u00adt\u0103 par\u00adtea sa colo\u00adra\u00adt\u0103 \u0219i \u00een acest an cu Fes\u00adti\u00adva\u00adlul sim\u00ad\u021bu\u00adri\u00adlor \u0219i v\u0103 invi\u00adt\u0103 la o ade\u00adv\u0103\u00adra\u00adt\u0103 c\u0103l\u0103\u00adto\u00adrie de pl\u0103\u00adce\u00adre. C\u00e2nd cen\u00adtrul&nbsp;Citi\u021bi mai mult","_links":{"self":[{"href":"https:\/\/www.anika-net.de\/ro\/wp-json\/wp\/v2\/event\/48598","targetHints":{"allow":["GET"]}}],"collection":[{"href":"https:\/\/www.anika-net.de\/ro\/wp-json\/wp\/v2\/event"}],"about":[{"href":"https:\/\/www.anika-net.de\/ro\/wp-json\/wp\/v2\/types\/event"}],"author":[{"embeddable":true,"href":"https:\/\/www.anika-net.de\/ro\/wp-json\/wp\/v2\/users\/12"}],"version-history":[{"count":0,"href":"https:\/\/www.anika-net.de\/ro\/wp-json\/wp\/v2\/event\/48598\/revisions"}],"acf:post":[{"embeddable":true,"href":"https:\/\/www.anika-net.de\/ro\/wp-json\/wp\/v2\/organiser\/41427"}],"acf:term":[{"embeddable":true,"taxonomy":"event_category","href":"https:\/\/www.anika-net.de\/ro\/wp-json\/wp\/v2\/event_category\/83"}],"wp:featuredmedia":[{"embeddable":true,"href":"https:\/\/www.anika-net.de\/ro\/wp-json\/wp\/v2\/media\/48584"}],"wp:attachment":[{"href":"https:\/\/www.anika-net.de\/ro\/wp-json\/wp\/v2\/media?parent=48598"}],"curies":[{"name":"wp","href":"https:\/\/api.w.org\/{rel}","templated":true}]}}

Fes­ti­va­lul sim­țu­ri­lor de la Karl­sru­he&nbsp;2024

<h2><span style="color: #800080;">Fes­ti­va­lul sim­țu­ri­lor de la Karl­sru­he&nbsp;2024</span></h2>
<p>Pri­mă­va­ra, Karl­sru­he își ara­tă par­tea sa colo­ra­tă și în acest an cu Fes­ti­va­lul sim­țu­ri­lor și vă invi­tă la o ade­vă­ra­tă călă­to­rie de plă­ce­re. Când cen­trul ora­șu­lui se trans­for­mă într-un pei­saj de pri­mă­va­ră plin de culoa­re, este tim­pul să vă plim­bați, să săr­bă­to­riți, să vă bucu­rați și să faceți cumpărături.</p>
<p>Vă puteți aștep­ta la o pia­ță gas­tro­no­mi­că, un pro­gram vari­at pen­tru copii și fami­lii, eve­ni­men­te spe­ci­a­le în car­ti­e­re­le din Karl­sru­he și mul­te altele!</p>
<p>Pe 28 apri­lie, maga­zi­ne­le din cen­trul ora­șu­lui și din Dur­la­ch își vor des­chi­de por­ți­le între ore­le 13.00 și 18.00 și vă invi­tă la o dumi­ni­că des­chi­să pli­nă de evenimente!</p>

<p>Fes­ti­va­lul sim­țu­ri­lor de la Karl­sru­he&nbsp;2024 Pri­mă­va­ra, Karl­sru­he își ara­tă par­tea sa colo­ra­tă și în acest an cu Fes­ti­va­lul sim­țu­ri­lor și vă invi­tă la o ade­vă­ra­tă călă­to­rie de plă­ce­re. Când cen­trul ora­șu­lui se trans­for­mă într-un pei­saj de pri­mă­va­ră plin de culoa­re, este tim­pul să vă plim­bați, să săr­bă­to­riți, să vă bucu­rați și să faceți cum­pă­ră­turi. Vă puteți aștep­ta la o pia­ță gas­tro­no­mi­că, un pro­gram vari­at pen­tru copii și fami­lii, eve­ni­men­te spe­ci­a­le în car­ti­e­re­le din Karl­sru­he și mul­te alte­le! Pe 28 apri­lie, maga­zi­ne­le din cen­trul ora­șu­lui și din Dur­la­ch își vor des­chi­de por­ți­le între ore­le 13.00 și 18.00 și vă invi­tă&nbsp;la…</p>

Fes­ti­va­lul sim­țu­ri­lor de la Karl­sru­he&nbsp;2024 Pri­mă­va­ra, Karl­sru­he își ara­tă par­tea sa colo­ra­tă și în acest an cu Fes­ti­va­lul sim­țu­ri­lor și vă invi­tă la o ade­vă­ra­tă călă­to­rie de plă­ce­re. Când cen­trul&nbsp;Citiți mai mult
