{"id":47896,"date":"2024-03-28T11:50:14","date_gmt":"2024-03-28T10:50:14","guid":{"rendered":"https:\/\/www.anika-net.de\/event\/inteligenta-artificiala-ce-este\/"},"modified":"2024-03-28T11:50:14","modified_gmt":"2024-03-28T10:50:14","slug":"inteligenta-artificiala-ce-este","status":"publish","type":"event","link":"https:\/\/www.anika-net.de\/ro\/event\/inteligenta-artificiala-ce-este\/","title":{"rendered":"Inte\u00adli\u00adgen\u00ad\u021ba arti\u00adfi\u00adci\u00ada\u00adl\u0103 \u2014 ce&nbsp;este?"},"content":{"rendered":"<h3><span style=\"color: #008080;\">Sonn\u00adta\u00adgs\u00adca\u00adf\u00e9<\/span><\/h3>\n<h2><span style=\"color: #3366ff;\">Inte\u00adli\u00adgen\u00ad\u021ba arti\u00adfi\u00adci\u00ada\u00adl\u0103 \u2014 ce&nbsp;este?<\/span><\/h2>\n<p>\u00cen cadrul pre\u00adle\u00adge\u00adrii, vom face mai \u00eent\u00e2i o scur\u00adt\u0103 c\u0103l\u0103\u00adto\u00adrie prin isto\u00adria inte\u00adli\u00adgen\u00ad\u021bei arti\u00adfi\u00adci\u00ada\u00adle \u2014 de la \u00eence\u00adpu\u00adtu\u00adri\u00adle sale p\u00e2n\u0103 la pro\u00adgre\u00adse\u00adle din pre\u00adzent \u2014 \u0219i ne vom pune \u00eentre\u00adba\u00adrea ce \u00eenseam\u00adn\u0103 sau ce ar tre\u00adbui s\u0103 \u00eensem\u00adne pen\u00adtru noi \u201cinte\u00adli\u00adgen\u00ad\u021ba artificial\u0103\u201d.<\/p>\n<p>Vom dis\u00adcu\u00adta, de ase\u00adme\u00adnea, des\u00adpre oport\u00adu\u00adni\u00adt\u0103\u00ad\u021bi\u00adle inte\u00adre\u00adsan\u00adte care se des\u00adchid prin uti\u00adli\u00adza\u00adrea inte\u00adli\u00adgen\u00ad\u021bei arti\u00adfi\u00adci\u00ada\u00adle. Pre\u00adle\u00adge\u00adrea va fi \u00eembo\u00adg\u0103\u00ad\u021bi\u00adt\u0103 cu exem\u00adple ilus\u00adtra\u00adti\u00adve din prac\u00adti\u00adc\u0103, care ara\u00adt\u0103 cum ne influ\u00aden\u00ad\u021bea\u00adz\u0103 deja inte\u00adli\u00adgen\u00ad\u021ba arti\u00adfi\u00adci\u00ada\u00adl\u0103 via\u00ad\u021ba de zi cu zi \u0219i cum putem folo\u00adsi noi \u00een\u0219i\u00adne \u201cinte\u00adli\u00adgen\u00ad\u021ba arti\u00adfi\u00adci\u00ada\u00adl\u0103\u201d \u00een via\u00ad\u021ba de zi cu&nbsp;zi.<\/p>\n<p><strong>Spea\u00adker: Peter Bol\u00adch<\/strong> este un infor\u00adma\u00adti\u00adcian. Are o expe\u00adrien\u00ad\u021b\u0103 vas\u00adt\u0103 de pes\u00adte 15 ani \u00een dome\u00adni\u00adul&nbsp;IT.<\/p>\n<p><strong>Intra\u00adre:<\/strong> 10:30&nbsp;am<\/p>\n","protected":false},"author":12,"featured_media":47882,"template":"","class_list":["post-47896","event","type-event","status-publish","has-post-thumbnail","hentry","event_category-educatie"],"acf":{"event-recurring":false,"event-category":82,"event-is-language-course":false,"event-recurring-still-active":true,"event-display-details":true,"event-schedules-recurring":null,"event-schedules-calendar":[{"event-calendar-day":"20240616","event-calendar-time":"11:00","event-calendar-time-text":""}],"event-is-online":false,"event-online-url":"","event-location-building":"ibz, EG, Gro\u00dfer Saal","event-location-street":"Kaiserallee 12d","event-location-zip":"76133","event-location-city":"Karlsruhe","event-location-contact-person":"","event-location-phone":"721\/ 89 33 37 10","event-location-phone-2":"","event-location-mail":"info@ibz-karlsruhe.de","event-location-mail-2":"","event-location-website":"https:\/\/www.ibz-karlsruhe.de\/events\/sonntagscafe-kuenstliche-intelligenz-was-ist-das\/","event-target-group":[{"target-group":"all"}],"event-target-group-comment":"","event-free":true,"event-organiser":[47823],"event-header-copyright-overlay":true,"event-copyright-note-description-end":false},"featured_image_urls_v2":{"full":["https:\/\/www.anika-net.de\/wp-content\/uploads\/2024\/03\/person-using-ai-tool-job-scaled.jpg",2560,1707,false],"thumbnail":["https:\/\/www.anika-net.de\/wp-content\/uploads\/2024\/03\/person-using-ai-tool-job-150x150.jpg",150,150,true],"medium":["https:\/\/www.anika-net.de\/wp-content\/uploads\/2024\/03\/person-using-ai-tool-job-300x200.jpg",300,200,true],"medium_large":["https:\/\/www.anika-net.de\/wp-content\/uploads\/2024\/03\/person-using-ai-tool-job-768x512.jpg",640,427,true],"large":["https:\/\/www.anika-net.de\/wp-content\/uploads\/2024\/03\/person-using-ai-tool-job-1024x683.jpg",640,427,true],"1536x1536":["https:\/\/www.anika-net.de\/wp-content\/uploads\/2024\/03\/person-using-ai-tool-job-1536x1024.jpg",1536,1024,true],"2048x2048":["https:\/\/www.anika-net.de\/wp-content\/uploads\/2024\/03\/person-using-ai-tool-job-2048x1365.jpg",2048,1365,true],"event-overview":["https:\/\/www.anika-net.de\/wp-content\/uploads\/2024\/03\/person-using-ai-tool-job-960x640.jpg",960,640,true],"event-archive-thumb":["https:\/\/www.anika-net.de\/wp-content\/uploads\/2024\/03\/person-using-ai-tool-job-480x320.jpg",480,320,true],"grid-item-thumbnail":["https:\/\/www.anika-net.de\/wp-content\/uploads\/2024\/03\/person-using-ai-tool-job-360x200.jpg",360,200,true],"network-partner-icon":["https:\/\/www.anika-net.de\/wp-content\/uploads\/2024\/03\/person-using-ai-tool-job-100x100.jpg",100,100,true],"organiser-icon":["https:\/\/www.anika-net.de\/wp-content\/uploads\/2024\/03\/person-using-ai-tool-job-200x200.jpg",200,200,true],"gform-image-choice-sm":["https:\/\/www.anika-net.de\/wp-content\/uploads\/2024\/03\/person-using-ai-tool-job-scaled.jpg",300,200,false],"gform-image-choice-md":["https:\/\/www.anika-net.de\/wp-content\/uploads\/2024\/03\/person-using-ai-tool-job-scaled.jpg",400,267,false],"gform-image-choice-lg":["https:\/\/www.anika-net.de\/wp-content\/uploads\/2024\/03\/person-using-ai-tool-job-scaled.jpg",600,400,false]},"post_excerpt_stackable_v2":"<p>Sonn\u00adta\u00adgs\u00adca\u00adf\u00e9 Inte\u00adli\u00adgen\u00ad\u021ba arti\u00adfi\u00adci\u00ada\u00adl\u0103 \u2014 ce&nbsp;este? \u00cen cadrul pre\u00adle\u00adge\u00adrii, vom face mai \u00eent\u00e2i o scur\u00adt\u0103 c\u0103l\u0103\u00adto\u00adrie prin isto\u00adria inte\u00adli\u00adgen\u00ad\u021bei arti\u00adfi\u00adci\u00ada\u00adle \u2014 de la \u00eence\u00adpu\u00adtu\u00adri\u00adle sale p\u00e2n\u0103 la pro\u00adgre\u00adse\u00adle din pre\u00adzent \u2014 \u0219i ne vom pune \u00eentre\u00adba\u00adrea ce \u00eenseam\u00adn\u0103 sau ce ar tre\u00adbui s\u0103 \u00eensem\u00adne pen\u00adtru noi \u201cinte\u00adli\u00adgen\u00ad\u021ba arti\u00adfi\u00adci\u00ada\u00adl\u0103\u201d. Vom dis\u00adcu\u00adta, de ase\u00adme\u00adnea, des\u00adpre oport\u00adu\u00adni\u00adt\u0103\u00ad\u021bi\u00adle inte\u00adre\u00adsan\u00adte care se des\u00adchid prin uti\u00adli\u00adza\u00adrea inte\u00adli\u00adgen\u00ad\u021bei arti\u00adfi\u00adci\u00ada\u00adle. Pre\u00adle\u00adge\u00adrea va fi \u00eembo\u00adg\u0103\u00ad\u021bi\u00adt\u0103 cu exem\u00adple ilus\u00adtra\u00adti\u00adve din prac\u00adti\u00adc\u0103, care ara\u00adt\u0103 cum ne influ\u00aden\u00ad\u021bea\u00adz\u0103 deja inte\u00adli\u00adgen\u00ad\u021ba arti\u00adfi\u00adci\u00ada\u00adl\u0103 via\u00ad\u021ba de zi cu zi \u0219i cum putem folo\u00adsi noi \u00een\u0219i\u00adne \u201cinte\u00adli\u00adgen\u00ad\u021ba arti\u00adfi\u00adci\u00ada\u00adl\u0103\u201d \u00een via\u00ad\u021ba de zi cu&nbsp;zi. Spea\u00adker: Peter Bol\u00adch&nbsp;este\u2026<\/p>\n","category_list_v2":"","author_info_v2":{"name":"Andrea Ramirez","url":"https:\/\/www.anika-net.de\/ro\/author\/andrea-ramirez\/"},"comments_num_v2":"0 comments","uagb_featured_image_src":{"full":["https:\/\/www.anika-net.de\/wp-content\/uploads\/2024\/03\/person-using-ai-tool-job-scaled.jpg",2560,1707,false],"thumbnail":["https:\/\/www.anika-net.de\/wp-content\/uploads\/2024\/03\/person-using-ai-tool-job-150x150.jpg",150,150,true],"medium":["https:\/\/www.anika-net.de\/wp-content\/uploads\/2024\/03\/person-using-ai-tool-job-300x200.jpg",300,200,true],"medium_large":["https:\/\/www.anika-net.de\/wp-content\/uploads\/2024\/03\/person-using-ai-tool-job-768x512.jpg",640,427,true],"large":["https:\/\/www.anika-net.de\/wp-content\/uploads\/2024\/03\/person-using-ai-tool-job-1024x683.jpg",640,427,true],"1536x1536":["https:\/\/www.anika-net.de\/wp-content\/uploads\/2024\/03\/person-using-ai-tool-job-1536x1024.jpg",1536,1024,true],"2048x2048":["https:\/\/www.anika-net.de\/wp-content\/uploads\/2024\/03\/person-using-ai-tool-job-2048x1365.jpg",2048,1365,true],"event-overview":["https:\/\/www.anika-net.de\/wp-content\/uploads\/2024\/03\/person-using-ai-tool-job-960x640.jpg",960,640,true],"event-archive-thumb":["https:\/\/www.anika-net.de\/wp-content\/uploads\/2024\/03\/person-using-ai-tool-job-480x320.jpg",480,320,true],"grid-item-thumbnail":["https:\/\/www.anika-net.de\/wp-content\/uploads\/2024\/03\/person-using-ai-tool-job-360x200.jpg",360,200,true],"network-partner-icon":["https:\/\/www.anika-net.de\/wp-content\/uploads\/2024\/03\/person-using-ai-tool-job-100x100.jpg",100,100,true],"organiser-icon":["https:\/\/www.anika-net.de\/wp-content\/uploads\/2024\/03\/person-using-ai-tool-job-200x200.jpg",200,200,true],"gform-image-choice-sm":["https:\/\/www.anika-net.de\/wp-content\/uploads\/2024\/03\/person-using-ai-tool-job-scaled.jpg",300,200,false],"gform-image-choice-md":["https:\/\/www.anika-net.de\/wp-content\/uploads\/2024\/03\/person-using-ai-tool-job-scaled.jpg",400,267,false],"gform-image-choice-lg":["https:\/\/www.anika-net.de\/wp-content\/uploads\/2024\/03\/person-using-ai-tool-job-scaled.jpg",600,400,false]},"uagb_author_info":{"display_name":"Andrea Ramirez","author_link":"https:\/\/www.anika-net.de\/ro\/author\/andrea-ramirez\/"},"uagb_comment_info":0,"uagb_excerpt":"Sonn\u00adta\u00adgs\u00adca\u00adf\u00e9 Inte\u00adli\u00adgen\u00ad\u021ba arti\u00adfi\u00adci\u00ada\u00adl\u0103 \u2014 ce&nbsp;este? \u00cen cadrul pre\u00adle\u00adge\u00adrii, vom face mai \u00eent\u00e2i o scur\u00adt\u0103 c\u0103l\u0103\u00adto\u00adrie prin isto\u00adria inte\u00adli\u00adgen\u00ad\u021bei arti\u00adfi\u00adci\u00ada\u00adle \u2014 de la \u00eence\u00adpu\u00adtu\u00adri\u00adle sale p\u00e2n\u0103 la pro\u00adgre\u00adse\u00adle din pre\u00adzent \u2014&nbsp;Citi\u021bi mai mult","_links":{"self":[{"href":"https:\/\/www.anika-net.de\/ro\/wp-json\/wp\/v2\/event\/47896","targetHints":{"allow":["GET"]}}],"collection":[{"href":"https:\/\/www.anika-net.de\/ro\/wp-json\/wp\/v2\/event"}],"about":[{"href":"https:\/\/www.anika-net.de\/ro\/wp-json\/wp\/v2\/types\/event"}],"author":[{"embeddable":true,"href":"https:\/\/www.anika-net.de\/ro\/wp-json\/wp\/v2\/users\/12"}],"version-history":[{"count":0,"href":"https:\/\/www.anika-net.de\/ro\/wp-json\/wp\/v2\/event\/47896\/revisions"}],"acf:post":[{"embeddable":true,"href":"https:\/\/www.anika-net.de\/ro\/wp-json\/wp\/v2\/organiser\/47823"}],"acf:term":[{"embeddable":true,"taxonomy":"event_category","href":"https:\/\/www.anika-net.de\/ro\/wp-json\/wp\/v2\/event_category\/82"}],"wp:featuredmedia":[{"embeddable":true,"href":"https:\/\/www.anika-net.de\/ro\/wp-json\/wp\/v2\/media\/47882"}],"wp:attachment":[{"href":"https:\/\/www.anika-net.de\/ro\/wp-json\/wp\/v2\/media?parent=47896"}],"curies":[{"name":"wp","href":"https:\/\/api.w.org\/{rel}","templated":true}]}}

Inte­li­gen­ța arti­fi­ci­a­lă — ce&nbsp;este?

<h3><span style="color: #008080;">Sonn­ta­gs­ca­fé</span></h3>
<h2><span style="color: #3366ff;">Inte­li­gen­ța arti­fi­ci­a­lă — ce&nbsp;este?</span></h2>
<p>În cadrul pre­le­ge­rii, vom face mai întâi o scur­tă călă­to­rie prin isto­ria inte­li­gen­ței arti­fi­ci­a­le — de la înce­pu­tu­ri­le sale până la pro­gre­se­le din pre­zent — și ne vom pune între­ba­rea ce înseam­nă sau ce ar tre­bui să însem­ne pen­tru noi “inte­li­gen­ța artificială”.</p>
<p>Vom dis­cu­ta, de ase­me­nea, des­pre oport­u­ni­tă­ți­le inte­re­san­te care se des­chid prin uti­li­za­rea inte­li­gen­ței arti­fi­ci­a­le. Pre­le­ge­rea va fi îmbo­gă­ți­tă cu exem­ple ilus­tra­ti­ve din prac­ti­că, care ara­tă cum ne influ­en­țea­ză deja inte­li­gen­ța arti­fi­ci­a­lă via­ța de zi cu zi și cum putem folo­si noi înși­ne “inte­li­gen­ța arti­fi­ci­a­lă” în via­ța de zi cu&nbsp;zi.</p>
<p><strong>Spea­ker: Peter Bol­ch</strong> este un infor­ma­ti­cian. Are o expe­rien­ță vas­tă de pes­te 15 ani în dome­ni­ul&nbsp;IT.</p>
<p><strong>Intra­re:</strong> 10:30&nbsp;am</p>

ibz, EG, Großer Saal

<p>Sonn­ta­gs­ca­fé Inte­li­gen­ța arti­fi­ci­a­lă — ce&nbsp;este? În cadrul pre­le­ge­rii, vom face mai întâi o scur­tă călă­to­rie prin isto­ria inte­li­gen­ței arti­fi­ci­a­le — de la înce­pu­tu­ri­le sale până la pro­gre­se­le din pre­zent — și ne vom pune între­ba­rea ce înseam­nă sau ce ar tre­bui să însem­ne pen­tru noi “inte­li­gen­ța arti­fi­ci­a­lă”. Vom dis­cu­ta, de ase­me­nea, des­pre oport­u­ni­tă­ți­le inte­re­san­te care se des­chid prin uti­li­za­rea inte­li­gen­ței arti­fi­ci­a­le. Pre­le­ge­rea va fi îmbo­gă­ți­tă cu exem­ple ilus­tra­ti­ve din prac­ti­că, care ara­tă cum ne influ­en­țea­ză deja inte­li­gen­ța arti­fi­ci­a­lă via­ța de zi cu zi și cum putem folo­si noi înși­ne “inte­li­gen­ța arti­fi­ci­a­lă” în via­ța de zi cu&nbsp;zi. Spea­ker: Peter Bol­ch&nbsp;este…</p>

Sonn­ta­gs­ca­fé Inte­li­gen­ța arti­fi­ci­a­lă — ce&nbsp;este? În cadrul pre­le­ge­rii, vom face mai întâi o scur­tă călă­to­rie prin isto­ria inte­li­gen­ței arti­fi­ci­a­le — de la înce­pu­tu­ri­le sale până la pro­gre­se­le din pre­zent —&nbsp;Citiți mai mult
