{"id":47409,"date":"2024-03-13T13:38:00","date_gmt":"2024-03-13T12:38:00","guid":{"rendered":"https:\/\/www.anika-net.de\/event\/gasiti-modalitati-de-a-va-finanta-proiectul\/"},"modified":"2024-03-13T13:38:00","modified_gmt":"2024-03-13T12:38:00","slug":"gasiti-modalitati-de-a-va-finanta-proiectul","status":"publish","type":"event","link":"https:\/\/www.anika-net.de\/ro\/event\/gasiti-modalitati-de-a-va-finanta-proiectul\/","title":{"rendered":"G\u0103si\u021bi moda\u00adli\u00adt\u0103\u021bi de a v\u0103 finan\u00ad\u021ba proiectul"},"content":{"rendered":"<h3><strong>Labo\u00adra\u00adto\u00adrul de idei \u2014&nbsp;LiNK<\/strong><\/h3>\n<h1><span style=\"color: #008080;\">G\u0103si\u021bi moda\u00adli\u00adt\u0103\u021bi de a v\u0103 finan\u00ad\u021ba proiectul<\/span><\/h1>\n<ul>\n<li><em>Mese, trans\u00adport \u0219i caza\u00adre incluse<\/em><\/li>\n<li><strong>Kalei\u00addo\u00adsco\u00adop Strasbourg<\/strong><\/li>\n<\/ul>\n<p>Pe par\u00adcur\u00adsul aces\u00adtor dou\u0103 zile, vom afla mai mul\u00adte des\u00adpre finan\u00ad\u021ba\u00adrea pro\u00adiec\u00adte\u00adlor sociale:<br>\nCe oport\u00adu\u00adni\u00adt\u0103\u021bi exis\u00adt\u0103 \u00een Fran\u00ad\u021ba, Ger\u00adma\u00adnia \u0219i \u00een Euro\u00adpa? Ce ar putea fi potri\u00advit pen\u00adtru pro\u00adiec\u00adtul dumneavoastr\u0103?<\/p>\n<p><strong><span style=\"color: #ff6600;\">Obiec\u00adti\u00adve \u0219i program<\/span><\/strong><\/p>\n<ul>\n<li>Afla\u021bi mai mul\u00adte des\u00adpre finan\u00ad\u021ba\u00adrea pro\u00adiec\u00adte\u00adlor soci\u00ada\u00adle: crow\u00add\u00adfun\u00adding, ape\u00adluri de pro\u00adiec\u00adte \u0219i microcredite<\/li>\n<li>Cu exper\u021bi \u0219i oameni care \u00ee\u0219i \u00eemp\u0103r\u00adt\u0103\u00ad\u0219esc experien\u021ba<\/li>\n<li>Dezvol\u00adt\u0103-\u021bi pro\u00adpria stra\u00adte\u00adgie pen\u00adtru urm\u0103\u00adtoa\u00adrea ta finan\u00ad\u021ba\u00adre de succes<\/li>\n<li>Networ\u00adking cu per\u00adsoa\u00adne interna\u021bionale<\/li>\n<li>Des\u00adco\u00adpe\u00adri\u021bi Stra\u00ads\u00adbo\u00adurg printr\u2011o vizit\u0103<\/li>\n<\/ul>\n<p><strong><span style=\"color: #ff6600;\">Pen\u00adtru tine&nbsp;dac\u0103<\/span><\/strong><\/p>\n<ul>\n<li>Ave\u021bi deja sau face\u021bi par\u00adte din\u00adtr-un pro\u00adiect soci\u00adal sau de impli\u00adca\u00adre, cum ar fi: o ini\u00ad\u021bia\u00adti\u00adv\u0103, o aso\u00adci\u00ada\u00ad\u021bie, un start-up soci\u00adal care lucrea\u00adz\u0103&nbsp;la<br>\nsubiec\u00adte soci\u00ada\u00adle sau ecologice.<\/li>\n<li>Locu\u00adi\u021bi \u00een sau \u00een apro\u00adpi\u00ade\u00adre: Stra\u00ads\u00adbo\u00adurg, <strong>Karl\u00adsru\u00adhe<\/strong>, Stut\u00adtgart<\/li>\n<li>\u00cen\u021be\u00adlegi lim\u00adba englez\u0103<\/li>\n<\/ul>\n<p><span style=\"color: #ff6600;\"><strong>Ce ve\u021bi avea la&nbsp;final<\/strong><\/span><\/p>\n<ol>\n<li>O stra\u00adte\u00adgie pen\u00adtru urm\u0103\u00adtoa\u00adrea dvs. c\u0103u\u00adta\u00adre de finan\u00ad\u021ba\u00adre sau pen\u00adtru par\u00adti\u00adci\u00adpa\u00adrea la o cere\u00adre de proiecte<\/li>\n<li>Oport\u00adu\u00adni\u00adta\u00adtea de a par\u00adti\u00adci\u00adpa la sesiuni indi\u00advi\u00addu\u00ada\u00adle de coaching.<\/li>\n<li>C\u00e2te\u00adva con\u00adtac\u00adte&nbsp;noi!<\/li>\n<\/ol>\n<p><strong><span style=\"color: #008080;\">PROCEDURA DE \u00ceNREGISTRARE<\/span><\/strong><\/p>\n<ol>\n<li><strong><span style=\"color: #008080;\">\u00censcri\u00ade\u021bi-v\u0103 p\u00e2n\u0103 la 1 apri\u00adlie \u2014 LOCURI LIMITATE!<\/span><\/strong><\/li>\n<li><span style=\"color: #008080;\">V\u0103 vom suna pen\u00adtru a afla mai mul\u00adte des\u00adpre pro\u00adiec\u00adtul dumneavoastr\u0103.<\/span><\/li>\n<li><span style=\"color: #008080;\">Dac\u0103 pro\u00adiec\u00adtul t\u0103u se potri\u00adve\u0219\u00adte, e\u0219ti acceptat!<\/span><\/li>\n<\/ol>\n<p>\ud83d\ude85\ud83c\udfec C <strong>ostu\u00adri\u00adle de c\u0103l\u0103\u00adto\u00adrie \u0219i de hotel<\/strong> vor fi aco\u00adpe\u00adri\u00adte de&nbsp;noi.<br>\nLim\u00adba de lucru:  <strong>Engle\u00adz\u0103. Tra\u00addu\u00adceri \u00een ger\u00adma\u00adn\u0103 \u0219i fran\u00adce\u00adz\u0103<\/strong>  sunt posibile.<\/p>\n","protected":false},"author":12,"featured_media":47383,"template":"","class_list":["post-47409","event","type-event","status-publish","has-post-thumbnail","hentry","event_category-munca"],"acf":{"event-recurring":false,"event-category":84,"event-is-language-course":false,"event-recurring-still-active":true,"event-display-details":true,"event-schedules-recurring":null,"event-schedules-calendar":[{"event-calendar-day":"20240412","event-calendar-time":"15 - 19 h","event-calendar-time-text":""},{"event-calendar-day":"20240413","event-calendar-time":"9 - 17 h","event-calendar-time-text":""}],"event-is-online":false,"event-online-url":"","event-location-building":"Impact Hub Karlsruhe","event-location-street":"Kaiserstr. 97","event-location-zip":"76133","event-location-city":"Strasbourg","event-location-contact-person":"Juliette & Tom","event-location-phone":"","event-location-phone-2":"","event-location-mail":"karlsruhe@singa-deutschland.de","event-location-mail-2":"","event-location-website":"","event-target-group":null,"event-target-group-comment":"Oricine are un proiect social sau o ini\u021biativ\u0103 social\u0103","event-free":true,"event-organiser":[46781],"event-header-copyright-overlay":true,"event-copyright-note-description-end":false},"featured_image_urls_v2":{"full":["https:\/\/www.anika-net.de\/wp-content\/uploads\/2024\/03\/Banner-LiNK-Idea-Lab.png",1920,1080,false],"thumbnail":["https:\/\/www.anika-net.de\/wp-content\/uploads\/2024\/03\/Banner-LiNK-Idea-Lab-150x150.png",150,150,true],"medium":["https:\/\/www.anika-net.de\/wp-content\/uploads\/2024\/03\/Banner-LiNK-Idea-Lab-300x169.png",300,169,true],"medium_large":["https:\/\/www.anika-net.de\/wp-content\/uploads\/2024\/03\/Banner-LiNK-Idea-Lab-768x432.png",640,360,true],"large":["https:\/\/www.anika-net.de\/wp-content\/uploads\/2024\/03\/Banner-LiNK-Idea-Lab-1024x576.png",640,360,true],"1536x1536":["https:\/\/www.anika-net.de\/wp-content\/uploads\/2024\/03\/Banner-LiNK-Idea-Lab-1536x864.png",1536,864,true],"2048x2048":["https:\/\/www.anika-net.de\/wp-content\/uploads\/2024\/03\/Banner-LiNK-Idea-Lab.png",1920,1080,false],"event-overview":["https:\/\/www.anika-net.de\/wp-content\/uploads\/2024\/03\/Banner-LiNK-Idea-Lab-960x640.png",960,640,true],"event-archive-thumb":["https:\/\/www.anika-net.de\/wp-content\/uploads\/2024\/03\/Banner-LiNK-Idea-Lab-480x270.png",480,270,true],"grid-item-thumbnail":["https:\/\/www.anika-net.de\/wp-content\/uploads\/2024\/03\/Banner-LiNK-Idea-Lab-360x200.png",360,200,true],"network-partner-icon":["https:\/\/www.anika-net.de\/wp-content\/uploads\/2024\/03\/Banner-LiNK-Idea-Lab-100x100.png",100,100,true],"organiser-icon":["https:\/\/www.anika-net.de\/wp-content\/uploads\/2024\/03\/Banner-LiNK-Idea-Lab-200x200.png",200,200,true],"gform-image-choice-sm":["https:\/\/www.anika-net.de\/wp-content\/uploads\/2024\/03\/Banner-LiNK-Idea-Lab.png",300,169,false],"gform-image-choice-md":["https:\/\/www.anika-net.de\/wp-content\/uploads\/2024\/03\/Banner-LiNK-Idea-Lab.png",400,225,false],"gform-image-choice-lg":["https:\/\/www.anika-net.de\/wp-content\/uploads\/2024\/03\/Banner-LiNK-Idea-Lab.png",600,338,false]},"post_excerpt_stackable_v2":"<p>Labo\u00adra\u00adto\u00adrul de idei \u2014&nbsp;LiNK G\u0103si\u021bi moda\u00adli\u00adt\u0103\u021bi de a v\u0103 finan\u00ad\u021ba pro\u00adiec\u00adtul Mese, trans\u00adport \u0219i caza\u00adre inclu\u00adse Kalei\u00addo\u00adsco\u00adop Stra\u00ads\u00adbo\u00adurg Pe par\u00adcur\u00adsul aces\u00adtor dou\u0103 zile, vom afla mai mul\u00adte des\u00adpre finan\u00ad\u021ba\u00adrea pro\u00adiec\u00adte\u00adlor soci\u00ada\u00adle: Ce oport\u00adu\u00adni\u00adt\u0103\u021bi exis\u00adt\u0103 \u00een Fran\u00ad\u021ba, Ger\u00adma\u00adnia \u0219i \u00een Euro\u00adpa? Ce ar putea fi potri\u00advit pen\u00adtru pro\u00adiec\u00adtul dum\u00adne\u00ada\u00advoas\u00adtr\u0103? Obiec\u00adti\u00adve \u0219i pro\u00adgram Afla\u021bi mai mul\u00adte des\u00adpre finan\u00ad\u021ba\u00adrea pro\u00adiec\u00adte\u00adlor soci\u00ada\u00adle: crow\u00add\u00adfun\u00adding, ape\u00adluri de pro\u00adiec\u00adte \u0219i micro\u00adcre\u00addi\u00adte Cu exper\u021bi \u0219i oameni care \u00ee\u0219i \u00eemp\u0103r\u00adt\u0103\u00ad\u0219esc expe\u00adrien\u00ad\u021ba Dezvo\u00adl\u00ad\u00adt\u0103-\u021bi pro\u00adpria stra\u00adte\u00adgie pen\u00adtru urm\u0103\u00adtoa\u00adrea ta finan\u00ad\u021ba\u00adre de suc\u00adces Networ\u00adking cu per\u00adsoa\u00adne inter\u00adna\u021bio\u00adna\u00adle Des\u00adco\u00adpe\u00adri\u021bi Stra\u00ads\u00adbo\u00adurg printr\u2011o vizi\u00adt\u0103 Pen\u00adtru tine&nbsp;dac\u0103 Ave\u021bi deja sau face\u021bi par\u00adte din\u00ad\u00adtr-un pro\u00adiect soci\u00adal&nbsp;sau\u2026<\/p>\n","category_list_v2":"","author_info_v2":{"name":"Andrea Ramirez","url":"https:\/\/www.anika-net.de\/ro\/author\/andrea-ramirez\/"},"comments_num_v2":"0 comments","uagb_featured_image_src":{"full":["https:\/\/www.anika-net.de\/wp-content\/uploads\/2024\/03\/Banner-LiNK-Idea-Lab.png",1920,1080,false],"thumbnail":["https:\/\/www.anika-net.de\/wp-content\/uploads\/2024\/03\/Banner-LiNK-Idea-Lab-150x150.png",150,150,true],"medium":["https:\/\/www.anika-net.de\/wp-content\/uploads\/2024\/03\/Banner-LiNK-Idea-Lab-300x169.png",300,169,true],"medium_large":["https:\/\/www.anika-net.de\/wp-content\/uploads\/2024\/03\/Banner-LiNK-Idea-Lab-768x432.png",640,360,true],"large":["https:\/\/www.anika-net.de\/wp-content\/uploads\/2024\/03\/Banner-LiNK-Idea-Lab-1024x576.png",640,360,true],"1536x1536":["https:\/\/www.anika-net.de\/wp-content\/uploads\/2024\/03\/Banner-LiNK-Idea-Lab-1536x864.png",1536,864,true],"2048x2048":["https:\/\/www.anika-net.de\/wp-content\/uploads\/2024\/03\/Banner-LiNK-Idea-Lab.png",1920,1080,false],"event-overview":["https:\/\/www.anika-net.de\/wp-content\/uploads\/2024\/03\/Banner-LiNK-Idea-Lab-960x640.png",960,640,true],"event-archive-thumb":["https:\/\/www.anika-net.de\/wp-content\/uploads\/2024\/03\/Banner-LiNK-Idea-Lab-480x270.png",480,270,true],"grid-item-thumbnail":["https:\/\/www.anika-net.de\/wp-content\/uploads\/2024\/03\/Banner-LiNK-Idea-Lab-360x200.png",360,200,true],"network-partner-icon":["https:\/\/www.anika-net.de\/wp-content\/uploads\/2024\/03\/Banner-LiNK-Idea-Lab-100x100.png",100,100,true],"organiser-icon":["https:\/\/www.anika-net.de\/wp-content\/uploads\/2024\/03\/Banner-LiNK-Idea-Lab-200x200.png",200,200,true],"gform-image-choice-sm":["https:\/\/www.anika-net.de\/wp-content\/uploads\/2024\/03\/Banner-LiNK-Idea-Lab.png",300,169,false],"gform-image-choice-md":["https:\/\/www.anika-net.de\/wp-content\/uploads\/2024\/03\/Banner-LiNK-Idea-Lab.png",400,225,false],"gform-image-choice-lg":["https:\/\/www.anika-net.de\/wp-content\/uploads\/2024\/03\/Banner-LiNK-Idea-Lab.png",600,338,false]},"uagb_author_info":{"display_name":"Andrea Ramirez","author_link":"https:\/\/www.anika-net.de\/ro\/author\/andrea-ramirez\/"},"uagb_comment_info":0,"uagb_excerpt":"Labo\u00adra\u00adto\u00adrul de idei \u2014&nbsp;LiNK G\u0103si\u021bi moda\u00adli\u00adt\u0103\u021bi de a v\u0103 finan\u00ad\u021ba proiectul Mese, trans\u00adport \u0219i caza\u00adre incluse Kalei\u00addo\u00adsco\u00adop Strasbourg Pe par\u00adcur\u00adsul aces\u00adtor dou\u0103 zile, vom afla mai mul\u00adte des\u00adpre finan\u00ad\u021ba\u00adrea pro\u00adiec\u00adte\u00adlor&nbsp;Citi\u021bi mai mult","_links":{"self":[{"href":"https:\/\/www.anika-net.de\/ro\/wp-json\/wp\/v2\/event\/47409","targetHints":{"allow":["GET"]}}],"collection":[{"href":"https:\/\/www.anika-net.de\/ro\/wp-json\/wp\/v2\/event"}],"about":[{"href":"https:\/\/www.anika-net.de\/ro\/wp-json\/wp\/v2\/types\/event"}],"author":[{"embeddable":true,"href":"https:\/\/www.anika-net.de\/ro\/wp-json\/wp\/v2\/users\/12"}],"version-history":[{"count":0,"href":"https:\/\/www.anika-net.de\/ro\/wp-json\/wp\/v2\/event\/47409\/revisions"}],"acf:post":[{"embeddable":true,"href":"https:\/\/www.anika-net.de\/ro\/wp-json\/wp\/v2\/organiser\/46781"}],"acf:term":[{"embeddable":true,"taxonomy":"event_category","href":"https:\/\/www.anika-net.de\/ro\/wp-json\/wp\/v2\/event_category\/84"}],"wp:featuredmedia":[{"embeddable":true,"href":"https:\/\/www.anika-net.de\/ro\/wp-json\/wp\/v2\/media\/47383"}],"wp:attachment":[{"href":"https:\/\/www.anika-net.de\/ro\/wp-json\/wp\/v2\/media?parent=47409"}],"curies":[{"name":"wp","href":"https:\/\/api.w.org\/{rel}","templated":true}]}}

Găsiți moda­li­tăți de a vă finan­ța proiectul

<h3><strong>Labo­ra­to­rul de idei —&nbsp;LiNK</strong></h3>
<h1><span style="color: #008080;">Găsiți moda­li­tăți de a vă finan­ța proiectul</span></h1>
<ul>
<li><em>Mese, trans­port și caza­re incluse</em></li>
<li><strong>Kalei­do­sco­op Strasbourg</strong></li>
</ul>
<p>Pe par­cur­sul aces­tor două zile, vom afla mai mul­te des­pre finan­ța­rea pro­iec­te­lor sociale:<br>
Ce oport­u­ni­tăți exis­tă în Fran­ța, Ger­ma­nia și în Euro­pa? Ce ar putea fi potri­vit pen­tru pro­iec­tul dumneavoastră?</p>
<p><strong><span style="color: #ff6600;">Obiec­ti­ve și program</span></strong></p>
<ul>
<li>Aflați mai mul­te des­pre finan­ța­rea pro­iec­te­lor soci­a­le: crow­d­fun­ding, ape­luri de pro­iec­te și microcredite</li>
<li>Cu experți și oameni care își împăr­tă­șesc experiența</li>
<li>Dezvol­tă-ți pro­pria stra­te­gie pen­tru urmă­toa­rea ta finan­ța­re de succes</li>
<li>Networ­king cu per­soa­ne internaționale</li>
<li>Des­co­pe­riți Stra­s­bo­urg printr‑o vizită</li>
</ul>
<p><strong><span style="color: #ff6600;">Pen­tru tine&nbsp;dacă</span></strong></p>
<ul>
<li>Aveți deja sau faceți par­te din­tr-un pro­iect soci­al sau de impli­ca­re, cum ar fi: o ini­ția­ti­vă, o aso­ci­a­ție, un start-up soci­al care lucrea­ză&nbsp;la<br>
subiec­te soci­a­le sau ecologice.</li>
<li>Locu­iți în sau în apro­pi­e­re: Stra­s­bo­urg, <strong>Karl­sru­he</strong>, Stut­tgart</li>
<li>Înțe­legi lim­ba engleză</li>
</ul>
<p><span style="color: #ff6600;"><strong>Ce veți avea la&nbsp;final</strong></span></p>
<ol>
<li>O stra­te­gie pen­tru urmă­toa­rea dvs. cău­ta­re de finan­ța­re sau pen­tru par­ti­ci­pa­rea la o cere­re de proiecte</li>
<li>Oport­u­ni­ta­tea de a par­ti­ci­pa la sesiuni indi­vi­du­a­le de coaching.</li>
<li>Câte­va con­tac­te&nbsp;noi!</li>
</ol>
<p><strong><span style="color: #008080;">PROCEDURA DE ÎNREGISTRARE</span></strong></p>
<ol>
<li><strong><span style="color: #008080;">Înscri­eți-vă până la 1 apri­lie — LOCURI LIMITATE!</span></strong></li>
<li><span style="color: #008080;">Vă vom suna pen­tru a afla mai mul­te des­pre pro­iec­tul dumneavoastră.</span></li>
<li><span style="color: #008080;">Dacă pro­iec­tul tău se potri­veș­te, ești acceptat!</span></li>
</ol>
<p>🚅🏬 C <strong>ostu­ri­le de călă­to­rie și de hotel</strong> vor fi aco­pe­ri­te de&nbsp;noi.<br>
Lim­ba de lucru:  <strong>Engle­ză. Tra­du­ceri în ger­ma­nă și fran­ce­ză</strong>  sunt posibile.</p>

Oricine are un proiect social sau o inițiativă socială

<p>Labo­ra­to­rul de idei —&nbsp;LiNK Găsiți moda­li­tăți de a vă finan­ța pro­iec­tul Mese, trans­port și caza­re inclu­se Kalei­do­sco­op Stra­s­bo­urg Pe par­cur­sul aces­tor două zile, vom afla mai mul­te des­pre finan­ța­rea pro­iec­te­lor soci­a­le: Ce oport­u­ni­tăți exis­tă în Fran­ța, Ger­ma­nia și în Euro­pa? Ce ar putea fi potri­vit pen­tru pro­iec­tul dum­ne­a­voas­tră? Obiec­ti­ve și pro­gram Aflați mai mul­te des­pre finan­ța­rea pro­iec­te­lor soci­a­le: crow­d­fun­ding, ape­luri de pro­iec­te și micro­cre­di­te Cu experți și oameni care își împăr­tă­șesc expe­rien­ța Dezvo­l­­tă-ți pro­pria stra­te­gie pen­tru urmă­toa­rea ta finan­ța­re de suc­ces Networ­king cu per­soa­ne inter­națio­na­le Des­co­pe­riți Stra­s­bo­urg printr‑o vizi­tă Pen­tru tine&nbsp;dacă Aveți deja sau faceți par­te din­­tr-un pro­iect soci­al&nbsp;sau…</p>

Labo­ra­to­rul de idei —&nbsp;LiNK Găsiți moda­li­tăți de a vă finan­ța proiectul Mese, trans­port și caza­re incluse Kalei­do­sco­op Strasbourg Pe par­cur­sul aces­tor două zile, vom afla mai mul­te des­pre finan­ța­rea pro­iec­te­lor&nbsp;Citiți mai mult
