{"id":46770,"date":"2024-02-12T13:59:11","date_gmt":"2024-02-12T12:59:11","guid":{"rendered":"https:\/\/www.anika-net.de\/event\/zkm-cu-un-tur-ghidat-in-limba-germana\/"},"modified":"2024-02-12T13:59:11","modified_gmt":"2024-02-12T12:59:11","slug":"zkm-cu-un-tur-ghidat-in-limba-germana","status":"publish","type":"event","link":"https:\/\/www.anika-net.de\/ro\/event\/zkm-cu-un-tur-ghidat-in-limba-germana\/","title":{"rendered":"ZKM cu un tur ghi\u00addat \u00een lim\u00adba german\u0103"},"content":{"rendered":"<h4><span style=\"color: #008080;\">\u00cen cadrul pro\u00adiec\u00adtu\u00adlui \u201cBine a\u021bi venit la Karlsruhe\u201d<\/span><\/h4>\n<h2><span style=\"color: #800080;\">ZKM cu un tur ghi\u00addat \u00een lim\u00adba german\u0103<\/span><\/h2>\n<p>\ud83d\udccc <strong>Punct de \u00eent\u00e2l\u00adni\u00adre: 15:45&nbsp;pm<\/strong><br>\n\ud83d\udce7 <strong>\u00censcri\u00ade\u00adrea este obli\u00adga\u00adto\u00adrie la:<\/strong> willkommen@ibz-karlsruhe.de<\/p>\n<p>Pro\u00adiec\u00adtul este spri\u00adji\u00adnit finan\u00adci\u00adar de c\u0103tre Biro\u00adul pen\u00adtru Inte\u00adgra\u00adre al ora\u00ad\u0219u\u00adlui Karlsruhe.<\/p>\n<p>Pro\u00adiec\u00adtul \u201cWel\u00adco\u00adme Caf\u00e9\u201d ofe\u00adr\u0103 infor\u00adma\u00ad\u021bii ini\u00ad\u021bia\u00adle \u0219i orien\u00adta\u00adre pen\u00adtru imi\u00adgran\u021bi dintr\u2011o sin\u00adgu\u00adr\u0103 sur\u00ads\u0103. Dorim s\u0103 v\u0103 aju\u00adt\u0103m s\u0103 v\u0103 sim\u00ad\u021bi\u021bi bine\u00adve\u00adni\u021bi \u00een Karl\u00adsru\u00adhe prin spri\u00adjin, re\u021be\u00adle \u0219i sfaturi.<\/p>\n","protected":false},"author":12,"featured_media":46756,"template":"","class_list":["post-46770","event","type-event","status-publish","has-post-thumbnail","hentry","event_category-timp-liber"],"acf":{"event-recurring":false,"event-category":83,"event-is-language-course":false,"event-recurring-still-active":true,"event-display-details":true,"event-schedules-recurring":null,"event-schedules-calendar":[{"event-calendar-day":"20240223","event-calendar-time":"16:00","event-calendar-time-text":""}],"event-is-online":false,"event-online-url":"","event-location-building":"ZKM Museum Infotheke","event-location-street":"Lorenzstra\u00dfe 19","event-location-zip":"76135","event-location-city":"Karlsruhe","event-location-contact-person":"Nicole Blaffert","event-location-phone":"","event-location-phone-2":"","event-location-mail":"willkommen@ibz-karlsruhe.de","event-location-mail-2":"","event-location-website":"https:\/\/www.anika-net.de\/de\/event\/willkommenscafe\/","event-target-group":[{"target-group":"all"}],"event-target-group-comment":"","event-free":true,"event-organiser":[16248],"event-header-copyright-overlay":true,"event-copyright-note-description-end":false},"featured_image_urls_v2":{"full":["https:\/\/www.anika-net.de\/wp-content\/uploads\/2024\/02\/Ausflug-scaled.jpg",2560,1707,false],"thumbnail":["https:\/\/www.anika-net.de\/wp-content\/uploads\/2024\/02\/Ausflug-150x150.jpg",150,150,true],"medium":["https:\/\/www.anika-net.de\/wp-content\/uploads\/2024\/02\/Ausflug-300x200.jpg",300,200,true],"medium_large":["https:\/\/www.anika-net.de\/wp-content\/uploads\/2024\/02\/Ausflug-768x512.jpg",640,427,true],"large":["https:\/\/www.anika-net.de\/wp-content\/uploads\/2024\/02\/Ausflug-1024x683.jpg",640,427,true],"1536x1536":["https:\/\/www.anika-net.de\/wp-content\/uploads\/2024\/02\/Ausflug-1536x1024.jpg",1536,1024,true],"2048x2048":["https:\/\/www.anika-net.de\/wp-content\/uploads\/2024\/02\/Ausflug-2048x1366.jpg",2048,1366,true],"event-overview":["https:\/\/www.anika-net.de\/wp-content\/uploads\/2024\/02\/Ausflug-960x640.jpg",960,640,true],"event-archive-thumb":["https:\/\/www.anika-net.de\/wp-content\/uploads\/2024\/02\/Ausflug-480x320.jpg",480,320,true],"grid-item-thumbnail":["https:\/\/www.anika-net.de\/wp-content\/uploads\/2024\/02\/Ausflug-360x200.jpg",360,200,true],"network-partner-icon":["https:\/\/www.anika-net.de\/wp-content\/uploads\/2024\/02\/Ausflug-100x100.jpg",100,100,true],"organiser-icon":["https:\/\/www.anika-net.de\/wp-content\/uploads\/2024\/02\/Ausflug-200x200.jpg",200,200,true],"gform-image-choice-sm":["https:\/\/www.anika-net.de\/wp-content\/uploads\/2024\/02\/Ausflug-scaled.jpg",300,200,false],"gform-image-choice-md":["https:\/\/www.anika-net.de\/wp-content\/uploads\/2024\/02\/Ausflug-scaled.jpg",400,267,false],"gform-image-choice-lg":["https:\/\/www.anika-net.de\/wp-content\/uploads\/2024\/02\/Ausflug-scaled.jpg",600,400,false]},"post_excerpt_stackable_v2":"<p>\u00cen cadrul pro\u00adiec\u00adtu\u00adlui \u201cBine a\u021bi venit la Karl\u00adsru\u00adhe\u201d ZKM cu un tur ghi\u00addat \u00een lim\u00adba ger\u00adma\u00adn\u0103 \ud83d\udccc Punct de \u00eent\u00e2l\u00adni\u00adre: 15:45&nbsp;pm \ud83d\udce7 \u00censcri\u00ade\u00adrea este obli\u00adga\u00adto\u00adrie la: willkommen@ibz-karlsruhe.de Pro\u00adiec\u00adtul este spri\u00adji\u00adnit finan\u00adci\u00adar de c\u0103tre Biro\u00adul pen\u00adtru Inte\u00adgra\u00adre al ora\u00ad\u0219u\u00adlui Karl\u00adsru\u00adhe. Pro\u00adiec\u00adtul \u201cWel\u00adco\u00adme Caf\u00e9\u201d ofe\u00adr\u0103 infor\u00adma\u00ad\u021bii ini\u00ad\u021bia\u00adle \u0219i orien\u00adta\u00adre pen\u00adtru imi\u00adgran\u021bi dintr\u2011o sin\u00adgu\u00adr\u0103 sur\u00ads\u0103. Dorim s\u0103 v\u0103 aju\u00adt\u0103m s\u0103 v\u0103 sim\u00ad\u021bi\u021bi bine\u00adve\u00adni\u021bi \u00een Karl\u00adsru\u00adhe prin spri\u00adjin, re\u021be\u00adle \u0219i sfaturi.<\/p>\n","category_list_v2":"","author_info_v2":{"name":"Andrea Ramirez","url":"https:\/\/www.anika-net.de\/ro\/author\/andrea-ramirez\/"},"comments_num_v2":"0 comments","uagb_featured_image_src":{"full":["https:\/\/www.anika-net.de\/wp-content\/uploads\/2024\/02\/Ausflug-scaled.jpg",2560,1707,false],"thumbnail":["https:\/\/www.anika-net.de\/wp-content\/uploads\/2024\/02\/Ausflug-150x150.jpg",150,150,true],"medium":["https:\/\/www.anika-net.de\/wp-content\/uploads\/2024\/02\/Ausflug-300x200.jpg",300,200,true],"medium_large":["https:\/\/www.anika-net.de\/wp-content\/uploads\/2024\/02\/Ausflug-768x512.jpg",640,427,true],"large":["https:\/\/www.anika-net.de\/wp-content\/uploads\/2024\/02\/Ausflug-1024x683.jpg",640,427,true],"1536x1536":["https:\/\/www.anika-net.de\/wp-content\/uploads\/2024\/02\/Ausflug-1536x1024.jpg",1536,1024,true],"2048x2048":["https:\/\/www.anika-net.de\/wp-content\/uploads\/2024\/02\/Ausflug-2048x1366.jpg",2048,1366,true],"event-overview":["https:\/\/www.anika-net.de\/wp-content\/uploads\/2024\/02\/Ausflug-960x640.jpg",960,640,true],"event-archive-thumb":["https:\/\/www.anika-net.de\/wp-content\/uploads\/2024\/02\/Ausflug-480x320.jpg",480,320,true],"grid-item-thumbnail":["https:\/\/www.anika-net.de\/wp-content\/uploads\/2024\/02\/Ausflug-360x200.jpg",360,200,true],"network-partner-icon":["https:\/\/www.anika-net.de\/wp-content\/uploads\/2024\/02\/Ausflug-100x100.jpg",100,100,true],"organiser-icon":["https:\/\/www.anika-net.de\/wp-content\/uploads\/2024\/02\/Ausflug-200x200.jpg",200,200,true],"gform-image-choice-sm":["https:\/\/www.anika-net.de\/wp-content\/uploads\/2024\/02\/Ausflug-scaled.jpg",300,200,false],"gform-image-choice-md":["https:\/\/www.anika-net.de\/wp-content\/uploads\/2024\/02\/Ausflug-scaled.jpg",400,267,false],"gform-image-choice-lg":["https:\/\/www.anika-net.de\/wp-content\/uploads\/2024\/02\/Ausflug-scaled.jpg",600,400,false]},"uagb_author_info":{"display_name":"Andrea Ramirez","author_link":"https:\/\/www.anika-net.de\/ro\/author\/andrea-ramirez\/"},"uagb_comment_info":0,"uagb_excerpt":"\u00cen cadrul pro\u00adiec\u00adtu\u00adlui \u201cBine a\u021bi venit la Karlsruhe\u201d ZKM cu un tur ghi\u00addat \u00een lim\u00adba german\u0103 \ud83d\udccc Punct de \u00eent\u00e2l\u00adni\u00adre: 15:45&nbsp;pm \ud83d\udce7 \u00censcri\u00ade\u00adrea este obli\u00adga\u00adto\u00adrie la: willkommen@ibz-karlsruhe.de Pro\u00adiec\u00adtul este spri\u00adji\u00adnit&nbsp;Citi\u021bi mai mult","_links":{"self":[{"href":"https:\/\/www.anika-net.de\/ro\/wp-json\/wp\/v2\/event\/46770","targetHints":{"allow":["GET"]}}],"collection":[{"href":"https:\/\/www.anika-net.de\/ro\/wp-json\/wp\/v2\/event"}],"about":[{"href":"https:\/\/www.anika-net.de\/ro\/wp-json\/wp\/v2\/types\/event"}],"author":[{"embeddable":true,"href":"https:\/\/www.anika-net.de\/ro\/wp-json\/wp\/v2\/users\/12"}],"version-history":[{"count":0,"href":"https:\/\/www.anika-net.de\/ro\/wp-json\/wp\/v2\/event\/46770\/revisions"}],"acf:post":[{"embeddable":true,"href":"https:\/\/www.anika-net.de\/ro\/wp-json\/wp\/v2\/organiser\/16248"}],"acf:term":[{"embeddable":true,"taxonomy":"event_category","href":"https:\/\/www.anika-net.de\/ro\/wp-json\/wp\/v2\/event_category\/83"}],"wp:featuredmedia":[{"embeddable":true,"href":"https:\/\/www.anika-net.de\/ro\/wp-json\/wp\/v2\/media\/46756"}],"wp:attachment":[{"href":"https:\/\/www.anika-net.de\/ro\/wp-json\/wp\/v2\/media?parent=46770"}],"curies":[{"name":"wp","href":"https:\/\/api.w.org\/{rel}","templated":true}]}}

ZKM cu un tur ghi­dat în lim­ba germană

<h4><span style="color: #008080;">În cadrul pro­iec­tu­lui “Bine ați venit la Karlsruhe”</span></h4>
<h2><span style="color: #800080;">ZKM cu un tur ghi­dat în lim­ba germană</span></h2>
<p>📌 <strong>Punct de întâl­ni­re: 15:45&nbsp;pm</strong><br>
📧 <strong>Înscri­e­rea este obli­ga­to­rie la:</strong> willkommen@ibz-karlsruhe.de</p>
<p>Pro­iec­tul este spri­ji­nit finan­ci­ar de către Biro­ul pen­tru Inte­gra­re al ora­șu­lui Karlsruhe.</p>
<p>Pro­iec­tul “Wel­co­me Café” ofe­ră infor­ma­ții ini­ția­le și orien­ta­re pen­tru imi­granți dintr‑o sin­gu­ră sur­să. Dorim să vă aju­tăm să vă sim­țiți bine­ve­niți în Karl­sru­he prin spri­jin, rețe­le și sfaturi.</p>

Lorenzstraße 19

<p>În cadrul pro­iec­tu­lui “Bine ați venit la Karl­sru­he” ZKM cu un tur ghi­dat în lim­ba ger­ma­nă 📌 Punct de întâl­ni­re: 15:45&nbsp;pm 📧 Înscri­e­rea este obli­ga­to­rie la: willkommen@ibz-karlsruhe.de Pro­iec­tul este spri­ji­nit finan­ci­ar de către Biro­ul pen­tru Inte­gra­re al ora­șu­lui Karl­sru­he. Pro­iec­tul “Wel­co­me Café” ofe­ră infor­ma­ții ini­ția­le și orien­ta­re pen­tru imi­granți dintr‑o sin­gu­ră sur­să. Dorim să vă aju­tăm să vă sim­țiți bine­ve­niți în Karl­sru­he prin spri­jin, rețe­le și sfaturi.</p>

În cadrul pro­iec­tu­lui “Bine ați venit la Karlsruhe” ZKM cu un tur ghi­dat în lim­ba germană 📌 Punct de întâl­ni­re: 15:45&nbsp;pm 📧 Înscri­e­rea este obli­ga­to­rie la: willkommen@ibz-karlsruhe.de Pro­iec­tul este spri­ji­nit&nbsp;Citiți mai mult
