{"id":46563,"date":"2024-01-29T16:35:16","date_gmt":"2024-01-29T15:35:16","guid":{"rendered":"https:\/\/www.anika-net.de\/event\/intalnire-sociala-prin-inot\/"},"modified":"2024-09-16T11:45:42","modified_gmt":"2024-09-16T09:45:42","slug":"intalnire-sociala-prin-inot","status":"publish","type":"event","link":"https:\/\/www.anika-net.de\/ro\/event\/intalnire-sociala-prin-inot\/","title":{"rendered":"\u00cenot \u00een Adolf Ehr\u00admann&nbsp;Bad"},"content":{"rendered":"<h3><span style=\"color: #008080;\">Inte\u00adrac\u00ad\u021biu\u00adnea soci\u00ada\u00adl\u0103 prin sport \u2014 Sta\u00addt Karlsruhe&nbsp;<\/span><\/h3>\n<h1><span style=\"color: #800080;\">\u00cenot \u00een Adolf Ehr\u00admann&nbsp;Bad<\/span><\/h1>\n<p>  \ud83c\udfca\ud83c\udffc\u200d\u2640\ufe0f <strong>\u00cen fie\u00adca\u00adre joi<\/strong>, ora\u00ad\u0219ul Karl\u00adsru\u00adhe v\u0103 ofe\u00adr\u0103 eve\u00adni\u00admen\u00adtul <strong>Inte\u00adrac\u00ad\u021biu\u00adne soci\u00ada\u00adl\u0103 prin sport: \u00cenot \u00een Adolf Ehr\u00admann Bad.<\/strong><strong><span style=\"color: #008080;\">TIMES<\/span><\/strong>: Copii \u0219i tineri sub 18 ani de la 17:00 la 18:30.<br>\nAdul\u021bi (pes\u00adte 18 ani) de la 18:30 la 20:30. <strong>Intra\u00adre de la 17:00 la 17:15 \u0219i de la 18:30 la 18:45.<\/strong><strong>Intra\u00adre: 1,5 \u20ac<\/strong> Intra\u00adre pen\u00adtru copi\u00adii sub 10 ani \u0219i pen\u00adtru cei care nu \u00eenoa\u00adt\u0103 numai dac\u0103 sunt \u00eenso\u00ad\u021bi\u021bi de un supra\u00adve\u00adghe\u00adtor adult.  Nicio ofer\u00adt\u0103 supravegheat\u0103!&nbsp;<\/p>\n<blockquote>\n<h3><span style=\"color: #008080;\">\ud83d\udccc \u00ceno\u00adtul are loc \u00een Adolf-Ehr\u00admann&nbsp;Bad.<\/span><\/h3>\n<\/blockquote>\n","protected":false},"author":12,"featured_media":61143,"template":"","class_list":["post-46563","event","type-event","status-publish","has-post-thumbnail","hentry","event_category-timp-liber"],"acf":{"event-recurring":false,"event-category":83,"event-is-language-course":false,"event-recurring-still-active":true,"event-display-details":true,"event-schedules-recurring":null,"event-schedules-calendar":[{"event-calendar-day":"20250619","event-calendar-time":" ","event-calendar-time-text":""},{"event-calendar-day":"20250626","event-calendar-time":"","event-calendar-time-text":""},{"event-calendar-day":"20250703","event-calendar-time":"","event-calendar-time-text":""},{"event-calendar-day":"20250710","event-calendar-time":"","event-calendar-time-text":""},{"event-calendar-day":"20250717","event-calendar-time":"","event-calendar-time-text":""},{"event-calendar-day":"20250724","event-calendar-time":"","event-calendar-time-text":""},{"event-calendar-day":"20250731","event-calendar-time":"","event-calendar-time-text":""}],"event-is-online":false,"event-online-url":"","event-location-building":"Freibad R\u00fcppurr","event-location-street":"Heidelbergstra\u00dfe 1 \/ Tramway line S1, S11 \/ Train station \"Schloss R\u00fcppurr\"","event-location-zip":"76199","event-location-city":"Karlsruhe (R\u00fcpurr)","event-location-contact-person":"Schul- und Sportamt - Stadt Karlsruhe","event-location-phone":"0721 133-4168","event-location-phone-2":"","event-location-mail":"sport@sus.karlsruhe.de","event-location-mail-2":"","event-location-website":"","event-target-group":[{"target-group":"children"},{"target-group":"teens"},{"target-group":"adults"}],"event-target-group-comment":"","event-free":false,"event-organiser":[16531],"event-header-copyright-overlay":true,"event-copyright-note-description-end":true},"featured_image_urls_v2":{"full":["https:\/\/www.anika-net.de\/wp-content\/uploads\/2023\/02\/swimming-pool-382139_1280.jpg",1280,960,false],"thumbnail":["https:\/\/www.anika-net.de\/wp-content\/uploads\/2023\/02\/swimming-pool-382139_1280-150x150.jpg",150,150,true],"medium":["https:\/\/www.anika-net.de\/wp-content\/uploads\/2023\/02\/swimming-pool-382139_1280-300x225.jpg",300,225,true],"medium_large":["https:\/\/www.anika-net.de\/wp-content\/uploads\/2023\/02\/swimming-pool-382139_1280-768x576.jpg",640,480,true],"large":["https:\/\/www.anika-net.de\/wp-content\/uploads\/2023\/02\/swimming-pool-382139_1280-1024x768.jpg",640,480,true],"1536x1536":["https:\/\/www.anika-net.de\/wp-content\/uploads\/2023\/02\/swimming-pool-382139_1280.jpg",1280,960,false],"2048x2048":["https:\/\/www.anika-net.de\/wp-content\/uploads\/2023\/02\/swimming-pool-382139_1280.jpg",1280,960,false],"event-overview":["https:\/\/www.anika-net.de\/wp-content\/uploads\/2023\/02\/swimming-pool-382139_1280-960x640.jpg",960,640,true],"event-archive-thumb":["https:\/\/www.anika-net.de\/wp-content\/uploads\/2023\/02\/swimming-pool-382139_1280-480x360.jpg",480,360,true],"grid-item-thumbnail":["https:\/\/www.anika-net.de\/wp-content\/uploads\/2023\/02\/swimming-pool-382139_1280-360x200.jpg",360,200,true],"network-partner-icon":["https:\/\/www.anika-net.de\/wp-content\/uploads\/2023\/02\/swimming-pool-382139_1280-100x100.jpg",100,100,true],"organiser-icon":["https:\/\/www.anika-net.de\/wp-content\/uploads\/2023\/02\/swimming-pool-382139_1280-200x200.jpg",200,200,true],"gform-image-choice-sm":["https:\/\/www.anika-net.de\/wp-content\/uploads\/2023\/02\/swimming-pool-382139_1280.jpg",300,225,false],"gform-image-choice-md":["https:\/\/www.anika-net.de\/wp-content\/uploads\/2023\/02\/swimming-pool-382139_1280.jpg",400,300,false],"gform-image-choice-lg":["https:\/\/www.anika-net.de\/wp-content\/uploads\/2023\/02\/swimming-pool-382139_1280.jpg",600,450,false]},"post_excerpt_stackable_v2":"<p>Inte\u00adrac\u00ad\u021biu\u00adnea soci\u00ada\u00adl\u0103 prin sport \u2014 Sta\u00addt Karl\u00adsru\u00adhe&nbsp; \u00cenot \u00een Adolf Ehr\u00admann&nbsp;Bad \ud83c\udfca\ud83c\udffc\u200d\u2640\ufe0f \u00cen fie\u00adca\u00adre joi, ora\u00ad\u0219ul Karl\u00adsru\u00adhe v\u0103 ofe\u00adr\u0103 eve\u00adni\u00admen\u00adtul Inte\u00adrac\u00ad\u021biu\u00adne soci\u00ada\u00adl\u0103 prin sport: \u00cenot \u00een Adolf Ehr\u00admann Bad.TIMES: Copii \u0219i tineri sub 18 ani de la 17:00 la 18:30. Adul\u021bi (pes\u00adte 18 ani) de la 18:30 la 20:30. Intra\u00adre de la 17:00 la 17:15 \u0219i de la 18:30 la 18:45.Intra\u00adre: 1,5 \u20ac Intra\u00adre pen\u00adtru copi\u00adii sub 10 ani \u0219i pen\u00adtru cei care nu \u00eenoa\u00adt\u0103 numai dac\u0103 sunt \u00eenso\u00ad\u021bi\u021bi de un supra\u00adve\u00adghe\u00adtor adult. Nicio ofer\u00adt\u0103 supra\u00adve\u00adghe\u00ada\u00adt\u0103!&nbsp; \ud83d\udccc \u00ceno\u00adtul are loc \u00een Adolf-Ehr\u00ad\u00admann&nbsp;Bad.<\/p>\n","category_list_v2":"","author_info_v2":{"name":"Andrea Ramirez","url":"https:\/\/www.anika-net.de\/ro\/author\/andrea-ramirez\/"},"comments_num_v2":"0 comments","uagb_featured_image_src":{"full":["https:\/\/www.anika-net.de\/wp-content\/uploads\/2023\/02\/swimming-pool-382139_1280.jpg",1280,960,false],"thumbnail":["https:\/\/www.anika-net.de\/wp-content\/uploads\/2023\/02\/swimming-pool-382139_1280-150x150.jpg",150,150,true],"medium":["https:\/\/www.anika-net.de\/wp-content\/uploads\/2023\/02\/swimming-pool-382139_1280-300x225.jpg",300,225,true],"medium_large":["https:\/\/www.anika-net.de\/wp-content\/uploads\/2023\/02\/swimming-pool-382139_1280-768x576.jpg",640,480,true],"large":["https:\/\/www.anika-net.de\/wp-content\/uploads\/2023\/02\/swimming-pool-382139_1280-1024x768.jpg",640,480,true],"1536x1536":["https:\/\/www.anika-net.de\/wp-content\/uploads\/2023\/02\/swimming-pool-382139_1280.jpg",1280,960,false],"2048x2048":["https:\/\/www.anika-net.de\/wp-content\/uploads\/2023\/02\/swimming-pool-382139_1280.jpg",1280,960,false],"event-overview":["https:\/\/www.anika-net.de\/wp-content\/uploads\/2023\/02\/swimming-pool-382139_1280-960x640.jpg",960,640,true],"event-archive-thumb":["https:\/\/www.anika-net.de\/wp-content\/uploads\/2023\/02\/swimming-pool-382139_1280-480x360.jpg",480,360,true],"grid-item-thumbnail":["https:\/\/www.anika-net.de\/wp-content\/uploads\/2023\/02\/swimming-pool-382139_1280-360x200.jpg",360,200,true],"network-partner-icon":["https:\/\/www.anika-net.de\/wp-content\/uploads\/2023\/02\/swimming-pool-382139_1280-100x100.jpg",100,100,true],"organiser-icon":["https:\/\/www.anika-net.de\/wp-content\/uploads\/2023\/02\/swimming-pool-382139_1280-200x200.jpg",200,200,true],"gform-image-choice-sm":["https:\/\/www.anika-net.de\/wp-content\/uploads\/2023\/02\/swimming-pool-382139_1280.jpg",300,225,false],"gform-image-choice-md":["https:\/\/www.anika-net.de\/wp-content\/uploads\/2023\/02\/swimming-pool-382139_1280.jpg",400,300,false],"gform-image-choice-lg":["https:\/\/www.anika-net.de\/wp-content\/uploads\/2023\/02\/swimming-pool-382139_1280.jpg",600,450,false]},"uagb_author_info":{"display_name":"Andrea Ramirez","author_link":"https:\/\/www.anika-net.de\/ro\/author\/andrea-ramirez\/"},"uagb_comment_info":0,"uagb_excerpt":"Inte\u00adrac\u00ad\u021biu\u00adnea soci\u00ada\u00adl\u0103 prin sport \u2014 Sta\u00addt Karlsruhe&nbsp; \u00cenot \u00een Adolf Ehr\u00admann&nbsp;Bad \ud83c\udfca\ud83c\udffc\u200d\u2640\ufe0f \u00cen fie\u00adca\u00adre joi, ora\u00ad\u0219ul Karl\u00adsru\u00adhe v\u0103 ofe\u00adr\u0103 eve\u00adni\u00admen\u00adtul Inte\u00adrac\u00ad\u021biu\u00adne soci\u00ada\u00adl\u0103 prin sport: \u00cenot \u00een Adolf Ehr\u00admann Bad.TIMES: Copii&nbsp;Citi\u021bi mai mult","_links":{"self":[{"href":"https:\/\/www.anika-net.de\/ro\/wp-json\/wp\/v2\/event\/46563","targetHints":{"allow":["GET"]}}],"collection":[{"href":"https:\/\/www.anika-net.de\/ro\/wp-json\/wp\/v2\/event"}],"about":[{"href":"https:\/\/www.anika-net.de\/ro\/wp-json\/wp\/v2\/types\/event"}],"author":[{"embeddable":true,"href":"https:\/\/www.anika-net.de\/ro\/wp-json\/wp\/v2\/users\/12"}],"version-history":[{"count":1,"href":"https:\/\/www.anika-net.de\/ro\/wp-json\/wp\/v2\/event\/46563\/revisions"}],"predecessor-version":[{"id":53524,"href":"https:\/\/www.anika-net.de\/ro\/wp-json\/wp\/v2\/event\/46563\/revisions\/53524"}],"acf:post":[{"embeddable":true,"href":"https:\/\/www.anika-net.de\/ro\/wp-json\/wp\/v2\/organiser\/16531"}],"acf:term":[{"embeddable":true,"taxonomy":"event_category","href":"https:\/\/www.anika-net.de\/ro\/wp-json\/wp\/v2\/event_category\/83"}],"wp:featuredmedia":[{"embeddable":true,"href":"https:\/\/www.anika-net.de\/ro\/wp-json\/wp\/v2\/media\/61143"}],"wp:attachment":[{"href":"https:\/\/www.anika-net.de\/ro\/wp-json\/wp\/v2\/media?parent=46563"}],"curies":[{"name":"wp","href":"https:\/\/api.w.org\/{rel}","templated":true}]}}

Înot în Adolf Ehr­mann&nbsp;Bad

<h3><span style="color: #008080;">Inte­rac­țiu­nea soci­a­lă prin sport — Sta­dt Karlsruhe&nbsp;</span></h3>
<h1><span style="color: #800080;">Înot în Adolf Ehr­mann&nbsp;Bad</span></h1>
<p>  🏊🏼‍♀️ <strong>În fie­ca­re joi</strong>, ora­șul Karl­sru­he vă ofe­ră eve­ni­men­tul <strong>Inte­rac­țiu­ne soci­a­lă prin sport: Înot în Adolf Ehr­mann Bad.</strong><strong><span style="color: #008080;">TIMES</span></strong>: Copii și tineri sub 18 ani de la 17:00 la 18:30.<br>
Adulți (pes­te 18 ani) de la 18:30 la 20:30. <strong>Intra­re de la 17:00 la 17:15 și de la 18:30 la 18:45.</strong><strong>Intra­re: 1,5 €</strong> Intra­re pen­tru copi­ii sub 10 ani și pen­tru cei care nu înoa­tă numai dacă sunt înso­țiți de un supra­ve­ghe­tor adult.  Nicio ofer­tă supravegheată!&nbsp;</p>
<blockquote>
<h3><span style="color: #008080;">📌 Îno­tul are loc în Adolf-Ehr­mann&nbsp;Bad.</span></h3>
</blockquote>

Freibad Rüppurr

Heidelbergstraße 1 / Tramway line S1, S11 / Train station "Schloss Rüppurr"

Karlsruhe (Rüpurr)

<p>Inte­rac­țiu­nea soci­a­lă prin sport — Sta­dt Karl­sru­he&nbsp; Înot în Adolf Ehr­mann&nbsp;Bad 🏊🏼‍♀️ În fie­ca­re joi, ora­șul Karl­sru­he vă ofe­ră eve­ni­men­tul Inte­rac­țiu­ne soci­a­lă prin sport: Înot în Adolf Ehr­mann Bad.TIMES: Copii și tineri sub 18 ani de la 17:00 la 18:30. Adulți (pes­te 18 ani) de la 18:30 la 20:30. Intra­re de la 17:00 la 17:15 și de la 18:30 la 18:45.Intra­re: 1,5 € Intra­re pen­tru copi­ii sub 10 ani și pen­tru cei care nu înoa­tă numai dacă sunt înso­țiți de un supra­ve­ghe­tor adult. Nicio ofer­tă supra­ve­ghe­a­tă!&nbsp; 📌 Îno­tul are loc în Adolf-Ehr­­mann&nbsp;Bad.</p>

Inte­rac­țiu­nea soci­a­lă prin sport — Sta­dt Karlsruhe&nbsp; Înot în Adolf Ehr­mann&nbsp;Bad 🏊🏼‍♀️ În fie­ca­re joi, ora­șul Karl­sru­he vă ofe­ră eve­ni­men­tul Inte­rac­țiu­ne soci­a­lă prin sport: Înot în Adolf Ehr­mann Bad.TIMES: Copii&nbsp;Citiți mai mult
