{"id":46258,"date":"2024-01-10T14:11:50","date_gmt":"2024-01-10T13:11:50","guid":{"rendered":"https:\/\/www.anika-net.de\/event\/a-fost-anuntat-premiul-de-integrare-karlsruhe-2024\/"},"modified":"2024-01-10T14:11:50","modified_gmt":"2024-01-10T13:11:50","slug":"a-fost-anuntat-premiul-de-integrare-karlsruhe-2024","status":"publish","type":"event","link":"https:\/\/www.anika-net.de\/ro\/event\/a-fost-anuntat-premiul-de-integrare-karlsruhe-2024\/","title":{"rendered":"A fost anun\u00ad\u021bat Pre\u00admi\u00adul de Inte\u00adgra\u00adre Karl\u00adsru\u00adhe&nbsp;2024!"},"content":{"rendered":"<h2><span style=\"color: #008080;\">A fost anun\u00ad\u021bat Pre\u00admi\u00adul de Inte\u00adgra\u00adre Karl\u00adsru\u00adhe&nbsp;2024!<\/span><\/h2>\n<blockquote><p><em>Cere\u00adri\u00adle pot fi depu\u00adse p\u00e2n\u0103 la data de 18.2.2024.<\/em><\/p><\/blockquote>\n<p>Pre\u00admi\u00adul pen\u00adtru inte\u00adgra\u00adre din Karl\u00adsru\u00adhe are ca scop s\u0103 dea un exem\u00adplu de ega\u00adli\u00adta\u00adte de \u0219anse \u0219i de par\u00adti\u00adci\u00adpa\u00adre a tutu\u00adror per\u00adsoa\u00adne\u00adlor care locu\u00adiesc \u00een Karl\u00adsru\u00adhe \u0219i s\u0103 dep\u0103\u00ad\u0219eas\u00adc\u0103 pre\u00adju\u00adde\u00adc\u0103\u00ad\u021bi\u00adle \u0219i s\u0103 \u00eenving\u0103 pre\u00adju\u00adde\u00adc\u0103\u00ad\u021bi\u00adle \u0219i rasismul.<br>\nPre\u00admi\u00adul este menit s\u0103 ono\u00adre\u00adze per\u00adsoa\u00adne, orga\u00adni\u00adza\u00ad\u021bii \u0219i com\u00adpa\u00adnii care au f\u0103cut un lucru spe\u00adcial pen\u00adtru coe\u00adxis\u00adten\u00ad\u021ba per\u00adsoa\u00adne\u00adlor cu \u0219i f\u0103r\u0103 o isto\u00adrie de anga\u00adja\u00adment de migra\u021bie.<\/p>\n<p><strong>Ter\u00admeni \u0219i condi\u021bii<\/strong><\/p>\n<p>1. Pot depu\u00adne cereri at\u00e2t per\u00adsoa\u00adne fizi\u00adce, c\u00e2t \u0219i aso\u00adci\u00ada\u00ad\u021bii, com\u00adpa\u00adnii \u0219i orga\u00adni\u00adza\u00ad\u021bii. De ase\u00adme\u00adnea, este posi\u00adbil s\u0103 se pre\u00adzin\u00adte \u0219i pro\u00adpu\u00adneri pen\u00adtru&nbsp;ter\u021bi.<br>\n2. Acti\u00advi\u00adt\u0103\u00ad\u021bi\u00adle ar tre\u00adbui s\u0103 fie exem\u00adpla\u00adre \u0219i s\u0103 mear\u00adg\u0103 din\u00adco\u00adlo de ceea ce este evi\u00addent. Ei ar tre\u00adbui s\u0103 dea un exem\u00adplu care s\u0103 \u00eencu\u00adra\u00adje\u00adze imitarea.<br>\n3. Pro\u00adpu\u00adne\u00adri\u00adle tre\u00adbu\u00adie s\u0103 fie pre\u00adzen\u00adta\u00adte \u00een scris. For\u00admu\u00adla\u00adrul de cere\u00adre poa\u00adte fi g\u0103sit aici: https:\/\/www.ibz-karlsruhe. de\/wp-con\u00adten\u00adt\/u\u00adploa\u00add\u00ads\/2023\/11\/2024_ Proposal-Form.pdf<br>\n4. Pre\u00admi\u00adul va fi pre\u00adzen\u00adtat sub for\u00adma unui cer\u00adti\u00adfi\u00adcat \u0219i va fi acor\u00addat per\u00adsoa\u00adne\u00adlor fizi\u00adce, iar pen\u00adtru aso\u00adci\u00ada\u00ad\u021bii \u0219i orga\u00adni\u00adza\u00ad\u021bii cu un pre\u00admiu \u00een&nbsp;bani.<br>\n5. Con\u00adsi\u00adli\u00adul de admi\u00adnis\u00adtra\u00ad\u021bie deci\u00adde cu pri\u00advi\u00adre la acor\u00adda\u00adrea premiului.<br>\n6. Deci\u00adzi\u00adi\u00adle de res\u00adpin\u00adge\u00adre nu vor fi moti\u00adva\u00adte. Recur\u00adsul \u00een jus\u00adti\u00ad\u021bie este exclus.<\/p>\n","protected":false},"author":12,"featured_media":46245,"template":"","class_list":["post-46258","event","type-event","status-publish","has-post-thumbnail","hentry","event_category-timp-liber"],"acf":{"event-recurring":false,"event-category":83,"event-is-language-course":false,"event-recurring-still-active":true,"event-display-details":true,"event-schedules-recurring":null,"event-schedules-calendar":[{"event-calendar-day":"20240218","event-calendar-time":"","event-calendar-time-text":""}],"event-is-online":true,"event-online-url":"https:\/\/www.ibz-karlsruhe.de\/wp-content\/uploads\/2023\/12\/Ausschreibung-2024w-pdf.pdf","event-location-building":"","event-location-street":"","event-location-zip":"","event-location-city":"","event-location-contact-person":"","event-location-phone":"","event-location-phone-2":"","event-location-mail":"info@ibz-karlsruhe.de","event-location-mail-2":"","event-location-website":"https:\/\/www.ibz-karlsruhe.de\/","event-target-group":[{"target-group":"toate"}],"event-target-group-comment":"","event-free":true,"event-organiser":16248,"event-header-copyright-overlay":true,"event-copyright-note-description-end":false},"featured_image_urls_v2":{"full":["https:\/\/www.anika-net.de\/wp-content\/uploads\/2024\/01\/Integrationspreis.png",832,871,false],"thumbnail":["https:\/\/www.anika-net.de\/wp-content\/uploads\/2024\/01\/Integrationspreis-150x150.png",150,150,true],"medium":["https:\/\/www.anika-net.de\/wp-content\/uploads\/2024\/01\/Integrationspreis-287x300.png",287,300,true],"medium_large":["https:\/\/www.anika-net.de\/wp-content\/uploads\/2024\/01\/Integrationspreis-768x804.png",640,670,true],"large":["https:\/\/www.anika-net.de\/wp-content\/uploads\/2024\/01\/Integrationspreis.png",640,670,false],"1536x1536":["https:\/\/www.anika-net.de\/wp-content\/uploads\/2024\/01\/Integrationspreis.png",832,871,false],"2048x2048":["https:\/\/www.anika-net.de\/wp-content\/uploads\/2024\/01\/Integrationspreis.png",832,871,false],"event-overview":["https:\/\/www.anika-net.de\/wp-content\/uploads\/2024\/01\/Integrationspreis-832x640.png",832,640,true],"event-archive-thumb":["https:\/\/www.anika-net.de\/wp-content\/uploads\/2024\/01\/Integrationspreis-480x503.png",480,503,true],"grid-item-thumbnail":["https:\/\/www.anika-net.de\/wp-content\/uploads\/2024\/01\/Integrationspreis-360x200.png",360,200,true],"network-partner-icon":["https:\/\/www.anika-net.de\/wp-content\/uploads\/2024\/01\/Integrationspreis-100x100.png",100,100,true],"organiser-icon":["https:\/\/www.anika-net.de\/wp-content\/uploads\/2024\/01\/Integrationspreis-200x200.png",200,200,true],"gform-image-choice-sm":["https:\/\/www.anika-net.de\/wp-content\/uploads\/2024\/01\/Integrationspreis.png",287,300,false],"gform-image-choice-md":["https:\/\/www.anika-net.de\/wp-content\/uploads\/2024\/01\/Integrationspreis.png",382,400,false],"gform-image-choice-lg":["https:\/\/www.anika-net.de\/wp-content\/uploads\/2024\/01\/Integrationspreis.png",573,600,false]},"post_excerpt_stackable_v2":"<p>A fost anun\u00ad\u021bat Pre\u00admi\u00adul de Inte\u00adgra\u00adre Karl\u00adsru\u00adhe&nbsp;2024! Cere\u00adri\u00adle pot fi depu\u00adse p\u00e2n\u0103 la data de 18.2.2024. Pre\u00admi\u00adul pen\u00adtru inte\u00adgra\u00adre din Karl\u00adsru\u00adhe are ca scop s\u0103 dea un exem\u00adplu de ega\u00adli\u00adta\u00adte de \u0219anse \u0219i de par\u00adti\u00adci\u00adpa\u00adre a tutu\u00adror per\u00adsoa\u00adne\u00adlor care locu\u00adiesc \u00een Karl\u00adsru\u00adhe \u0219i s\u0103 dep\u0103\u00ad\u0219eas\u00adc\u0103 pre\u00adju\u00adde\u00adc\u0103\u00ad\u021bi\u00adle \u0219i s\u0103 \u00eenving\u0103 pre\u00adju\u00adde\u00adc\u0103\u00ad\u021bi\u00adle \u0219i rasis\u00admul. Pre\u00admi\u00adul este menit s\u0103 ono\u00adre\u00adze per\u00adsoa\u00adne, orga\u00adni\u00adza\u00ad\u021bii \u0219i com\u00adpa\u00adnii care au f\u0103cut un lucru spe\u00adcial pen\u00adtru coe\u00adxis\u00adten\u00ad\u021ba per\u00adsoa\u00adne\u00adlor cu \u0219i f\u0103r\u0103 o isto\u00adrie de anga\u00adja\u00adment de migra\u00ad\u021bie. Ter\u00admeni \u0219i con\u00addi\u00ad\u021bii 1. Pot depu\u00adne cereri at\u00e2t per\u00adsoa\u00adne fizi\u00adce, c\u00e2t \u0219i aso\u00adci\u00ada\u00ad\u021bii, com\u00adpa\u00adnii \u0219i orga\u00adni\u00adza\u00ad\u021bii. De ase\u00adme\u00adnea, este posi\u00adbil&nbsp;s\u0103\u2026<\/p>\n","category_list_v2":"","author_info_v2":{"name":"Andrea Ramirez","url":"https:\/\/www.anika-net.de\/ro\/author\/andrea-ramirez\/"},"comments_num_v2":"0 comments","uagb_featured_image_src":{"full":["https:\/\/www.anika-net.de\/wp-content\/uploads\/2024\/01\/Integrationspreis.png",832,871,false],"thumbnail":["https:\/\/www.anika-net.de\/wp-content\/uploads\/2024\/01\/Integrationspreis-150x150.png",150,150,true],"medium":["https:\/\/www.anika-net.de\/wp-content\/uploads\/2024\/01\/Integrationspreis-287x300.png",287,300,true],"medium_large":["https:\/\/www.anika-net.de\/wp-content\/uploads\/2024\/01\/Integrationspreis-768x804.png",640,670,true],"large":["https:\/\/www.anika-net.de\/wp-content\/uploads\/2024\/01\/Integrationspreis.png",640,670,false],"1536x1536":["https:\/\/www.anika-net.de\/wp-content\/uploads\/2024\/01\/Integrationspreis.png",832,871,false],"2048x2048":["https:\/\/www.anika-net.de\/wp-content\/uploads\/2024\/01\/Integrationspreis.png",832,871,false],"event-overview":["https:\/\/www.anika-net.de\/wp-content\/uploads\/2024\/01\/Integrationspreis-832x640.png",832,640,true],"event-archive-thumb":["https:\/\/www.anika-net.de\/wp-content\/uploads\/2024\/01\/Integrationspreis-480x503.png",480,503,true],"grid-item-thumbnail":["https:\/\/www.anika-net.de\/wp-content\/uploads\/2024\/01\/Integrationspreis-360x200.png",360,200,true],"network-partner-icon":["https:\/\/www.anika-net.de\/wp-content\/uploads\/2024\/01\/Integrationspreis-100x100.png",100,100,true],"organiser-icon":["https:\/\/www.anika-net.de\/wp-content\/uploads\/2024\/01\/Integrationspreis-200x200.png",200,200,true],"gform-image-choice-sm":["https:\/\/www.anika-net.de\/wp-content\/uploads\/2024\/01\/Integrationspreis.png",287,300,false],"gform-image-choice-md":["https:\/\/www.anika-net.de\/wp-content\/uploads\/2024\/01\/Integrationspreis.png",382,400,false],"gform-image-choice-lg":["https:\/\/www.anika-net.de\/wp-content\/uploads\/2024\/01\/Integrationspreis.png",573,600,false]},"uagb_author_info":{"display_name":"Andrea Ramirez","author_link":"https:\/\/www.anika-net.de\/ro\/author\/andrea-ramirez\/"},"uagb_comment_info":0,"uagb_excerpt":"A fost anun\u00ad\u021bat Pre\u00admi\u00adul de Inte\u00adgra\u00adre Karl\u00adsru\u00adhe&nbsp;2024! Cere\u00adri\u00adle pot fi depu\u00adse p\u00e2n\u0103 la data de 18.2.2024. Pre\u00admi\u00adul pen\u00adtru inte\u00adgra\u00adre din Karl\u00adsru\u00adhe are ca scop s\u0103 dea un exem\u00adplu de ega\u00adli\u00adta\u00adte&nbsp;Citi\u021bi mai mult","_links":{"self":[{"href":"https:\/\/www.anika-net.de\/ro\/wp-json\/wp\/v2\/event\/46258","targetHints":{"allow":["GET"]}}],"collection":[{"href":"https:\/\/www.anika-net.de\/ro\/wp-json\/wp\/v2\/event"}],"about":[{"href":"https:\/\/www.anika-net.de\/ro\/wp-json\/wp\/v2\/types\/event"}],"author":[{"embeddable":true,"href":"https:\/\/www.anika-net.de\/ro\/wp-json\/wp\/v2\/users\/12"}],"version-history":[{"count":0,"href":"https:\/\/www.anika-net.de\/ro\/wp-json\/wp\/v2\/event\/46258\/revisions"}],"acf:post":[{"embeddable":true,"href":"https:\/\/www.anika-net.de\/ro\/wp-json\/wp\/v2\/organiser\/16248"}],"acf:term":[{"embeddable":true,"taxonomy":"event_category","href":"https:\/\/www.anika-net.de\/ro\/wp-json\/wp\/v2\/event_category\/83"}],"wp:featuredmedia":[{"embeddable":true,"href":"https:\/\/www.anika-net.de\/ro\/wp-json\/wp\/v2\/media\/46245"}],"wp:attachment":[{"href":"https:\/\/www.anika-net.de\/ro\/wp-json\/wp\/v2\/media?parent=46258"}],"curies":[{"name":"wp","href":"https:\/\/api.w.org\/{rel}","templated":true}]}}

A fost anun­țat Pre­mi­ul de Inte­gra­re Karl­sru­he&nbsp;2024!

<h2><span style="color: #008080;">A fost anun­țat Pre­mi­ul de Inte­gra­re Karl­sru­he&nbsp;2024!</span></h2>
<blockquote><p><em>Cere­ri­le pot fi depu­se până la data de 18.2.2024.</em></p></blockquote>
<p>Pre­mi­ul pen­tru inte­gra­re din Karl­sru­he are ca scop să dea un exem­plu de ega­li­ta­te de șanse și de par­ti­ci­pa­re a tutu­ror per­soa­ne­lor care locu­iesc în Karl­sru­he și să depă­șeas­că pre­ju­de­că­ți­le și să învingă pre­ju­de­că­ți­le și rasismul.<br>
Pre­mi­ul este menit să ono­re­ze per­soa­ne, orga­ni­za­ții și com­pa­nii care au făcut un lucru spe­cial pen­tru coe­xis­ten­ța per­soa­ne­lor cu și fără o isto­rie de anga­ja­ment de migrație.</p>
<p><strong>Ter­meni și condiții</strong></p>
<p>1. Pot depu­ne cereri atât per­soa­ne fizi­ce, cât și aso­ci­a­ții, com­pa­nii și orga­ni­za­ții. De ase­me­nea, este posi­bil să se pre­zin­te și pro­pu­neri pen­tru&nbsp;terți.<br>
2. Acti­vi­tă­ți­le ar tre­bui să fie exem­pla­re și să mear­gă din­co­lo de ceea ce este evi­dent. Ei ar tre­bui să dea un exem­plu care să încu­ra­je­ze imitarea.<br>
3. Pro­pu­ne­ri­le tre­bu­ie să fie pre­zen­ta­te în scris. For­mu­la­rul de cere­re poa­te fi găsit aici: https://www.ibz-karlsruhe. de/wp-con­ten­t/u­ploa­d­s/2023/11/2024_ Proposal-Form.pdf<br>
4. Pre­mi­ul va fi pre­zen­tat sub for­ma unui cer­ti­fi­cat și va fi acor­dat per­soa­ne­lor fizi­ce, iar pen­tru aso­ci­a­ții și orga­ni­za­ții cu un pre­miu în&nbsp;bani.<br>
5. Con­si­li­ul de admi­nis­tra­ție deci­de cu pri­vi­re la acor­da­rea premiului.<br>
6. Deci­zi­i­le de res­pin­ge­re nu vor fi moti­va­te. Recur­sul în jus­ti­ție este exclus.</p>

<p>A fost anun­țat Pre­mi­ul de Inte­gra­re Karl­sru­he&nbsp;2024! Cere­ri­le pot fi depu­se până la data de 18.2.2024. Pre­mi­ul pen­tru inte­gra­re din Karl­sru­he are ca scop să dea un exem­plu de ega­li­ta­te de șanse și de par­ti­ci­pa­re a tutu­ror per­soa­ne­lor care locu­iesc în Karl­sru­he și să depă­șeas­că pre­ju­de­că­ți­le și să învingă pre­ju­de­că­ți­le și rasis­mul. Pre­mi­ul este menit să ono­re­ze per­soa­ne, orga­ni­za­ții și com­pa­nii care au făcut un lucru spe­cial pen­tru coe­xis­ten­ța per­soa­ne­lor cu și fără o isto­rie de anga­ja­ment de migra­ție. Ter­meni și con­di­ții 1. Pot depu­ne cereri atât per­soa­ne fizi­ce, cât și aso­ci­a­ții, com­pa­nii și orga­ni­za­ții. De ase­me­nea, este posi­bil&nbsp;să…</p>

A fost anun­țat Pre­mi­ul de Inte­gra­re Karl­sru­he&nbsp;2024! Cere­ri­le pot fi depu­se până la data de 18.2.2024. Pre­mi­ul pen­tru inte­gra­re din Karl­sru­he are ca scop să dea un exem­plu de ega­li­ta­te&nbsp;Citiți mai mult
