{"id":43899,"date":"2023-11-22T13:10:12","date_gmt":"2023-11-22T12:10:12","guid":{"rendered":"https:\/\/www.anika-net.de\/event\/yoga-din-ianuarie-2024-la-ibz\/"},"modified":"2023-11-22T13:10:12","modified_gmt":"2023-11-22T12:10:12","slug":"yoga-din-ianuarie-2024-la-ibz","status":"publish","type":"event","link":"https:\/\/www.anika-net.de\/ro\/event\/yoga-din-ianuarie-2024-la-ibz\/","title":{"rendered":"Yoga din ianu\u00ada\u00adrie 2024 la&nbsp;ibz"},"content":{"rendered":"<p><span style=\"color: #008080;\"><strong>De Sezer Katilmis<\/strong><\/span><\/p>\n<h1><span style=\"color: #333399;\">Yoga din ianu\u00ada\u00adrie 2024 la&nbsp;ibz<br>\n<\/span><\/h1>\n<p>De la 11. Ianu\u00ada\u00adrie&nbsp;2024<\/p>\n<p><strong>Joi<br>\n<\/strong>18.00 \u2014 19.00 ore \/ 1. or\u0103 de&nbsp;curs<br>\n19.00 \u2014 20.00 ore \/ 2. or\u0103 de&nbsp;curs<\/p>\n<p><strong>Pre\u021b<\/strong><br>\n<strong>5\u20ac<\/strong> pe s\u0103pt\u0103m\u00e2n\u0103<\/p>\n<p>Tre\u00adbu\u00adie s\u0103 v\u0103 adu\u00adce\u021bi pro\u00adpri\u00adul pro\u00adsop \u0219i covo\u00adra\u0219 de&nbsp;yoga.<\/p>\n","protected":false},"author":12,"featured_media":43840,"template":"","class_list":["post-43899","event","type-event","status-publish","has-post-thumbnail","hentry","event_category-timp-liber"],"acf":{"event-recurring":false,"event-category":83,"event-is-language-course":false,"event-recurring-still-active":true,"event-display-details":true,"event-schedules-recurring":null,"event-schedules-calendar":[{"event-calendar-day":"20240111","event-calendar-time":"18.00 - 20.00 ","event-calendar-time-text":""}],"event-is-online":false,"event-online-url":"","event-location-building":"T\u00fcrkischer Elternverein KA, im ibz ","event-location-street":"Kaiserallee 12 d","event-location-zip":"76133","event-location-city":"Karlsruhe","event-location-contact-person":"","event-location-phone":"0176 493 44 217","event-location-phone-2":"","event-location-mail":"dtfrauenportal@gmail.com","event-location-mail-2":"","event-location-website":"","event-target-group":[{"target-group":"women"}],"event-target-group-comment":"","event-free":false,"event-organiser":[43849],"event-header-copyright-overlay":true,"event-copyright-note-description-end":false},"featured_image_urls_v2":{"full":["https:\/\/www.anika-net.de\/wp-content\/uploads\/2023\/11\/yoga-3053488_1280.jpg",1280,853,false],"thumbnail":["https:\/\/www.anika-net.de\/wp-content\/uploads\/2023\/11\/yoga-3053488_1280-150x150.jpg",150,150,true],"medium":["https:\/\/www.anika-net.de\/wp-content\/uploads\/2023\/11\/yoga-3053488_1280-300x200.jpg",300,200,true],"medium_large":["https:\/\/www.anika-net.de\/wp-content\/uploads\/2023\/11\/yoga-3053488_1280-768x512.jpg",640,427,true],"large":["https:\/\/www.anika-net.de\/wp-content\/uploads\/2023\/11\/yoga-3053488_1280-1024x682.jpg",640,426,true],"1536x1536":["https:\/\/www.anika-net.de\/wp-content\/uploads\/2023\/11\/yoga-3053488_1280.jpg",1280,853,false],"2048x2048":["https:\/\/www.anika-net.de\/wp-content\/uploads\/2023\/11\/yoga-3053488_1280.jpg",1280,853,false],"event-overview":["https:\/\/www.anika-net.de\/wp-content\/uploads\/2023\/11\/yoga-3053488_1280-960x640.jpg",960,640,true],"event-archive-thumb":["https:\/\/www.anika-net.de\/wp-content\/uploads\/2023\/11\/yoga-3053488_1280-480x320.jpg",480,320,true],"grid-item-thumbnail":["https:\/\/www.anika-net.de\/wp-content\/uploads\/2023\/11\/yoga-3053488_1280-360x200.jpg",360,200,true],"network-partner-icon":["https:\/\/www.anika-net.de\/wp-content\/uploads\/2023\/11\/yoga-3053488_1280-100x100.jpg",100,100,true],"organiser-icon":["https:\/\/www.anika-net.de\/wp-content\/uploads\/2023\/11\/yoga-3053488_1280-200x200.jpg",200,200,true],"gform-image-choice-sm":["https:\/\/www.anika-net.de\/wp-content\/uploads\/2023\/11\/yoga-3053488_1280.jpg",300,200,false],"gform-image-choice-md":["https:\/\/www.anika-net.de\/wp-content\/uploads\/2023\/11\/yoga-3053488_1280.jpg",400,267,false],"gform-image-choice-lg":["https:\/\/www.anika-net.de\/wp-content\/uploads\/2023\/11\/yoga-3053488_1280.jpg",600,400,false]},"post_excerpt_stackable_v2":"<p>De Sezer Katil\u00admis Yoga din ianu\u00ada\u00adrie 2024 la&nbsp;ibz De la 11. Ianu\u00ada\u00adrie&nbsp;2024 Joi 18.00 \u2014 19.00 ore \/ 1. or\u0103 de&nbsp;curs 19.00 \u2014 20.00 ore \/ 2. or\u0103 de&nbsp;curs Pre\u021b 5\u20ac pe s\u0103p\u00adt\u0103m\u00e2\u00adn\u0103 Tre\u00adbu\u00adie s\u0103 v\u0103 adu\u00adce\u021bi pro\u00adpri\u00adul pro\u00adsop \u0219i covo\u00adra\u0219 de&nbsp;yoga.<\/p>\n","category_list_v2":"","author_info_v2":{"name":"Andrea Ramirez","url":"https:\/\/www.anika-net.de\/ro\/author\/andrea-ramirez\/"},"comments_num_v2":"0 comments","uagb_featured_image_src":{"full":["https:\/\/www.anika-net.de\/wp-content\/uploads\/2023\/11\/yoga-3053488_1280.jpg",1280,853,false],"thumbnail":["https:\/\/www.anika-net.de\/wp-content\/uploads\/2023\/11\/yoga-3053488_1280-150x150.jpg",150,150,true],"medium":["https:\/\/www.anika-net.de\/wp-content\/uploads\/2023\/11\/yoga-3053488_1280-300x200.jpg",300,200,true],"medium_large":["https:\/\/www.anika-net.de\/wp-content\/uploads\/2023\/11\/yoga-3053488_1280-768x512.jpg",640,427,true],"large":["https:\/\/www.anika-net.de\/wp-content\/uploads\/2023\/11\/yoga-3053488_1280-1024x682.jpg",640,426,true],"1536x1536":["https:\/\/www.anika-net.de\/wp-content\/uploads\/2023\/11\/yoga-3053488_1280.jpg",1280,853,false],"2048x2048":["https:\/\/www.anika-net.de\/wp-content\/uploads\/2023\/11\/yoga-3053488_1280.jpg",1280,853,false],"event-overview":["https:\/\/www.anika-net.de\/wp-content\/uploads\/2023\/11\/yoga-3053488_1280-960x640.jpg",960,640,true],"event-archive-thumb":["https:\/\/www.anika-net.de\/wp-content\/uploads\/2023\/11\/yoga-3053488_1280-480x320.jpg",480,320,true],"grid-item-thumbnail":["https:\/\/www.anika-net.de\/wp-content\/uploads\/2023\/11\/yoga-3053488_1280-360x200.jpg",360,200,true],"network-partner-icon":["https:\/\/www.anika-net.de\/wp-content\/uploads\/2023\/11\/yoga-3053488_1280-100x100.jpg",100,100,true],"organiser-icon":["https:\/\/www.anika-net.de\/wp-content\/uploads\/2023\/11\/yoga-3053488_1280-200x200.jpg",200,200,true],"gform-image-choice-sm":["https:\/\/www.anika-net.de\/wp-content\/uploads\/2023\/11\/yoga-3053488_1280.jpg",300,200,false],"gform-image-choice-md":["https:\/\/www.anika-net.de\/wp-content\/uploads\/2023\/11\/yoga-3053488_1280.jpg",400,267,false],"gform-image-choice-lg":["https:\/\/www.anika-net.de\/wp-content\/uploads\/2023\/11\/yoga-3053488_1280.jpg",600,400,false]},"uagb_author_info":{"display_name":"Andrea Ramirez","author_link":"https:\/\/www.anika-net.de\/ro\/author\/andrea-ramirez\/"},"uagb_comment_info":0,"uagb_excerpt":"De Sezer Katilmis Yoga din ianu\u00ada\u00adrie 2024 la&nbsp;ibz De la 11. Ianu\u00ada\u00adrie&nbsp;2024 Joi 18.00 \u2014 19.00 ore \/ 1. or\u0103 de&nbsp;curs 19.00 \u2014 20.00 ore \/ 2. or\u0103 de&nbsp;curs Pre\u021b&nbsp;Citi\u021bi mai mult","_links":{"self":[{"href":"https:\/\/www.anika-net.de\/ro\/wp-json\/wp\/v2\/event\/43899","targetHints":{"allow":["GET"]}}],"collection":[{"href":"https:\/\/www.anika-net.de\/ro\/wp-json\/wp\/v2\/event"}],"about":[{"href":"https:\/\/www.anika-net.de\/ro\/wp-json\/wp\/v2\/types\/event"}],"author":[{"embeddable":true,"href":"https:\/\/www.anika-net.de\/ro\/wp-json\/wp\/v2\/users\/12"}],"version-history":[{"count":0,"href":"https:\/\/www.anika-net.de\/ro\/wp-json\/wp\/v2\/event\/43899\/revisions"}],"acf:post":[{"embeddable":true,"href":"https:\/\/www.anika-net.de\/ro\/wp-json\/wp\/v2\/organiser\/43849"}],"acf:term":[{"embeddable":true,"taxonomy":"event_category","href":"https:\/\/www.anika-net.de\/ro\/wp-json\/wp\/v2\/event_category\/83"}],"wp:featuredmedia":[{"embeddable":true,"href":"https:\/\/www.anika-net.de\/ro\/wp-json\/wp\/v2\/media\/43840"}],"wp:attachment":[{"href":"https:\/\/www.anika-net.de\/ro\/wp-json\/wp\/v2\/media?parent=43899"}],"curies":[{"name":"wp","href":"https:\/\/api.w.org\/{rel}","templated":true}]}}

<p><span style="color: #008080;"><strong>De Sezer Katilmis</strong></span></p>
<h1><span style="color: #333399;">Yoga din ianu­a­rie 2024 la&nbsp;ibz<br>
</span></h1>
<p>De la 11. Ianu­a­rie&nbsp;2024</p>
<p><strong>Joi<br>
</strong>18.00 — 19.00 ore / 1. oră de&nbsp;curs<br>
19.00 — 20.00 ore / 2. oră de&nbsp;curs</p>
<p><strong>Preț</strong><br>
<strong>5€</strong> pe săptămână</p>
<p>Tre­bu­ie să vă adu­ceți pro­pri­ul pro­sop și covo­raș de&nbsp;yoga.</p>

Türkischer Elternverein KA, im ibz

<p>De Sezer Katil­mis Yoga din ianu­a­rie 2024 la&nbsp;ibz De la 11. Ianu­a­rie&nbsp;2024 Joi 18.00 — 19.00 ore / 1. oră de&nbsp;curs 19.00 — 20.00 ore / 2. oră de&nbsp;curs Preț 5€ pe săp­tămâ­nă Tre­bu­ie să vă adu­ceți pro­pri­ul pro­sop și covo­raș de&nbsp;yoga.</p>

De Sezer Katilmis Yoga din ianu­a­rie 2024 la&nbsp;ibz De la 11. Ianu­a­rie&nbsp;2024 Joi 18.00 — 19.00 ore / 1. oră de&nbsp;curs 19.00 — 20.00 ore / 2. oră de&nbsp;curs Preț&nbsp;Citiți mai mult
